{"id":26,"date":"2014-09-18T12:24:32","date_gmt":"2014-09-18T11:24:32","guid":{"rendered":"http:\/\/agora.xtec.cat\/ceipmarcelidomingo-roquetes\/?page_id=26"},"modified":"2026-01-20T16:05:44","modified_gmt":"2026-01-20T15:05:44","slug":"historia","status":"publish","type":"page","link":"https:\/\/agora.xtec.cat\/ceipmarcelidomingo-roquetes\/lescola\/historia\/","title":{"rendered":"Hist\u00f2ria"},"content":{"rendered":"\n<p>Entre els anys 1914 i 1934, les escoles es varen ubicar a l&#8217;antic Ajuntament de Roquetes. El Decret de 8 de juliol de 1931 regulava les unitats escolars en funcionament: 4 de nois, una de noies i una de p\u00e0rvuls.<\/p>\n\n\n\n<p>Posteriorment a la publicaci\u00f3 de l&#8217;esmentat decret, l&#8217;Ajuntament va comprar uns terrenys destinats a la construcci\u00f3 d&#8217;un edifici escolar. El llavors Ministre d&#8217;Instrucci\u00f3 P\u00fablica, Marcel\u00b7l\u00ed Domingo, va ser l&#8217;impulsor del projecte de construcci\u00f3 d&#8217;una escola per a Roquetes i va gestionar la seva execuci\u00f3. El 1934 va tenir lloc la inauguraci\u00f3 del &#8220;Grup Escolar Mestre Marcel\u00b7l\u00ed Domingo&#8221;. D&#8217;aquell edifici en queda l&#8217;estructura externa ja que la part de dintre ha estat totalment remodelada i integrada en el conjunt de les instal\u00b7lacions escolars actuals.<\/p>\n\n\n\n<figure class=\"wp-block-image aligncenter size-full\"><a href=\"https:\/\/agora.xtec.cat\/ceipmarcelidomingo-roquetes\/wp-content\/uploads\/usu961\/2026\/01\/1.jpg\"><img loading=\"lazy\" decoding=\"async\" width=\"510\" height=\"313\" src=\"https:\/\/agora.xtec.cat\/ceipmarcelidomingo-roquetes\/wp-content\/uploads\/usu961\/2026\/01\/1.jpg\" alt=\"\" class=\"wp-image-9819\" srcset=\"https:\/\/agora.xtec.cat\/ceipmarcelidomingo-roquetes\/wp-content\/uploads\/usu961\/2026\/01\/1.jpg 510w, https:\/\/agora.xtec.cat\/ceipmarcelidomingo-roquetes\/wp-content\/uploads\/usu961\/2026\/01\/1-300x184.jpg 300w\" sizes=\"auto, (max-width: 510px) 100vw, 510px\" \/><\/a><\/figure>\n\n\n\n<p>&nbsp;<\/p>\n\n\n\n<p>Com a conseq\u00fc\u00e8ncia dels canvis pol\u00edtics ocasionats pel desenvolupament final de la Guerra Civil, el nom inicial va ser substitu\u00eft pel del &#8220;Grupo Escolar Men\u00e9ndez i Pelayo&#8221;.<\/p>\n\n\n\n<p>L&#8217;any 1971 es va crear l&#8217;Associaci\u00f3 de pares i mares del centre.<\/p>\n\n\n\n<p>Al llarg del curs 1974-75, es va construir un nou edifici escolar al costat del primer. Posteriorment s&#8217;hi va annexar un altre edifici que va ser anomenat la &#8220;pajarera&#8221;. Sota aquest \u00faltim, es va ubicar el menjador escolar, essent inaugurat el curs 1993-94.<\/p>\n\n\n\n<figure class=\"wp-block-image aligncenter size-full\"><a href=\"https:\/\/agora.xtec.cat\/ceipmarcelidomingo-roquetes\/wp-content\/uploads\/usu961\/2026\/01\/3.jpg\"><img loading=\"lazy\" decoding=\"async\" width=\"513\" height=\"307\" src=\"https:\/\/agora.xtec.cat\/ceipmarcelidomingo-roquetes\/wp-content\/uploads\/usu961\/2026\/01\/3.jpg\" alt=\"\" class=\"wp-image-9821\" srcset=\"https:\/\/agora.xtec.cat\/ceipmarcelidomingo-roquetes\/wp-content\/uploads\/usu961\/2026\/01\/3.jpg 513w, https:\/\/agora.xtec.cat\/ceipmarcelidomingo-roquetes\/wp-content\/uploads\/usu961\/2026\/01\/3-300x180.jpg 300w\" sizes=\"auto, (max-width: 513px) 100vw, 513px\" \/><\/a><\/figure>\n\n\n\n<p><\/p>\n\n\n\n<p>L&#8217;any 1976, l&#8217;escola recupera el seu primer nom &#8220;Col\u00b7legi P\u00fablic Mestre Marcel\u00b7l\u00ed Domingo&#8221;.<\/p>\n\n\n\n<p class=\"has-text-align-left\">A partir del curs 200-2001, l&#8217;increment constant de la poblaci\u00f3 escolar va provocar unes mancances d&#8217;espai que van comportar unes obres d&#8217;ampliaci\u00f3 i remodelaci\u00f3 molt importants, permetent l&#8217;adequaci\u00f3 de les instal\u00b7lacions a les necessitats reals. Aquestes es van iniciar l&#8217;any 2007 i es van acabar el 2011.<br>El dia 24 de febrer de 2012 va tenir lloc la inauguraci\u00f3 de les actuals instal\u00b7lacions escolars.<\/p>\n\n\n\n<figure class=\"wp-block-image aligncenter size-full\"><a href=\"https:\/\/agora.xtec.cat\/ceipmarcelidomingo-roquetes\/wp-content\/uploads\/usu961\/2026\/01\/2.jpg\"><img loading=\"lazy\" decoding=\"async\" width=\"645\" height=\"319\" src=\"https:\/\/agora.xtec.cat\/ceipmarcelidomingo-roquetes\/wp-content\/uploads\/usu961\/2026\/01\/2.jpg\" alt=\"\" class=\"wp-image-9823\" srcset=\"https:\/\/agora.xtec.cat\/ceipmarcelidomingo-roquetes\/wp-content\/uploads\/usu961\/2026\/01\/2.jpg 645w, https:\/\/agora.xtec.cat\/ceipmarcelidomingo-roquetes\/wp-content\/uploads\/usu961\/2026\/01\/2-300x148.jpg 300w\" sizes=\"auto, (max-width: 645px) 100vw, 645px\" \/><\/a><\/figure>\n\n\n\n<figure class=\"wp-block-image alignleft\"><a href=\"https:\/\/agora.xtec.cat\/ceipmarcelidomingo-roquetes\/wp-content\/uploads\/usu961\/2019\/04\/Hist\u00f2ric2-1.jpg\"><img decoding=\"async\" src=\"https:\/\/agora.xtec.cat\/ceipmarcelidomingo-roquetes\/wp-content\/uploads\/usu961\/2019\/04\/Hist\u00f2ric2-1-300x143.jpg\" alt=\"\" class=\"wp-image-1919\"\/><\/a><\/figure>\n\n\n\n<figure class=\"wp-block-image\"><a href=\"https:\/\/agora.xtec.cat\/ceipmarcelidomingo-roquetes\/wp-content\/uploads\/usu961\/2019\/04\/Hist\u00f2ric-restaurat.jpg\"><img decoding=\"async\" src=\"https:\/\/agora.xtec.cat\/ceipmarcelidomingo-roquetes\/wp-content\/uploads\/usu961\/2019\/04\/Hist\u00f2ric-restaurat-300x148.jpg\" alt=\"\" class=\"wp-image-1913\"\/><\/a><\/figure>\n\n\n\n<p><\/p>\n","protected":false},"excerpt":{"rendered":"<p>Entre els anys 1914 i 1934, les escoles es varen ubicar a l&#8217;antic Ajuntament de Roquetes. El Decret de 8 de juliol de 1931 regulava les unitats escolars en funcionament: 4 de nois, una de noies i una de p\u00e0rvuls. Posteriorment a la publicaci\u00f3 de l&#8217;esmentat decret, l&#8217;Ajuntament va comprar uns terrenys destinats a la [&hellip;]<\/p>\n","protected":false},"author":1,"featured_media":0,"parent":22,"menu_order":2,"comment_status":"closed","ping_status":"closed","template":"","meta":{"_bbp_topic_count":0,"_bbp_reply_count":0,"_bbp_total_topic_count":0,"_bbp_total_reply_count":0,"_bbp_voice_count":0,"_bbp_anonymous_reply_count":0,"_bbp_topic_count_hidden":0,"_bbp_reply_count_hidden":0,"_bbp_forum_subforum_count":0,"site-sidebar-layout":"default","site-content-layout":"","ast-site-content-layout":"default","site-content-style":"default","site-sidebar-style":"default","ast-global-header-display":"","ast-banner-title-visibility":"","ast-main-header-display":"","ast-hfb-above-header-display":"","ast-hfb-below-header-display":"","ast-hfb-mobile-header-display":"","site-post-title":"","ast-breadcrumbs-content":"","ast-featured-img":"","footer-sml-layout":"","theme-transparent-header-meta":"","adv-header-id-meta":"","stick-header-meta":"","header-above-stick-meta":"","header-main-stick-meta":"","header-below-stick-meta":"","astra-migrate-meta-layouts":"set","ast-page-background-enabled":"default","ast-page-background-meta":{"desktop":{"background-color":"var(--ast-global-color-4)","background-image":"","background-repeat":"repeat","background-position":"center center","background-size":"auto","background-attachment":"scroll","background-type":"","background-media":"","overlay-type":"","overlay-color":"","overlay-opacity":"","overlay-gradient":""},"tablet":{"background-color":"","background-image":"","background-repeat":"repeat","background-position":"center center","background-size":"auto","background-attachment":"scroll","background-type":"","background-media":"","overlay-type":"","overlay-color":"","overlay-opacity":"","overlay-gradient":""},"mobile":{"background-color":"","background-image":"","background-repeat":"repeat","background-position":"center center","background-size":"auto","background-attachment":"scroll","background-type":"","background-media":"","overlay-type":"","overlay-color":"","overlay-opacity":"","overlay-gradient":""}},"ast-content-background-meta":{"desktop":{"background-color":"var(--ast-global-color-5)","background-image":"","background-repeat":"repeat","background-position":"center center","background-size":"auto","background-attachment":"scroll","background-type":"","background-media":"","overlay-type":"","overlay-color":"","overlay-opacity":"","overlay-gradient":""},"tablet":{"background-color":"var(--ast-global-color-5)","background-image":"","background-repeat":"repeat","background-position":"center center","background-size":"auto","background-attachment":"scroll","background-type":"","background-media":"","overlay-type":"","overlay-color":"","overlay-opacity":"","overlay-gradient":""},"mobile":{"background-color":"var(--ast-global-color-5)","background-image":"","background-repeat":"repeat","background-position":"center center","background-size":"auto","background-attachment":"scroll","background-type":"","background-media":"","overlay-type":"","overlay-color":"","overlay-opacity":"","overlay-gradient":""}},"footnotes":""},"class_list":["post-26","page","type-page","status-publish","hentry"],"post_mailing_queue_ids":[],"_links":{"self":[{"href":"https:\/\/agora.xtec.cat\/ceipmarcelidomingo-roquetes\/wp-json\/wp\/v2\/pages\/26","targetHints":{"allow":["GET"]}}],"collection":[{"href":"https:\/\/agora.xtec.cat\/ceipmarcelidomingo-roquetes\/wp-json\/wp\/v2\/pages"}],"about":[{"href":"https:\/\/agora.xtec.cat\/ceipmarcelidomingo-roquetes\/wp-json\/wp\/v2\/types\/page"}],"author":[{"embeddable":true,"href":"https:\/\/agora.xtec.cat\/ceipmarcelidomingo-roquetes\/wp-json\/wp\/v2\/users\/1"}],"replies":[{"embeddable":true,"href":"https:\/\/agora.xtec.cat\/ceipmarcelidomingo-roquetes\/wp-json\/wp\/v2\/comments?post=26"}],"version-history":[{"count":6,"href":"https:\/\/agora.xtec.cat\/ceipmarcelidomingo-roquetes\/wp-json\/wp\/v2\/pages\/26\/revisions"}],"predecessor-version":[{"id":9827,"href":"https:\/\/agora.xtec.cat\/ceipmarcelidomingo-roquetes\/wp-json\/wp\/v2\/pages\/26\/revisions\/9827"}],"up":[{"embeddable":true,"href":"https:\/\/agora.xtec.cat\/ceipmarcelidomingo-roquetes\/wp-json\/wp\/v2\/pages\/22"}],"wp:attachment":[{"href":"https:\/\/agora.xtec.cat\/ceipmarcelidomingo-roquetes\/wp-json\/wp\/v2\/media?parent=26"}],"curies":[{"name":"wp","href":"https:\/\/api.w.org\/{rel}","templated":true}]}}

Història

<p>Entre els anys 1914 i 1934, les escoles es varen ubicar a l&#8217;antic Ajuntament de Roquetes. El Decret de 8 de juliol de 1931 regulava les unitats escolars en funcionament: 4 de nois, una de noies i una de pàrvuls.</p>



<p>Posteriorment a la publicació de l&#8217;esmentat decret, l&#8217;Ajuntament va comprar uns terrenys destinats a la construcció d&#8217;un edifici escolar. El llavors Ministre d&#8217;Instrucció Pública, Marcel·lí Domingo, va ser l&#8217;impulsor del projecte de construcció d&#8217;una escola per a Roquetes i va gestionar la seva execució. El 1934 va tenir lloc la inauguració del &#8220;Grup Escolar Mestre Marcel·lí Domingo&#8221;. D&#8217;aquell edifici en queda l&#8217;estructura externa ja que la part de dintre ha estat totalment remodelada i integrada en el conjunt de les instal·lacions escolars actuals.</p>



<figure class="wp-block-image aligncenter size-full"><a href="https://agora.xtec.cat/ceipmarcelidomingo-roquetes/wp-content/uploads/usu961/2026/01/1.jpg"><img loading="lazy" decoding="async" width="510" height="313" src="https://agora.xtec.cat/ceipmarcelidomingo-roquetes/wp-content/uploads/usu961/2026/01/1.jpg" alt="" class="wp-image-9819" srcset="https://agora.xtec.cat/ceipmarcelidomingo-roquetes/wp-content/uploads/usu961/2026/01/1.jpg 510w, https://agora.xtec.cat/ceipmarcelidomingo-roquetes/wp-content/uploads/usu961/2026/01/1-300x184.jpg 300w" sizes="auto, (max-width: 510px) 100vw, 510px" /></a></figure>



<p>&nbsp;</p>



<p>Com a conseqüència dels canvis polítics ocasionats pel desenvolupament final de la Guerra Civil, el nom inicial va ser substituït pel del &#8220;Grupo Escolar Menéndez i Pelayo&#8221;.</p>



<p>L&#8217;any 1971 es va crear l&#8217;Associació de pares i mares del centre.</p>



<p>Al llarg del curs 1974-75, es va construir un nou edifici escolar al costat del primer. Posteriorment s&#8217;hi va annexar un altre edifici que va ser anomenat la &#8220;pajarera&#8221;. Sota aquest últim, es va ubicar el menjador escolar, essent inaugurat el curs 1993-94.</p>



<figure class="wp-block-image aligncenter size-full"><a href="https://agora.xtec.cat/ceipmarcelidomingo-roquetes/wp-content/uploads/usu961/2026/01/3.jpg"><img loading="lazy" decoding="async" width="513" height="307" src="https://agora.xtec.cat/ceipmarcelidomingo-roquetes/wp-content/uploads/usu961/2026/01/3.jpg" alt="" class="wp-image-9821" srcset="https://agora.xtec.cat/ceipmarcelidomingo-roquetes/wp-content/uploads/usu961/2026/01/3.jpg 513w, https://agora.xtec.cat/ceipmarcelidomingo-roquetes/wp-content/uploads/usu961/2026/01/3-300x180.jpg 300w" sizes="auto, (max-width: 513px) 100vw, 513px" /></a></figure>



<p></p>



<p>L&#8217;any 1976, l&#8217;escola recupera el seu primer nom &#8220;Col·legi Públic Mestre Marcel·lí Domingo&#8221;.</p>



<p class="has-text-align-left">A partir del curs 200-2001, l&#8217;increment constant de la població escolar va provocar unes mancances d&#8217;espai que van comportar unes obres d&#8217;ampliació i remodelació molt importants, permetent l&#8217;adequació de les instal·lacions a les necessitats reals. Aquestes es van iniciar l&#8217;any 2007 i es van acabar el 2011.<br>El dia 24 de febrer de 2012 va tenir lloc la inauguració de les actuals instal·lacions escolars.</p>



<figure class="wp-block-image aligncenter size-full"><a href="https://agora.xtec.cat/ceipmarcelidomingo-roquetes/wp-content/uploads/usu961/2026/01/2.jpg"><img loading="lazy" decoding="async" width="645" height="319" src="https://agora.xtec.cat/ceipmarcelidomingo-roquetes/wp-content/uploads/usu961/2026/01/2.jpg" alt="" class="wp-image-9823" srcset="https://agora.xtec.cat/ceipmarcelidomingo-roquetes/wp-content/uploads/usu961/2026/01/2.jpg 645w, https://agora.xtec.cat/ceipmarcelidomingo-roquetes/wp-content/uploads/usu961/2026/01/2-300x148.jpg 300w" sizes="auto, (max-width: 645px) 100vw, 645px" /></a></figure>



<figure class="wp-block-image alignleft"><a href="https://agora.xtec.cat/ceipmarcelidomingo-roquetes/wp-content/uploads/usu961/2019/04/Històric2-1.jpg"><img decoding="async" src="https://agora.xtec.cat/ceipmarcelidomingo-roquetes/wp-content/uploads/usu961/2019/04/Històric2-1-300x143.jpg" alt="" class="wp-image-1919"/></a></figure>



<figure class="wp-block-image"><a href="https://agora.xtec.cat/ceipmarcelidomingo-roquetes/wp-content/uploads/usu961/2019/04/Històric-restaurat.jpg"><img decoding="async" src="https://agora.xtec.cat/ceipmarcelidomingo-roquetes/wp-content/uploads/usu961/2019/04/Històric-restaurat-300x148.jpg" alt="" class="wp-image-1913"/></a></figure>



<p></p>

<p>Entre els anys 1914 i 1934, les escoles es varen ubicar a l&#8217;antic Ajuntament de Roquetes. El Decret de 8 de juliol de 1931 regulava les unitats escolars en funcionament: 4 de nois, una de noies i una de pàrvuls. Posteriorment a la publicació de l&#8217;esmentat decret, l&#8217;Ajuntament va comprar uns terrenys destinats a la [&hellip;]</p>
