{"id":1106,"date":"2015-01-13T18:14:04","date_gmt":"2015-01-13T17:14:04","guid":{"rendered":"http:\/\/blocs.xtec.cat\/ceiproquetes\/?page_id=1106"},"modified":"2026-01-17T10:12:57","modified_gmt":"2026-01-17T09:12:57","slug":"consell-escolar-2","status":"publish","type":"page","link":"https:\/\/agora.xtec.cat\/ceipmarcelidomingo-roquetes\/lescola\/consell-escolar-2\/","title":{"rendered":"Consell Escolar"},"content":{"rendered":"\n<p class=\"has-text-align-left\">\u00c9s l\u2019\u00f3rgan col\u00b7legiat de participaci\u00f3 de la comunitat escolar en el govern del centre. Hi ha representants de tots els col\u00b7lectius.<\/p>\n\n\n\n<p>La seva funci\u00f3 principal \u00e9s la participaci\u00f3 en la presa de decisions en relaci\u00f3 a temes importants per al funcionament i organitzaci\u00f3 del centre: projecte educatiu, programaci\u00f3 general, gesti\u00f3 econ\u00f2mica,&#8230;<\/p>\n\n\n\n<p>Els seus membres s\u00f3n elegits per un per\u00edode de quatre anys i es renoven per meitats cada dos anys.<\/p>\n\n\n\n<p>La composici\u00f3 de l\u2019actual Consell Escolar del centre \u00e9s la seg\u00fcent:<\/p>\n\n\n\n<figure class=\"wp-block-image aligncenter size-large\"><a href=\"https:\/\/agora.xtec.cat\/ceipmarcelidomingo-roquetes\/wp-content\/uploads\/usu961\/2026\/01\/Composicio-Consell-25-26-web-1.jpg\"><img loading=\"lazy\" decoding=\"async\" width=\"903\" height=\"1024\" src=\"https:\/\/agora.xtec.cat\/ceipmarcelidomingo-roquetes\/wp-content\/uploads\/usu961\/2026\/01\/Composicio-Consell-25-26-web-1-903x1024.jpg\" alt=\"\" class=\"wp-image-9809\" srcset=\"https:\/\/agora.xtec.cat\/ceipmarcelidomingo-roquetes\/wp-content\/uploads\/usu961\/2026\/01\/Composicio-Consell-25-26-web-1-903x1024.jpg 903w, https:\/\/agora.xtec.cat\/ceipmarcelidomingo-roquetes\/wp-content\/uploads\/usu961\/2026\/01\/Composicio-Consell-25-26-web-1-265x300.jpg 265w, https:\/\/agora.xtec.cat\/ceipmarcelidomingo-roquetes\/wp-content\/uploads\/usu961\/2026\/01\/Composicio-Consell-25-26-web-1-768x871.jpg 768w, https:\/\/agora.xtec.cat\/ceipmarcelidomingo-roquetes\/wp-content\/uploads\/usu961\/2026\/01\/Composicio-Consell-25-26-web-1.jpg 979w\" sizes=\"auto, (max-width: 903px) 100vw, 903px\" \/><\/a><\/figure>\n\n\n\n<p>&nbsp;<\/p>\n","protected":false},"excerpt":{"rendered":"<p>\u00c9s l\u2019\u00f3rgan col\u00b7legiat de participaci\u00f3 de la comunitat escolar en el govern del centre. Hi ha representants de tots els col\u00b7lectius. La seva funci\u00f3 principal \u00e9s la participaci\u00f3 en la presa de decisions en relaci\u00f3 a temes importants per al funcionament i organitzaci\u00f3 del centre: projecte educatiu, programaci\u00f3 general, gesti\u00f3 econ\u00f2mica,&#8230; Els seus membres s\u00f3n [&hellip;]<\/p>\n","protected":false},"author":1,"featured_media":0,"parent":22,"menu_order":4,"comment_status":"closed","ping_status":"closed","template":"","meta":{"_bbp_topic_count":0,"_bbp_reply_count":0,"_bbp_total_topic_count":0,"_bbp_total_reply_count":0,"_bbp_voice_count":0,"_bbp_anonymous_reply_count":0,"_bbp_topic_count_hidden":0,"_bbp_reply_count_hidden":0,"_bbp_forum_subforum_count":0,"site-sidebar-layout":"default","site-content-layout":"","ast-site-content-layout":"default","site-content-style":"default","site-sidebar-style":"default","ast-global-header-display":"","ast-banner-title-visibility":"","ast-main-header-display":"","ast-hfb-above-header-display":"","ast-hfb-below-header-display":"","ast-hfb-mobile-header-display":"","site-post-title":"","ast-breadcrumbs-content":"","ast-featured-img":"","footer-sml-layout":"","theme-transparent-header-meta":"","adv-header-id-meta":"","stick-header-meta":"","header-above-stick-meta":"","header-main-stick-meta":"","header-below-stick-meta":"","astra-migrate-meta-layouts":"set","ast-page-background-enabled":"default","ast-page-background-meta":{"desktop":{"background-color":"var(--ast-global-color-4)","background-image":"","background-repeat":"repeat","background-position":"center center","background-size":"auto","background-attachment":"scroll","background-type":"","background-media":"","overlay-type":"","overlay-color":"","overlay-opacity":"","overlay-gradient":""},"tablet":{"background-color":"","background-image":"","background-repeat":"repeat","background-position":"center center","background-size":"auto","background-attachment":"scroll","background-type":"","background-media":"","overlay-type":"","overlay-color":"","overlay-opacity":"","overlay-gradient":""},"mobile":{"background-color":"","background-image":"","background-repeat":"repeat","background-position":"center center","background-size":"auto","background-attachment":"scroll","background-type":"","background-media":"","overlay-type":"","overlay-color":"","overlay-opacity":"","overlay-gradient":""}},"ast-content-background-meta":{"desktop":{"background-color":"var(--ast-global-color-5)","background-image":"","background-repeat":"repeat","background-position":"center center","background-size":"auto","background-attachment":"scroll","background-type":"","background-media":"","overlay-type":"","overlay-color":"","overlay-opacity":"","overlay-gradient":""},"tablet":{"background-color":"var(--ast-global-color-5)","background-image":"","background-repeat":"repeat","background-position":"center center","background-size":"auto","background-attachment":"scroll","background-type":"","background-media":"","overlay-type":"","overlay-color":"","overlay-opacity":"","overlay-gradient":""},"mobile":{"background-color":"var(--ast-global-color-5)","background-image":"","background-repeat":"repeat","background-position":"center center","background-size":"auto","background-attachment":"scroll","background-type":"","background-media":"","overlay-type":"","overlay-color":"","overlay-opacity":"","overlay-gradient":""}},"footnotes":""},"class_list":["post-1106","page","type-page","status-publish","hentry"],"post_mailing_queue_ids":[],"_links":{"self":[{"href":"https:\/\/agora.xtec.cat\/ceipmarcelidomingo-roquetes\/wp-json\/wp\/v2\/pages\/1106","targetHints":{"allow":["GET"]}}],"collection":[{"href":"https:\/\/agora.xtec.cat\/ceipmarcelidomingo-roquetes\/wp-json\/wp\/v2\/pages"}],"about":[{"href":"https:\/\/agora.xtec.cat\/ceipmarcelidomingo-roquetes\/wp-json\/wp\/v2\/types\/page"}],"author":[{"embeddable":true,"href":"https:\/\/agora.xtec.cat\/ceipmarcelidomingo-roquetes\/wp-json\/wp\/v2\/users\/1"}],"replies":[{"embeddable":true,"href":"https:\/\/agora.xtec.cat\/ceipmarcelidomingo-roquetes\/wp-json\/wp\/v2\/comments?post=1106"}],"version-history":[{"count":6,"href":"https:\/\/agora.xtec.cat\/ceipmarcelidomingo-roquetes\/wp-json\/wp\/v2\/pages\/1106\/revisions"}],"predecessor-version":[{"id":9811,"href":"https:\/\/agora.xtec.cat\/ceipmarcelidomingo-roquetes\/wp-json\/wp\/v2\/pages\/1106\/revisions\/9811"}],"up":[{"embeddable":true,"href":"https:\/\/agora.xtec.cat\/ceipmarcelidomingo-roquetes\/wp-json\/wp\/v2\/pages\/22"}],"wp:attachment":[{"href":"https:\/\/agora.xtec.cat\/ceipmarcelidomingo-roquetes\/wp-json\/wp\/v2\/media?parent=1106"}],"curies":[{"name":"wp","href":"https:\/\/api.w.org\/{rel}","templated":true}]}}

<p class="has-text-align-left">És l’órgan col·legiat de participació de la comunitat escolar en el govern del centre. Hi ha representants de tots els col·lectius.</p>



<p>La seva funció principal és la participació en la presa de decisions en relació a temes importants per al funcionament i organització del centre: projecte educatiu, programació general, gestió econòmica,&#8230;</p>



<p>Els seus membres són elegits per un període de quatre anys i es renoven per meitats cada dos anys.</p>



<p>La composició de l’actual Consell Escolar del centre és la següent:</p>



<figure class="wp-block-image aligncenter size-large"><a href="https://agora.xtec.cat/ceipmarcelidomingo-roquetes/wp-content/uploads/usu961/2026/01/Composicio-Consell-25-26-web-1.jpg"><img loading="lazy" decoding="async" width="903" height="1024" src="https://agora.xtec.cat/ceipmarcelidomingo-roquetes/wp-content/uploads/usu961/2026/01/Composicio-Consell-25-26-web-1-903x1024.jpg" alt="" class="wp-image-9809" srcset="https://agora.xtec.cat/ceipmarcelidomingo-roquetes/wp-content/uploads/usu961/2026/01/Composicio-Consell-25-26-web-1-903x1024.jpg 903w, https://agora.xtec.cat/ceipmarcelidomingo-roquetes/wp-content/uploads/usu961/2026/01/Composicio-Consell-25-26-web-1-265x300.jpg 265w, https://agora.xtec.cat/ceipmarcelidomingo-roquetes/wp-content/uploads/usu961/2026/01/Composicio-Consell-25-26-web-1-768x871.jpg 768w, https://agora.xtec.cat/ceipmarcelidomingo-roquetes/wp-content/uploads/usu961/2026/01/Composicio-Consell-25-26-web-1.jpg 979w" sizes="auto, (max-width: 903px) 100vw, 903px" /></a></figure>



<p>&nbsp;</p>

<p>És l’órgan col·legiat de participació de la comunitat escolar en el govern del centre. Hi ha representants de tots els col·lectius. La seva funció principal és la participació en la presa de decisions en relació a temes importants per al funcionament i organització del centre: projecte educatiu, programació general, gestió econòmica,&#8230; Els seus membres són [&hellip;]</p>
