{"id":497,"date":"2018-03-18T22:10:25","date_gmt":"2018-03-18T21:10:25","guid":{"rendered":"http:\/\/agora.xtec.cat\/ceipmaragallrubi\/?page_id=497"},"modified":"2020-04-04T22:21:17","modified_gmt":"2020-04-04T20:21:17","slug":"gimnas","status":"publish","type":"page","link":"https:\/\/agora.xtec.cat\/ceipmaragallrubi\/lescola\/gimnas\/","title":{"rendered":"Gimn\u00e0s"},"content":{"rendered":"<div id=\"mainmiddle\">\n<div id=\"mainmiddle-expand\">\n<div id=\"content\">\n<div id=\"content-shift\">\n<div class=\"floatbox\">\n<div class=\"joomla \">\n<div class=\"article\">\n<p>L\u2019escola t\u00e9 un ampli gimn\u00e0s, renovat fa uns anys,\u00a0on els nostres alumnes realitzen les seves activitats de psicomotricitat i EF.<\/p>\n<p><a href=\"http:\/\/agora.xtec.cat\/ceipmaragallrubi\/wp-content\/uploads\/usu1825\/2018\/03\/gimnas-1-1.jpg\"><img loading=\"lazy\" decoding=\"async\" class=\"wp-image-1570 alignleft\" src=\"https:\/\/agora.xtec.cat\/ceipmaragallrubi\/wp-content\/uploads\/usu1825\/2020\/04\/espais-escola.pptx-5.jpg\" alt=\"\" width=\"507\" height=\"381\" srcset=\"https:\/\/agora.xtec.cat\/ceipmaragallrubi\/wp-content\/uploads\/usu1825\/2020\/04\/espais-escola.pptx-5.jpg 960w, https:\/\/agora.xtec.cat\/ceipmaragallrubi\/wp-content\/uploads\/usu1825\/2020\/04\/espais-escola.pptx-5-300x225.jpg 300w, https:\/\/agora.xtec.cat\/ceipmaragallrubi\/wp-content\/uploads\/usu1825\/2020\/04\/espais-escola.pptx-5-768x576.jpg 768w, https:\/\/agora.xtec.cat\/ceipmaragallrubi\/wp-content\/uploads\/usu1825\/2020\/04\/espais-escola.pptx-5-200x150.jpg 200w\" sizes=\"auto, (max-width: 507px) 100vw, 507px\" \/><img loading=\"lazy\" decoding=\"async\" class=\"wp-image-1569 alignright\" src=\"https:\/\/agora.xtec.cat\/ceipmaragallrubi\/wp-content\/uploads\/usu1825\/2020\/04\/espais-escola.pptx-6.jpg\" alt=\"\" width=\"501\" height=\"375\" srcset=\"https:\/\/agora.xtec.cat\/ceipmaragallrubi\/wp-content\/uploads\/usu1825\/2020\/04\/espais-escola.pptx-6.jpg 960w, https:\/\/agora.xtec.cat\/ceipmaragallrubi\/wp-content\/uploads\/usu1825\/2020\/04\/espais-escola.pptx-6-300x225.jpg 300w, https:\/\/agora.xtec.cat\/ceipmaragallrubi\/wp-content\/uploads\/usu1825\/2020\/04\/espais-escola.pptx-6-768x576.jpg 768w, https:\/\/agora.xtec.cat\/ceipmaragallrubi\/wp-content\/uploads\/usu1825\/2020\/04\/espais-escola.pptx-6-200x150.jpg 200w\" sizes=\"auto, (max-width: 501px) 100vw, 501px\" \/><\/a><\/p>\n<\/div>\n<p>&nbsp;<\/p>\n<p>&nbsp;<\/p>\n<p>&nbsp;<\/p>\n<p>&nbsp;<\/p>\n<p>&nbsp;<\/p>\n<p>&nbsp;<\/p>\n<p>&nbsp;<\/p>\n<p>&nbsp;<\/p>\n<p>&nbsp;<\/p>\n<p>Degut a que el gimn\u00e0s \u00e9s l&#8217;espai cobert m\u00e9s gran que disposem a l&#8217;escola, sempre que \u00e9s necessari el convertim en una zona per a fer representacions, cantates, exhibicions d&#8217;extraescolars, etc.,<\/p>\n<\/div>\n<\/div>\n<\/div>\n<\/div>\n<\/div>\n<\/div>\n","protected":false},"excerpt":{"rendered":"<p>L\u2019escola t\u00e9 un ampli gimn\u00e0s, renovat fa uns anys,\u00a0on els nostres alumnes realitzen les seves activitats de psicomotricitat i EF. [&hellip;]<\/p>\n","protected":false},"author":1,"featured_media":0,"parent":22,"menu_order":0,"comment_status":"closed","ping_status":"closed","template":"page-templates\/side-menu.php","meta":{"_bbp_topic_count":0,"_bbp_reply_count":0,"_bbp_total_topic_count":0,"_bbp_total_reply_count":0,"_bbp_voice_count":0,"_bbp_anonymous_reply_count":0,"_bbp_topic_count_hidden":0,"_bbp_reply_count_hidden":0,"_bbp_forum_subforum_count":0,"site-sidebar-layout":"default","site-content-layout":"","ast-site-content-layout":"","site-content-style":"default","site-sidebar-style":"default","ast-global-header-display":"","ast-banner-title-visibility":"","ast-main-header-display":"","ast-hfb-above-header-display":"","ast-hfb-below-header-display":"","ast-hfb-mobile-header-display":"","site-post-title":"","ast-breadcrumbs-content":"","ast-featured-img":"","footer-sml-layout":"","theme-transparent-header-meta":"","adv-header-id-meta":"","stick-header-meta":"","header-above-stick-meta":"","header-main-stick-meta":"","header-below-stick-meta":"","astra-migrate-meta-layouts":"default","ast-page-background-enabled":"default","ast-page-background-meta":{"desktop":{"background-color":"var(--ast-global-color-4)","background-image":"","background-repeat":"repeat","background-position":"center center","background-size":"auto","background-attachment":"scroll","background-type":"","background-media":"","overlay-type":"","overlay-color":"","overlay-opacity":"","overlay-gradient":""},"tablet":{"background-color":"","background-image":"","background-repeat":"repeat","background-position":"center center","background-size":"auto","background-attachment":"scroll","background-type":"","background-media":"","overlay-type":"","overlay-color":"","overlay-opacity":"","overlay-gradient":""},"mobile":{"background-color":"","background-image":"","background-repeat":"repeat","background-position":"center center","background-size":"auto","background-attachment":"scroll","background-type":"","background-media":"","overlay-type":"","overlay-color":"","overlay-opacity":"","overlay-gradient":""}},"ast-content-background-meta":{"desktop":{"background-color":"var(--ast-global-color-5)","background-image":"","background-repeat":"repeat","background-position":"center center","background-size":"auto","background-attachment":"scroll","background-type":"","background-media":"","overlay-type":"","overlay-color":"","overlay-opacity":"","overlay-gradient":""},"tablet":{"background-color":"var(--ast-global-color-5)","background-image":"","background-repeat":"repeat","background-position":"center center","background-size":"auto","background-attachment":"scroll","background-type":"","background-media":"","overlay-type":"","overlay-color":"","overlay-opacity":"","overlay-gradient":""},"mobile":{"background-color":"var(--ast-global-color-5)","background-image":"","background-repeat":"repeat","background-position":"center center","background-size":"auto","background-attachment":"scroll","background-type":"","background-media":"","overlay-type":"","overlay-color":"","overlay-opacity":"","overlay-gradient":""}},"footnotes":""},"class_list":["post-497","page","type-page","status-publish","hentry"],"post_mailing_queue_ids":[],"_links":{"self":[{"href":"https:\/\/agora.xtec.cat\/ceipmaragallrubi\/wp-json\/wp\/v2\/pages\/497","targetHints":{"allow":["GET"]}}],"collection":[{"href":"https:\/\/agora.xtec.cat\/ceipmaragallrubi\/wp-json\/wp\/v2\/pages"}],"about":[{"href":"https:\/\/agora.xtec.cat\/ceipmaragallrubi\/wp-json\/wp\/v2\/types\/page"}],"author":[{"embeddable":true,"href":"https:\/\/agora.xtec.cat\/ceipmaragallrubi\/wp-json\/wp\/v2\/users\/1"}],"replies":[{"embeddable":true,"href":"https:\/\/agora.xtec.cat\/ceipmaragallrubi\/wp-json\/wp\/v2\/comments?post=497"}],"version-history":[{"count":3,"href":"https:\/\/agora.xtec.cat\/ceipmaragallrubi\/wp-json\/wp\/v2\/pages\/497\/revisions"}],"predecessor-version":[{"id":1571,"href":"https:\/\/agora.xtec.cat\/ceipmaragallrubi\/wp-json\/wp\/v2\/pages\/497\/revisions\/1571"}],"up":[{"embeddable":true,"href":"https:\/\/agora.xtec.cat\/ceipmaragallrubi\/wp-json\/wp\/v2\/pages\/22"}],"wp:attachment":[{"href":"https:\/\/agora.xtec.cat\/ceipmaragallrubi\/wp-json\/wp\/v2\/media?parent=497"}],"curies":[{"name":"wp","href":"https:\/\/api.w.org\/{rel}","templated":true}]}}