{"id":22,"date":"2014-09-18T12:19:57","date_gmt":"2014-09-18T12:19:57","guid":{"rendered":"http:\/\/agora.xtec.cat\/ceipmalagrida\/?page_id=22"},"modified":"2020-07-06T11:51:52","modified_gmt":"2020-07-06T09:51:52","slug":"lescola","status":"publish","type":"page","link":"https:\/\/agora.xtec.cat\/ceipmalagrida\/lescola\/","title":{"rendered":"L&#8217;ESCOLA"},"content":{"rendered":"<p>L&#8217;escola \u00e9s una entitat viva, en constant evoluci\u00f3.<\/p>\n<p>Al llarg d&#8217;aquests darrers anys hem apostat per dues facetes molt importants:<\/p>\n<p>&#8211; la tecnologia;<\/p>\n<p>&#8211; la m\u00fasica.<\/p>\n<p>Aix\u00f2 ha fet cr\u00e9ixer i donar solidesa al centre.<\/p>\n<p>Per una banda, a nivell tecnol\u00f2gic, ha fet que el nostre centre disposi d&#8217;una dotaci\u00f3 magn\u00edfica a nivell TIC, fent que tots els espais estiguin equipats inform\u00e0ticament i totes les tutories i espais de treball d&#8217;especialistes o aules de suport, disposen de Pissarres Digitals Interactives.<\/p>\n<p>Per altra banda, la m\u00fasica, \u00e9s l&#8217;element que ajuda a desenvolupar les diferents facetes dels infants, nens i nenes, a nivell cognitiu, relacional, espacial, en l&#8217;\u00e0mbit matem\u00e0tic, ling\u00fc\u00edstic, de coneixement del medi i l&#8217;entorn&#8230; \u00c9s aix\u00ed com s&#8217;ha materialitzat el projecte &#8220;Som M\u00fasica&#8221;.<\/p>\n","protected":false},"excerpt":{"rendered":"<p>L&#8217;escola \u00e9s una entitat viva, en constant evoluci\u00f3.<br \/>\nAl llarg d&#8217;aquests darrers anys hem apostat per dues facetes molt importants:<br \/>\n&#8211; la tecnologia;<br \/>\n&#8211; la m\u00fasica.<br \/>\nAix\u00f2 ha fet cr\u00e9ixer i donar solidesa al centre.<br \/>\nPer una banda, a nivell tecnol\u00f2gic, ha fet que el nostre centre disposi d&#8217;una dotaci\u00f3&hellip;  <a href=\"https:\/\/agora.xtec.cat\/ceipmalagrida\/lescola\/\" title=\"Read L&#8217;ESCOLA\">Llegeix m\u00e9s\u00bb<\/a><\/p>\n","protected":false},"author":2,"featured_media":0,"parent":0,"menu_order":1,"comment_status":"closed","ping_status":"closed","template":"","meta":{"_bbp_topic_count":0,"_bbp_reply_count":0,"_bbp_total_topic_count":0,"_bbp_total_reply_count":0,"_bbp_voice_count":0,"_bbp_anonymous_reply_count":0,"_bbp_topic_count_hidden":0,"_bbp_reply_count_hidden":0,"_bbp_forum_subforum_count":0,"footnotes":""},"class_list":["post-22","page","type-page","status-publish","hentry"],"post_mailing_queue_ids":[],"_links":{"self":[{"href":"https:\/\/agora.xtec.cat\/ceipmalagrida\/wp-json\/wp\/v2\/pages\/22","targetHints":{"allow":["GET"]}}],"collection":[{"href":"https:\/\/agora.xtec.cat\/ceipmalagrida\/wp-json\/wp\/v2\/pages"}],"about":[{"href":"https:\/\/agora.xtec.cat\/ceipmalagrida\/wp-json\/wp\/v2\/types\/page"}],"author":[{"embeddable":true,"href":"https:\/\/agora.xtec.cat\/ceipmalagrida\/wp-json\/wp\/v2\/users\/2"}],"replies":[{"embeddable":true,"href":"https:\/\/agora.xtec.cat\/ceipmalagrida\/wp-json\/wp\/v2\/comments?post=22"}],"version-history":[{"count":3,"href":"https:\/\/agora.xtec.cat\/ceipmalagrida\/wp-json\/wp\/v2\/pages\/22\/revisions"}],"predecessor-version":[{"id":334,"href":"https:\/\/agora.xtec.cat\/ceipmalagrida\/wp-json\/wp\/v2\/pages\/22\/revisions\/334"}],"wp:attachment":[{"href":"https:\/\/agora.xtec.cat\/ceipmalagrida\/wp-json\/wp\/v2\/media?parent=22"}],"curies":[{"name":"wp","href":"https:\/\/api.w.org\/{rel}","templated":true}]}}