{"id":853,"date":"2018-01-20T17:02:20","date_gmt":"2018-01-20T16:02:20","guid":{"rendered":"http:\/\/agora.xtec.cat\/ceipmacia-companys\/?page_id=853"},"modified":"2025-09-25T01:02:41","modified_gmt":"2025-09-24T23:02:41","slug":"avaluacio-primaria","status":"publish","type":"page","link":"https:\/\/agora.xtec.cat\/ceipmacia-companys\/families\/avaluacio-primaria\/","title":{"rendered":"El curr\u00edculum a prim\u00e0ria"},"content":{"rendered":"<header class=\"entry-header \">\n<h1 class=\"entry-title\">Guia de l\u2019educaci\u00f3 b\u00e0sica<\/h1>\n<\/header>\n<div class=\"entry-content clear\">\n<div class=\"wp-block-columns is-layout-flex wp-container-core-columns-is-layout-1 wp-block-columns-is-layout-flex\">\n<div class=\"wp-block-column is-layout-flow wp-block-column-is-layout-flow\">\n<p>Amb l\u2019ajuda d\u2019aquesta guia podreu fer un recorregut per a con\u00e8ixer les caracter\u00edstiques i les oportunitats de reflexi\u00f3 pedag\u00f2gica que ens ofereix el nou curr\u00edculum de l\u2019educaci\u00f3 b\u00e0sica.<\/p>\n<p>La guia est\u00e0 dividida en quatre grans apartats:<\/p>\n<ul class=\"wp-block-list\">\n<li>Els\u00a0vectors\u00a0del curr\u00edculum<\/li>\n<li>L\u2019organitzaci\u00f3\u00a0dels ensenyaments,<\/li>\n<li>La\u00a0programaci\u00f3 competencial<\/li>\n<li>L\u2019avaluaci\u00f3<\/li>\n<\/ul>\n<p><a href=\"https:\/\/projectes.xtec.cat\/nou-curriculum\/educacio-basica\/guia-de-leducacio-basica\/\"><img loading=\"lazy\" decoding=\"async\" class=\"aligncenter size-full wp-image-21038\" src=\"https:\/\/agora.xtec.cat\/ceipmacia-companys\/wp-content\/uploads\/usu125\/2025\/09\/Educacio-basica.jpg\" alt=\"\" width=\"996\" height=\"737\" srcset=\"https:\/\/agora.xtec.cat\/ceipmacia-companys\/wp-content\/uploads\/usu125\/2025\/09\/Educacio-basica.jpg 996w, https:\/\/agora.xtec.cat\/ceipmacia-companys\/wp-content\/uploads\/usu125\/2025\/09\/Educacio-basica-300x222.jpg 300w, https:\/\/agora.xtec.cat\/ceipmacia-companys\/wp-content\/uploads\/usu125\/2025\/09\/Educacio-basica-768x568.jpg 768w\" sizes=\"auto, (max-width: 996px) 100vw, 996px\" \/><\/a><\/p>\n<\/div>\n<\/div>\n<\/div>\n<p>&nbsp;<\/p>\n<p><strong>Marc Normatiu:<\/strong> <a href=\"https:\/\/drive.google.com\/file\/d\/1rWwJtYm6f1rm-5a3k8c4oQFrR3wpOSdM\/view?usp=sharing\">DECRET 480\/2024, de 17 de desembre, de modificaci\u00f3 del Decret 175\/2022, de 27 de setembre, d&#8217;ordenaci\u00f3 dels ensenyaments de l&#8217;educaci\u00f3 b\u00e0sica.<\/a><\/p>\n<p style=\"text-align: left;\">\n","protected":false},"excerpt":{"rendered":"<p>Guia de l\u2019educaci\u00f3 b\u00e0sica<\/p>\n<p>Amb l\u2019ajuda d\u2019aquesta guia podreu fer un recorregut per a con\u00e8ixer les caracter\u00edstiques i les oportunitats de reflexi\u00f3 pedag\u00f2gica que ens ofereix el nou curr\u00edculum de l\u2019educaci\u00f3 b\u00e0sica.<br \/>\nLa guia est\u00e0 dividida en quatre grans apartats:<\/p>\n<ul class=\"wp-block-list\">\n<li>Els\u00a0vectors\u00a0del curr\u00edculum<\/li>\n<li>L\u2019organitzaci\u00f3\u00a0dels ensenyaments,<\/li>\n<li>La\u00a0programaci\u00f3 competencial<\/li>\n<li>L\u2019avaluaci\u00f3<\/li>\n<\/ul>\n<p><a href=\"https:\/\/projectes.xtec.cat\/nou-curriculum\/educacio-basica\/guia-de-leducacio-basica\/\"><\/a><\/p>\n<p>&nbsp;<br \/>\nMarc Normatiu: <a&hellip;  <a href=\"https:\/\/agora.xtec.cat\/ceipmacia-companys\/families\/avaluacio-primaria\/\" title=\"Read El curr\u00edculum a prim\u00e0ria\">Llegeix m\u00e9s\u00bb<\/a><\/p>\n","protected":false},"author":1,"featured_media":0,"parent":469,"menu_order":8,"comment_status":"closed","ping_status":"closed","template":"page-templates\/side-menu.php","meta":{"_bbp_topic_count":0,"_bbp_reply_count":0,"_bbp_total_topic_count":0,"_bbp_total_reply_count":0,"_bbp_voice_count":0,"_bbp_anonymous_reply_count":0,"_bbp_topic_count_hidden":0,"_bbp_reply_count_hidden":0,"_bbp_forum_subforum_count":0,"footnotes":""},"class_list":["post-853","page","type-page","status-publish","hentry"],"post_mailing_queue_ids":[],"_links":{"self":[{"href":"https:\/\/agora.xtec.cat\/ceipmacia-companys\/wp-json\/wp\/v2\/pages\/853","targetHints":{"allow":["GET"]}}],"collection":[{"href":"https:\/\/agora.xtec.cat\/ceipmacia-companys\/wp-json\/wp\/v2\/pages"}],"about":[{"href":"https:\/\/agora.xtec.cat\/ceipmacia-companys\/wp-json\/wp\/v2\/types\/page"}],"author":[{"embeddable":true,"href":"https:\/\/agora.xtec.cat\/ceipmacia-companys\/wp-json\/wp\/v2\/users\/1"}],"replies":[{"embeddable":true,"href":"https:\/\/agora.xtec.cat\/ceipmacia-companys\/wp-json\/wp\/v2\/comments?post=853"}],"version-history":[{"count":6,"href":"https:\/\/agora.xtec.cat\/ceipmacia-companys\/wp-json\/wp\/v2\/pages\/853\/revisions"}],"predecessor-version":[{"id":21048,"href":"https:\/\/agora.xtec.cat\/ceipmacia-companys\/wp-json\/wp\/v2\/pages\/853\/revisions\/21048"}],"up":[{"embeddable":true,"href":"https:\/\/agora.xtec.cat\/ceipmacia-companys\/wp-json\/wp\/v2\/pages\/469"}],"wp:attachment":[{"href":"https:\/\/agora.xtec.cat\/ceipmacia-companys\/wp-json\/wp\/v2\/media?parent=853"}],"curies":[{"name":"wp","href":"https:\/\/api.w.org\/{rel}","templated":true}]}}