{"id":651,"date":"2017-12-01T22:20:17","date_gmt":"2017-12-01T21:20:17","guid":{"rendered":"http:\/\/agora.xtec.cat\/ceipmacia-companys\/?page_id=651"},"modified":"2025-05-09T19:05:41","modified_gmt":"2025-05-09T17:05:41","slug":"beques-i-ajuts","status":"publish","type":"page","link":"https:\/\/agora.xtec.cat\/ceipmacia-companys\/secretaria\/beques-i-ajuts\/","title":{"rendered":"Beques i ajuts"},"content":{"rendered":"<h4><span style=\"color: #993300;\"><strong>AJUTS INDIVIDUALS DE MENJADOR ESCOLAR <\/strong><\/span><\/h4>\n<h4><span style=\"color: #993300;\"><strong>DE LA COMARCA DE L\u2019URGELL PER AL CURS 2025-2026.<\/strong><\/span><\/h4>\n<table style=\"width: 651px;\">\n<tbody>\n<tr>\n<td style=\"width: 645px;\">\n<p style=\"font-weight: 400;\">Us informem que ha sortit els\u00a0<strong>AJUTS\u00a0INDIVIDUALS\u00a0DE\u00a0MENJADOR\u00a0ESCOLAR\u00a0de la comarca de l&#8217;Urgell per al\u00a0<\/strong><strong>CURS 2025-26.\u00a0<\/strong><\/p>\n<p style=\"font-weight: 400;\"><strong>El termini per demanar l&#8217;ajut \u00e9s del 15 al 30 de maig.<\/strong><\/p>\n<p style=\"font-weight: 400;\">La sol\u00b7licitud s\u2019ha de fer telem\u00e0ticament, a trav\u00e9s de la p\u00e0gina web del Consell Comarcal<br \/>\nde l\u2019Urgell:\u00a0<a href=\"https:\/\/urgell.cat\/ca\/p\/serveis\/convocatoria-ajut-individual-de-menjador-2025-26-1-118\">https:\/\/urgell.cat\/ca\/p\/serveis\/convocatoria-ajut-individual-de-menjador-2025-26-1-118<\/a><br \/>\nPer accedir al tr\u00e0mit, caldr\u00e0 identificar-se mitjan\u00e7ant un certificat digital v\u00e0lid (idCAT, Cl@ve,<br \/>\nidCAT M\u00f2bil, entre altres), corresponent a qualsevol dels DNI o NIE dels tutors\/es legals de<br \/>\nl\u2019alumne\/a.<br \/>\nEn cas de no disposar de certificat digital, podeu obtenir-ne un a trav\u00e9s del sistema idCAT M\u00f2bil,<br \/>\nque permet donar-se d\u2019alta de manera immediata. Tota la informaci\u00f3 es troba disponible a:<br \/>\n<a href=\"http:\/\/www.idcatmobil.cat.\">http:\/\/www.idcatmobil.cat.<\/a><br \/>\nPer tramitar l\u2019idCAT M\u00f2bil, \u00e9s necessari disposar d\u2019un document identificatiu oficial amb<br \/>\nfotografia.<br \/>\nEn cas de no tenir DNI o NIE, es poden utilitzar altres documents v\u00e0lids com el passaport, la<br \/>\ntargeta de resid\u00e8ncia comunit\u00e0ria o el perm\u00eds de resid\u00e8ncia. Aquests documents permeten<br \/>\ncompletar el proc\u00e9s d\u2019alta presencialment a una oficina d\u2019atenci\u00f3 ciutadana, com per exemple:<br \/>\nOficina de Benestar i Fam\u00edlia<br \/>\nPla\u00e7a de les Nacions sense Estat, s\/n \u2013 T\u00e0rrega Tel. 973 50 13 13<br \/>\nDurant l\u2019emplenament de la sol\u00b7licitud ser\u00e0 obligatori indicar si l\u2019ajut \u00e9s compactat o no,<br \/>\nmarcant la casella corresponent. Un cop escollida l\u2019opci\u00f3, aquesta es mantindr\u00e0 vigent al llarg de<br \/>\ntot el curs escolar.<\/p>\n<p style=\"font-weight: 400;\">Us\u00a0<strong>adjuntem<\/strong><strong>\u00a0 la informaci\u00f3<\/strong>\u00a0per la tramesa, requisits i documentaci\u00f3.<\/p>\n<ul>\n<li style=\"list-style-type: none;\">INFORMACI\u00d3 PER A LES FAM\u00cdLIES.<\/li>\n<li><a href=\"https:\/\/drive.google.com\/file\/d\/11G5yVTJxtD0L4USIyIJL_UlO5HLuuyM2\/view?usp=drive_link\">TR\u00cdPTIC.<\/a><\/li>\n<li><a href=\"https:\/\/drive.google.com\/file\/d\/1TqeZx8H9jfuEHj7lour5QVqPD4X_DXX5\/view?usp=sharing\">CARTELL<\/a><\/li>\n<\/ul>\n<p><img loading=\"lazy\" decoding=\"async\" class=\"size-full wp-image-14456 aligncenter\" src=\"https:\/\/agora.xtec.cat\/ceipmacia-companys\/wp-content\/uploads\/usu125\/2020\/06\/menjador.png\" alt=\"\" width=\"204\" height=\"158\" \/><\/td>\n<\/tr>\n<\/tbody>\n<\/table>\n<p>&nbsp;<\/p>\n<p>&nbsp;<\/p>\n<p><span style=\"color: #993300;\"><strong>BEQUES I AJUTS PER ALUMNAT AMB NECESSITAT ESPEC\u00cdFICA CURS 2025-2026.<\/strong><\/span><\/p>\n<p>Convocat\u00f2ria d\u2019ajuts per a alumnes amb <strong>necessitat de suport educatiu<\/strong> pel curs <span style=\"color: #ff0000;\">2025-2026<\/span><strong><span style=\"text-align: justify; color: #222222; text-transform: none; text-indent: 0px; letter-spacing: normal; font-family: 'Arial',sans-serif; font-size: 13.33px; font-style: normal; font-variant: normal; text-decoration: none; word-spacing: 0px; display: inline !important; white-space: normal; orphans: 2; float: none; -webkit-text-stroke-width: 0px; background-color: #ffffff;\">. <\/span><\/strong><a href=\"https:\/\/educacio.gencat.cat\/ca\/serveis-tramits\/beques\/ajuts-nese\/\">INFORMACI\u00d3.<\/a><\/p>\n<p>Tota la informaci\u00f3 relativa a la convocat\u00f2ria la podeu trobar al web del Gobierno de Espa\u00f1a, Ministerio de Educaci\u00f3n y Formacion Profesional: premeu AQU\u00cd<\/p>\n<p><strong>Cal fer la sol\u00b7licitud online i s\u2019ha de portar impresa i amb la documentaci\u00f3 a l&#8217;escola abans del 30 de juny.<\/strong><\/p>\n<p><a href=\"https:\/\/agora.xtec.cat\/ceipmacia-companys\/wp-content\/uploads\/usu125\/2025\/05\/beques-NESE.jpg\"><img loading=\"lazy\" decoding=\"async\" class=\"aligncenter size-full wp-image-20909\" src=\"https:\/\/agora.xtec.cat\/ceipmacia-companys\/wp-content\/uploads\/usu125\/2025\/05\/beques-NESE.jpg\" alt=\"\" width=\"1361\" height=\"620\" srcset=\"https:\/\/agora.xtec.cat\/ceipmacia-companys\/wp-content\/uploads\/usu125\/2025\/05\/beques-NESE.jpg 1361w, https:\/\/agora.xtec.cat\/ceipmacia-companys\/wp-content\/uploads\/usu125\/2025\/05\/beques-NESE-300x137.jpg 300w, https:\/\/agora.xtec.cat\/ceipmacia-companys\/wp-content\/uploads\/usu125\/2025\/05\/beques-NESE-1024x466.jpg 1024w, https:\/\/agora.xtec.cat\/ceipmacia-companys\/wp-content\/uploads\/usu125\/2025\/05\/beques-NESE-768x350.jpg 768w\" sizes=\"auto, (max-width: 1361px) 100vw, 1361px\" \/><\/a><\/p>\n<p>&nbsp;<\/p>\n","protected":false},"excerpt":{"rendered":"<p>AJUTS INDIVIDUALS DE MENJADOR ESCOLAR<br \/>\nDE LA COMARCA DE L\u2019URGELL PER AL CURS 2025-2026.<\/p>\n<p>Us informem que ha sortit els\u00a0AJUTS\u00a0INDIVIDUALS\u00a0DE\u00a0MENJADOR\u00a0ESCOLAR\u00a0de la comarca de l&#8217;Urgell per al\u00a0CURS 2025-26.\u00a0<br \/>\nEl termini per demanar l&#8217;ajut \u00e9s del 15 al 30 de maig.<br \/>\nLa sol\u00b7licitud s\u2019ha de fer telem\u00e0ticament, a trav\u00e9s de&hellip;  <a href=\"https:\/\/agora.xtec.cat\/ceipmacia-companys\/secretaria\/beques-i-ajuts\/\" title=\"Read Beques i ajuts\">Llegeix m\u00e9s\u00bb<\/a><\/p>\n","protected":false},"author":1,"featured_media":0,"parent":644,"menu_order":10,"comment_status":"closed","ping_status":"closed","template":"page-templates\/side-menu.php","meta":{"_bbp_topic_count":0,"_bbp_reply_count":0,"_bbp_total_topic_count":0,"_bbp_total_reply_count":0,"_bbp_voice_count":0,"_bbp_anonymous_reply_count":0,"_bbp_topic_count_hidden":0,"_bbp_reply_count_hidden":0,"_bbp_forum_subforum_count":0,"footnotes":""},"class_list":["post-651","page","type-page","status-publish","hentry"],"post_mailing_queue_ids":[],"_links":{"self":[{"href":"https:\/\/agora.xtec.cat\/ceipmacia-companys\/wp-json\/wp\/v2\/pages\/651","targetHints":{"allow":["GET"]}}],"collection":[{"href":"https:\/\/agora.xtec.cat\/ceipmacia-companys\/wp-json\/wp\/v2\/pages"}],"about":[{"href":"https:\/\/agora.xtec.cat\/ceipmacia-companys\/wp-json\/wp\/v2\/types\/page"}],"author":[{"embeddable":true,"href":"https:\/\/agora.xtec.cat\/ceipmacia-companys\/wp-json\/wp\/v2\/users\/1"}],"replies":[{"embeddable":true,"href":"https:\/\/agora.xtec.cat\/ceipmacia-companys\/wp-json\/wp\/v2\/comments?post=651"}],"version-history":[{"count":6,"href":"https:\/\/agora.xtec.cat\/ceipmacia-companys\/wp-json\/wp\/v2\/pages\/651\/revisions"}],"predecessor-version":[{"id":20914,"href":"https:\/\/agora.xtec.cat\/ceipmacia-companys\/wp-json\/wp\/v2\/pages\/651\/revisions\/20914"}],"up":[{"embeddable":true,"href":"https:\/\/agora.xtec.cat\/ceipmacia-companys\/wp-json\/wp\/v2\/pages\/644"}],"wp:attachment":[{"href":"https:\/\/agora.xtec.cat\/ceipmacia-companys\/wp-json\/wp\/v2\/media?parent=651"}],"curies":[{"name":"wp","href":"https:\/\/api.w.org\/{rel}","templated":true}]}}