{"id":3389,"date":"2018-02-21T14:45:29","date_gmt":"2018-02-21T13:45:29","guid":{"rendered":"http:\/\/agora.xtec.cat\/ceipmacia-companys\/?page_id=3389"},"modified":"2021-01-15T11:54:00","modified_gmt":"2021-01-15T10:54:00","slug":"que-llegim-5e","status":"publish","type":"page","link":"https:\/\/agora.xtec.cat\/ceipmacia-companys\/que-llegim-5e\/","title":{"rendered":"QU\u00c8 LLEGIM 5\u00e8"},"content":{"rendered":"<div class=\"separator\" style=\"clear: both; text-align: center;\"><a href=\"https:\/\/agora.xtec.cat\/ceipmacia-companys\/categoria\/5e\/\" target=\"_blank\" rel=\"noopener noreferrer\"><img loading=\"lazy\" decoding=\"async\" class=\"size-full wp-image-15704 aligncenter\" src=\"https:\/\/agora.xtec.cat\/ceipmacia-companys\/wp-content\/uploads\/usu125\/2021\/01\/blog-5\u00e8.jpg\" alt=\"\" width=\"236\" height=\"89\" \/><\/a><\/div>\n<h2 style=\"text-align: start;\"><span style=\"color: purple; font-family: 'georgia' , 'times new roman' , serif;\">\u00a1NO ES TAN F\u00c1CIL SER NI\u00d1O!<\/span><\/h2>\n<table style=\"height: 431px; width: 1024px;\">\n<tbody>\n<tr>\n<td style=\"width: 373.874px;\"><a style=\"margin-left: 1em; margin-right: 1em;\" href=\"https:\/\/4.bp.blogspot.com\/-A52f5SkLobk\/WdiCevZ8nOI\/AAAAAAAADLc\/URi8xXy7FFErHpgHEh6qI9gtSZjRkV21ACLcBGAs\/s1600\/no.jpg\"><img loading=\"lazy\" decoding=\"async\" class=\"\" src=\"https:\/\/4.bp.blogspot.com\/-A52f5SkLobk\/WdiCevZ8nOI\/AAAAAAAADLc\/URi8xXy7FFErHpgHEh6qI9gtSZjRkV21ACLcBGAs\/s400\/no.jpg\" width=\"278\" height=\"422\" border=\"0\" data-original-height=\"1600\" data-original-width=\"1055\" \/><\/a><\/td>\n<td style=\"width: 641.141px;\">\n<p style=\"text-align: justify;\">Autor: Pilar Lozano Carballo<\/p>\n<div>\n<p>Argumento:<\/p>\n<p>\u00abNos cuenta los problemas de Fernando Lagos, un ni\u00f1o que, hasta la fecha, no ha tenido problemas en el colegio, pero que, en el \u00faltimo curso est\u00e1 empezando a sufrir lo que se podr\u00eda llamar acoso escolar. En primera persona, y a lo largo de 23 cap\u00edtulos, Fernando nos desgrana su historia. Es hijo \u00fanico y siempre ha sido un ni\u00f1o feliz, no obstante, por un azar en las listas del colegio, ha de cambiar de clase y se encuentra con el mat\u00f3n del grupo, Pedrito Lucendo, quien lo har\u00e1 centro de todas sus burlas a causa de sus grandes orejas.<\/p>\n<div>\n<p>Fernando ten\u00eda un buen amigo que se ha cambiado de ciudad y ha de aprender a vivir con sus \u201cpoblemas\u201d como \u00e9l dice, despu\u00e9s de escuchar una an\u00e9cdota que cuenta su padre. Se al\u00eda con otros dos compa\u00f1eros, Clara y Eduardo quienes tambi\u00e9n tienen problemas y aprende a enfrentarse a la situaci\u00f3n, aunque le cuesta mucho sobrellevar la burla continua y empieza a sacar malas notas y a ser un ni\u00f1o triste.<\/p>\n<p style=\"text-align: justify;\">No obstante, Fernando, que es un ni\u00f1o positivo empieza a planear estrategias y descubre que no hay nada como re\u00edrse de uno mismo. Su padre es tambi\u00e9n un orej\u00f3n y le ha sacado partido moviendo, de manera graciosa, las orejas. Eso har\u00e1 Fernando en clase, re\u00edrse de sus limitaciones, con lo cual desarma al tal Pedrito y aprende a convivir en paz consigo mismo&#8230;.\u00bb<\/p>\n<h2><\/h2>\n<\/div>\n<\/div>\n<p>&nbsp;<\/p>\n<div><\/div>\n<p>&nbsp;<\/td>\n<\/tr>\n<\/tbody>\n<\/table>\n<p>&nbsp;<\/p>\n<div><\/div>\n<p><b><\/b><span style=\"color: purple; font-family: 'georgia' , 'times new roman' , serif;\">ELS PING\u00dcINS DEL 44<\/span><\/p>\n<p>&nbsp;<\/p>\n<table style=\"height: 370px; width: 992px;\">\n<tbody>\n<tr>\n<td style=\"width: 367px;\"><a style=\"margin-left: 1em; margin-right: 1em;\" href=\"https:\/\/3.bp.blogspot.com\/-aJpmJs5sF64\/WdiCQsO7DtI\/AAAAAAAADLY\/ZvI9yv2RYkMigBiDbi7Mv3hKQXV9ZsWdwCLcBGAs\/s1600\/ping.jpg\"><img loading=\"lazy\" decoding=\"async\" src=\"https:\/\/3.bp.blogspot.com\/-aJpmJs5sF64\/WdiCQsO7DtI\/AAAAAAAADLY\/ZvI9yv2RYkMigBiDbi7Mv3hKQXV9ZsWdwCLcBGAs\/s400\/ping.jpg\" width=\"270\" height=\"400\" border=\"0\" data-original-height=\"1600\" data-original-width=\"1080\" \/><\/a><\/td>\n<td style=\"width: 617px;\"><b>Autor: <\/b>Dolors Garcia i Cornell\u00e0<\/p>\n<div>\n<p><b>Argument:<\/b><br \/>\n\u00abHi ha guerra a la ciutat. Han comen\u00e7at els bombardeigs i a casa tot s\u2019ha de racionar. Se\u2019ls han endut els electrodom\u00e8stics i ja no tenen cap paper d\u2019identitat. O almenys aix\u00f2 \u00e9s el que el pare diu a l\u2019Orient, un noi que no ent\u00e9n res de res, perqu\u00e8 a fora de casa tothom segueix vivint com sempre.\u00bb<\/p>\n<p>&nbsp;<\/p>\n<div><\/div>\n<div><\/div>\n<\/div>\n<\/td>\n<\/tr>\n<\/tbody>\n<\/table>\n<div>\n<div>\n<div><\/div>\n<div><\/div>\n<\/div>\n<\/div>\n","protected":false},"excerpt":{"rendered":"<p><a href=\"https:\/\/agora.xtec.cat\/ceipmacia-companys\/categoria\/5e\/\" target=\"_blank\" rel=\"noopener noreferrer\"><\/a><br \/>\n\u00a1NO ES TAN F\u00c1CIL SER NI\u00d1O!<\/p>\n<p><a style=\"margin-left: 1em; margin-right: 1em;\" href=\"https:\/\/4.bp.blogspot.com\/-A52f5SkLobk\/WdiCevZ8nOI\/AAAAAAAADLc\/URi8xXy7FFErHpgHEh6qI9gtSZjRkV21ACLcBGAs\/s1600\/no.jpg\"><\/a><\/p>\n<p>Autor: Pilar Lozano Carballo<\/p>\n<p>Argumento:<br \/>\n\u00abNos cuenta los problemas de Fernando Lagos, un ni\u00f1o que, hasta la fecha, no ha tenido problemas en el colegio, pero que, en el \u00faltimo curso est\u00e1 empezando&hellip;  <a href=\"https:\/\/agora.xtec.cat\/ceipmacia-companys\/que-llegim-5e\/\" title=\"Read QU\u00c8 LLEGIM 5\u00e8\">Llegeix m\u00e9s\u00bb<\/a><\/p>\n","protected":false},"author":1,"featured_media":0,"parent":0,"menu_order":0,"comment_status":"closed","ping_status":"closed","template":"","meta":{"_bbp_topic_count":0,"_bbp_reply_count":0,"_bbp_total_topic_count":0,"_bbp_total_reply_count":0,"_bbp_voice_count":0,"_bbp_anonymous_reply_count":0,"_bbp_topic_count_hidden":0,"_bbp_reply_count_hidden":0,"_bbp_forum_subforum_count":0,"footnotes":""},"class_list":["post-3389","page","type-page","status-publish","hentry"],"post_mailing_queue_ids":[],"_links":{"self":[{"href":"https:\/\/agora.xtec.cat\/ceipmacia-companys\/wp-json\/wp\/v2\/pages\/3389","targetHints":{"allow":["GET"]}}],"collection":[{"href":"https:\/\/agora.xtec.cat\/ceipmacia-companys\/wp-json\/wp\/v2\/pages"}],"about":[{"href":"https:\/\/agora.xtec.cat\/ceipmacia-companys\/wp-json\/wp\/v2\/types\/page"}],"author":[{"embeddable":true,"href":"https:\/\/agora.xtec.cat\/ceipmacia-companys\/wp-json\/wp\/v2\/users\/1"}],"replies":[{"embeddable":true,"href":"https:\/\/agora.xtec.cat\/ceipmacia-companys\/wp-json\/wp\/v2\/comments?post=3389"}],"version-history":[{"count":3,"href":"https:\/\/agora.xtec.cat\/ceipmacia-companys\/wp-json\/wp\/v2\/pages\/3389\/revisions"}],"predecessor-version":[{"id":15709,"href":"https:\/\/agora.xtec.cat\/ceipmacia-companys\/wp-json\/wp\/v2\/pages\/3389\/revisions\/15709"}],"wp:attachment":[{"href":"https:\/\/agora.xtec.cat\/ceipmacia-companys\/wp-json\/wp\/v2\/media?parent=3389"}],"curies":[{"name":"wp","href":"https:\/\/api.w.org\/{rel}","templated":true}]}}