{"id":15595,"date":"2020-12-31T13:46:51","date_gmt":"2020-12-31T12:46:51","guid":{"rendered":"https:\/\/agora.xtec.cat\/ceipmacia-companys\/?page_id=15595"},"modified":"2020-12-31T13:46:51","modified_gmt":"2020-12-31T12:46:51","slug":"socialitzacio-de-llibres","status":"publish","type":"page","link":"https:\/\/agora.xtec.cat\/ceipmacia-companys\/lescola\/projectes\/socialitzacio-de-llibres\/","title":{"rendered":"Socialitzaci\u00f3 de llibres"},"content":{"rendered":"<p><img loading=\"lazy\" decoding=\"async\" class=\"alignleft size-thumbnail wp-image-15596\" src=\"https:\/\/agora.xtec.cat\/ceipmacia-companys\/wp-content\/uploads\/usu125\/2020\/12\/projectes_socialitzaci\u00f3-150x150.png\" alt=\"\" width=\"150\" height=\"150\" srcset=\"https:\/\/agora.xtec.cat\/ceipmacia-companys\/wp-content\/uploads\/usu125\/2020\/12\/projectes_socialitzaci\u00f3-150x150.png 150w, https:\/\/agora.xtec.cat\/ceipmacia-companys\/wp-content\/uploads\/usu125\/2020\/12\/projectes_socialitzaci\u00f3-300x300.png 300w, https:\/\/agora.xtec.cat\/ceipmacia-companys\/wp-content\/uploads\/usu125\/2020\/12\/projectes_socialitzaci\u00f3.png 512w\" sizes=\"auto, (max-width: 150px) 100vw, 150px\" \/><\/p>\n<p>Aquest projecte es troba implantat i consolidat a l&#8217;escola des del curs escolar 2015-2016 gr\u00e0cies a l\u2019Associaci\u00f3 de Fam\u00edlies d\u2019Alumnes (AFA) que l\u2019organitza, amb el suport i l&#8217;assessorament de l&#8217;equip directiu del centre i la col\u00b7laboraci\u00f3 del claustre de mestres.<\/p>\n<p>&nbsp;<\/p>\n<p>&nbsp;<\/p>\n<p>Els principals objectius s\u00f3n:<\/p>\n<ul>\n<li>Fomentar el respecte pel material, la responsabilitat individual i el fet de <strong>compartir <\/strong>amb els companys i companyes.<\/li>\n<li>Fomentar les actituds i valors del reciclatge i el respecte pel medi ambient.<\/li>\n<li>Col\u00b7laborar amb el projecte d\u2019Escola Verda de l\u2019escola.<\/li>\n<li>Disminuir la despesa familiar pel que fa a la compra de llibres.<\/li>\n<\/ul>\n<p>Es tracta doncs d\u2019un projecte educatiu en valors on es prioritza <strong>respectar<\/strong> als companys i companyes que despr\u00e9s utilitzaran els mateixos llibres i potenciar els actius vers el respecte al medi ambient reutilitzant-los. A partir de la idea inicial d\u2019avantatge econ\u00f2mic de les fam\u00edlies contribu\u00efm en la implicaci\u00f3 activa de tota la comunitat en l\u2019educaci\u00f3 en valors com: el respecte per all\u00f2 que \u00e9s de tots, la solidaritat i l\u2019esperit cooperatiu; i amb l&#8217;estalvi de paper contribu\u00efm a la <strong>sostenibilitat<\/strong>.<\/p>\n<p>La selecci\u00f3 dels llibres de text \u00e9s responsabilitat del claustre, qui planifica la tria dels llibres amb criteris pedag\u00f2gics, d\u2019atenci\u00f3 a la diversitat i de sostenibilitat. Es t\u00e9 en compte una planificaci\u00f3 a llarg termini seguint la legislaci\u00f3 vigent i es duu a terme als cicles mitj\u00e0 i superior.<\/p>\n<p>\u00c9s imprescindible ser soci de l\u2019AFA per participar al projecte, i per tant pagar-ne la quota familiar anual.<\/p>\n<p>Les fam\u00edlies aporten una quota anual de socialitzaci\u00f3 de llibres que es comunica a les fam\u00edlies al final del curs anterior.<\/p>\n<p><img loading=\"lazy\" decoding=\"async\" class=\"alignleft size-thumbnail wp-image-15597\" src=\"https:\/\/agora.xtec.cat\/ceipmacia-companys\/wp-content\/uploads\/usu125\/2020\/12\/projectes_natura-150x150.png\" alt=\"\" width=\"150\" height=\"150\" srcset=\"https:\/\/agora.xtec.cat\/ceipmacia-companys\/wp-content\/uploads\/usu125\/2020\/12\/projectes_natura-150x150.png 150w, https:\/\/agora.xtec.cat\/ceipmacia-companys\/wp-content\/uploads\/usu125\/2020\/12\/projectes_natura-300x300.png 300w, https:\/\/agora.xtec.cat\/ceipmacia-companys\/wp-content\/uploads\/usu125\/2020\/12\/projectes_natura.png 512w\" sizes=\"auto, (max-width: 150px) 100vw, 150px\" \/><\/p>\n<p>&nbsp;<\/p>\n<p>&nbsp;<\/p>\n<p>&nbsp;<\/p>\n<p>&nbsp;<\/p>\n","protected":false},"excerpt":{"rendered":"<p>Aquest projecte es troba implantat i consolidat a l&#8217;escola des del curs escolar 2015-2016 gr\u00e0cies a l\u2019Associaci\u00f3 de Fam\u00edlies d\u2019Alumnes (AFA) que l\u2019organitza, amb el suport i l&#8217;assessorament de l&#8217;equip directiu del centre i la col\u00b7laboraci\u00f3 del claustre de mestres.<br \/>\n&nbsp;<br \/>\n&nbsp;<br \/>\nEls principals objectius s\u00f3n:<\/p>\n<ul>\n<li>Fomentar el respecte&hellip;  <a href=\"https:\/\/agora.xtec.cat\/ceipmacia-companys\/lescola\/projectes\/socialitzacio-de-llibres\/\" title=\"Read Socialitzaci\u00f3 de llibres\">Llegeix m\u00e9s\u00bb<\/a><br \/>\n","protected":false},"author":1,"featured_media":0,"parent":15571,"menu_order":4,"comment_status":"closed","ping_status":"closed","template":"","meta":{"_bbp_topic_count":0,"_bbp_reply_count":0,"_bbp_total_topic_count":0,"_bbp_total_reply_count":0,"_bbp_voice_count":0,"_bbp_anonymous_reply_count":0,"_bbp_topic_count_hidden":0,"_bbp_reply_count_hidden":0,"_bbp_forum_subforum_count":0,"footnotes":""},"class_list":["post-15595","page","type-page","status-publish","hentry"],"post_mailing_queue_ids":[],"_links":{"self":[{"href":"https:\/\/agora.xtec.cat\/ceipmacia-companys\/wp-json\/wp\/v2\/pages\/15595","targetHints":{"allow":["GET"]}}],"collection":[{"href":"https:\/\/agora.xtec.cat\/ceipmacia-companys\/wp-json\/wp\/v2\/pages"}],"about":[{"href":"https:\/\/agora.xtec.cat\/ceipmacia-companys\/wp-json\/wp\/v2\/types\/page"}],"author":[{"embeddable":true,"href":"https:\/\/agora.xtec.cat\/ceipmacia-companys\/wp-json\/wp\/v2\/users\/1"}],"replies":[{"embeddable":true,"href":"https:\/\/agora.xtec.cat\/ceipmacia-companys\/wp-json\/wp\/v2\/comments?post=15595"}],"version-history":[{"count":2,"href":"https:\/\/agora.xtec.cat\/ceipmacia-companys\/wp-json\/wp\/v2\/pages\/15595\/revisions"}],"predecessor-version":[{"id":15599,"href":"https:\/\/agora.xtec.cat\/ceipmacia-companys\/wp-json\/wp\/v2\/pages\/15595\/revisions\/15599"}],"up":[{"embeddable":true,"href":"https:\/\/agora.xtec.cat\/ceipmacia-companys\/wp-json\/wp\/v2\/pages\/15571"}],"wp:attachment":[{"href":"https:\/\/agora.xtec.cat\/ceipmacia-companys\/wp-json\/wp\/v2\/media?parent=15595"}],"curies":[{"name":"wp","href":"https:\/\/api.w.org\/{rel}","templated":true}]}}