{"id":15584,"date":"2020-12-31T13:29:34","date_gmt":"2020-12-31T12:29:34","guid":{"rendered":"https:\/\/agora.xtec.cat\/ceipmacia-companys\/?page_id=15584"},"modified":"2020-12-31T13:37:41","modified_gmt":"2020-12-31T12:37:41","slug":"pla-dinnovacio-en-llengues","status":"publish","type":"page","link":"https:\/\/agora.xtec.cat\/ceipmacia-companys\/lescola\/projectes\/pla-dinnovacio-en-llengues\/","title":{"rendered":"Pla d&#8217;innovaci\u00f3 en lleng\u00fces"},"content":{"rendered":"<p><img loading=\"lazy\" decoding=\"async\" class=\"alignleft size-thumbnail wp-image-15585\" src=\"https:\/\/agora.xtec.cat\/ceipmacia-companys\/wp-content\/uploads\/usu125\/2020\/12\/projectes_lleng\u00fces-3-150x150.png\" alt=\"\" width=\"150\" height=\"150\" srcset=\"https:\/\/agora.xtec.cat\/ceipmacia-companys\/wp-content\/uploads\/usu125\/2020\/12\/projectes_lleng\u00fces-3-150x150.png 150w, https:\/\/agora.xtec.cat\/ceipmacia-companys\/wp-content\/uploads\/usu125\/2020\/12\/projectes_lleng\u00fces-3-300x300.png 300w, https:\/\/agora.xtec.cat\/ceipmacia-companys\/wp-content\/uploads\/usu125\/2020\/12\/projectes_lleng\u00fces-3.png 512w\" sizes=\"auto, (max-width: 150px) 100vw, 150px\" \/><\/p>\n<p>L\u2019escola ha participat en el projecte d\u2019innovaci\u00f3 Grup d\u2019Experimentaci\u00f3 per al Pluriling\u00fcisme (GEP).<\/p>\n<p>Es va posar en marxa el curs 2014-2015 per tal de <span style=\"color: #333399;\"><strong>facilitar l\u2019aprenentatge d\u2019una o m\u00e9s lleng\u00fces estrangeres<\/strong><\/span> i establir les bases que permetran a l\u2019alumnat aprendre qualsevol llengua d\u2019una manera eficient. Els centres participants van establir un grup impulsor que va rebre formaci\u00f3 externa durant dos anys per tal d\u2019implantar el programa al centre educatiu.<\/p>\n<p>Els <strong>objectius<\/strong> que ens proposem s\u00f3n:<\/p>\n<ul>\n<li>Millorar la compet\u00e8ncia comunicativa en llengua estrangera.<\/li>\n<li>Adquirir estrat\u00e8gies per a l\u2019aprenentatge aut\u00f2nom (aprendre a aprendre).<\/li>\n<li>Fomentar l\u2019\u00fas d\u2019estrat\u00e8gies organitzatives i metodol\u00f2giques que afavoreixin l\u2019aprenentatge en i de les lleng\u00fces estrangeres.<\/li>\n<li>Integrar les tecnologies en l\u2019aprenentatge de les lleng\u00fces estrangeres.<\/li>\n<li>Oferir, de manera progressiva, mat\u00e8ries no ling\u00fc\u00edstiques en llengua estrangera.<\/li>\n<li>Desenvolupar projectes globals de car\u00e0cter transversal.<\/li>\n<li>Intercanviar experi\u00e8ncies i bones pr\u00e0ctiques amb altres centres.<\/li>\n<li>Afavorir la implicaci\u00f3 de la comunitat educativa en el projecte ling\u00fc\u00edstic pluriling\u00fce del centre.<\/li>\n<\/ul>\n<p>Les<strong> actuacions<\/strong> que duem a terme:<\/p>\n<ul>\n<li>Iniciaci\u00f3 de l\u2019aprenentatge de la llengua anglesa a l\u2019educaci\u00f3 infantil.<\/li>\n<li>Realitzaci\u00f3 d\u2019un taller de pl\u00e0stica en llengua anglesa a cicle inicial i mitj\u00e0.<\/li>\n<li>Educaci\u00f3 art\u00edstica i pl\u00e0stica en llengua anglesa a cicle superior.<\/li>\n<li>Impartim unitats amb la metodologia CLIL (basada en l\u2019aprenentatge integrat de continguts i llengua estrangera) a educaci\u00f3 prim\u00e0ria.<\/li>\n<li>Sessions setmanals en grups redu\u00efts i\/o partits.<\/li>\n<li>Celebraci\u00f3 de l\u2019English Day per a la promoci\u00f3 i difusi\u00f3 de la llengua anglesa a la comunitat educativa.<\/li>\n<li>Participaci\u00f3 en activitats en llengua anglesa que ofereix el nostre entorn.<\/li>\n<li>Introducci\u00f3 del franc\u00e8s a cicle superior com a segona llengua estrangera.<\/li>\n<\/ul>\n<p><img loading=\"lazy\" decoding=\"async\" class=\"alignleft size-thumbnail wp-image-15586\" src=\"https:\/\/agora.xtec.cat\/ceipmacia-companys\/wp-content\/uploads\/usu125\/2020\/12\/projectes_lleng\u00fces-2-150x150.png\" alt=\"\" width=\"150\" height=\"150\" srcset=\"https:\/\/agora.xtec.cat\/ceipmacia-companys\/wp-content\/uploads\/usu125\/2020\/12\/projectes_lleng\u00fces-2-150x150.png 150w, https:\/\/agora.xtec.cat\/ceipmacia-companys\/wp-content\/uploads\/usu125\/2020\/12\/projectes_lleng\u00fces-2-300x300.png 300w, https:\/\/agora.xtec.cat\/ceipmacia-companys\/wp-content\/uploads\/usu125\/2020\/12\/projectes_lleng\u00fces-2.png 512w\" sizes=\"auto, (max-width: 150px) 100vw, 150px\" \/><\/p>\n<p>&nbsp;<\/p>\n<p>&nbsp;<\/p>\n<p>&nbsp;<\/p>\n<p>&nbsp;<\/p>\n<p>&nbsp;<\/p>\n","protected":false},"excerpt":{"rendered":"<p>L\u2019escola ha participat en el projecte d\u2019innovaci\u00f3 Grup d\u2019Experimentaci\u00f3 per al Pluriling\u00fcisme (GEP).<br \/>\nEs va posar en marxa el curs 2014-2015 per tal de facilitar l\u2019aprenentatge d\u2019una o m\u00e9s lleng\u00fces estrangeres i establir les bases que permetran a l\u2019alumnat aprendre qualsevol llengua d\u2019una manera eficient. Els&hellip;  <a href=\"https:\/\/agora.xtec.cat\/ceipmacia-companys\/lescola\/projectes\/pla-dinnovacio-en-llengues\/\" title=\"Read Pla d&#8217;innovaci\u00f3 en lleng\u00fces\">Llegeix m\u00e9s\u00bb<\/a><\/p>\n","protected":false},"author":1,"featured_media":0,"parent":15571,"menu_order":3,"comment_status":"closed","ping_status":"closed","template":"","meta":{"_bbp_topic_count":0,"_bbp_reply_count":0,"_bbp_total_topic_count":0,"_bbp_total_reply_count":0,"_bbp_voice_count":0,"_bbp_anonymous_reply_count":0,"_bbp_topic_count_hidden":0,"_bbp_reply_count_hidden":0,"_bbp_forum_subforum_count":0,"footnotes":""},"class_list":["post-15584","page","type-page","status-publish","hentry"],"post_mailing_queue_ids":[],"_links":{"self":[{"href":"https:\/\/agora.xtec.cat\/ceipmacia-companys\/wp-json\/wp\/v2\/pages\/15584","targetHints":{"allow":["GET"]}}],"collection":[{"href":"https:\/\/agora.xtec.cat\/ceipmacia-companys\/wp-json\/wp\/v2\/pages"}],"about":[{"href":"https:\/\/agora.xtec.cat\/ceipmacia-companys\/wp-json\/wp\/v2\/types\/page"}],"author":[{"embeddable":true,"href":"https:\/\/agora.xtec.cat\/ceipmacia-companys\/wp-json\/wp\/v2\/users\/1"}],"replies":[{"embeddable":true,"href":"https:\/\/agora.xtec.cat\/ceipmacia-companys\/wp-json\/wp\/v2\/comments?post=15584"}],"version-history":[{"count":3,"href":"https:\/\/agora.xtec.cat\/ceipmacia-companys\/wp-json\/wp\/v2\/pages\/15584\/revisions"}],"predecessor-version":[{"id":15592,"href":"https:\/\/agora.xtec.cat\/ceipmacia-companys\/wp-json\/wp\/v2\/pages\/15584\/revisions\/15592"}],"up":[{"embeddable":true,"href":"https:\/\/agora.xtec.cat\/ceipmacia-companys\/wp-json\/wp\/v2\/pages\/15571"}],"wp:attachment":[{"href":"https:\/\/agora.xtec.cat\/ceipmacia-companys\/wp-json\/wp\/v2\/media?parent=15584"}],"curies":[{"name":"wp","href":"https:\/\/api.w.org\/{rel}","templated":true}]}}