{"id":10434,"date":"2020-03-17T14:13:09","date_gmt":"2020-03-17T13:13:09","guid":{"rendered":"https:\/\/agora.xtec.cat\/ceipmacia-companys\/?page_id=10434"},"modified":"2020-03-21T20:41:47","modified_gmt":"2020-03-21T19:41:47","slug":"propostes-dactivitats","status":"publish","type":"page","link":"https:\/\/agora.xtec.cat\/ceipmacia-companys\/families\/propostes-dactivitats\/","title":{"rendered":"Propostes d&#8217;activitats per infantil"},"content":{"rendered":"<p><img decoding=\"async\" class=\"alignleft\" src=\"https:\/\/img.icons8.com\/dusk\/64\/000000\/home.png\" \/>A continuaci\u00f3 us proposem un recull de <strong>propostes d&#8217;activitats per fer a casa.<\/strong><\/p>\n<p><span style=\"color: #993366;\">Actualitzat el 21 de mar\u00e7 de 2020.<\/span><\/p>\n<h4><img decoding=\"async\" src=\"https:\/\/img.icons8.com\/dusk\/64\/000000\/children.png\" \/>Orientacions d\u2019educaci\u00f3 infantil<\/h4>\n<p>Cal compaginar temps de joc aut\u00f2nom en qu\u00e8 l\u2019infant decideixi qu\u00e8 vol fer i com, amb temps i activitats compartides amb l\u2019adult.<br \/>\nPer al temps de <strong>joc aut\u00f2nom<\/strong> hem de posar a l\u2019abast de l\u2019infant materials diversos amb els quals pugui elaborar el seu joc: materials per fer construccions, objectes o robes que serveixin per disfressar-se, materials inespec\u00edfics (conquilles, bastons, peces de fusta, envasos\u2026), titelles, ninos, cuinetes, contes, fulls, estris d\u2019escriptura&#8230;<br \/>\nPel que fa a les <strong>activitats compartides amb l\u2019adult<\/strong> podem fer diferents propostes que ajuden al desenvolupament de les seves capacitats. Per exemple:<\/p>\n<p><img decoding=\"async\" src=\"https:\/\/img.icons8.com\/dusk\/64\/000000\/communication.png\" \/><strong>Activitats de comunicaci\u00f3:<\/strong><\/p>\n<p>\u25cb Llegir contes, demanar als infants que ens els expliquin despr\u00e9s, que els acabin de forma diferent\u2026<br \/>\n\u25cb Mirar contes del web de TV3: <a href=\"https:\/\/www.ccma.cat\/tv3\/super3\/una-ma-de-contes\/\" target=\"_blank\" rel=\"noopener noreferrer\">Una m\u00e0 de contes.<\/a><br \/>\n\u25cb Realitzar un diari i anar-hi incorporant: les an\u00e8cdotes del dia, retalls d\u2019imatges, petites converses, dibuixos, retalls de paraules de cat\u00e0legs\u2026<br \/>\n\u25cb Triar una hist\u00f2ria o conte i representar-lo amb titelles o escenificant-lo.<br \/>\n\u25cb Inventar hist\u00f2ries, dibuixar-les, escriure qu\u00e8 hi passa (com ho vulguin escriure).<\/p>\n<p><img decoding=\"async\" src=\"https:\/\/img.icons8.com\/dusk\/64\/000000\/walking.png\" \/><strong>Activitats que impliquin moviment:\u00a0<\/strong><\/p>\n<ul>\n<li>Proposar jocs que requereixin despla\u00e7ar-se, imaginant itineraris o seguint-ne de fixos, lliures o amb obstacles elaborats amb elements i mobiliari dom\u00e8stic, amb diferents formes de marxa: caminant, saltant, a peu coix, arrossegant-se o rodolant&#8230;<\/li>\n<li>Fer activitats que necessitin equilibri i coordinaci\u00f3 -per la superf\u00edcie on es desplacem, per la traject\u00f2ria seguir o la pr\u00f2pia naturalesa del joc que es proposi-, amb elements com pilotes, dianes, bitlles&#8230;<\/li>\n<li>Caminar, c\u00f3rrer, saltar, grimpar, fer equilibris\u2026 sempre que sigui possible.<\/li>\n<\/ul>\n<p><strong><span style=\"font-family: inherit; font-size: 1em;\"><img decoding=\"async\" src=\"https:\/\/img.icons8.com\/dusk\/64\/000000\/test-tube.png\" \/>Activitats d\u2019experimentaci\u00f3:<\/span><\/strong><\/p>\n<p>\u25cb <a href=\"https:\/\/www.slideshare.net\/edelinbravo29\/manual-de-experimentos-preescolar\" target=\"_blank\" rel=\"noopener noreferrer\">Manual de experimentos.<\/a><br \/>\n\u25cb <a href=\"https:\/\/www.ccma.cat\/tv3\/super3\/dinamiks\/\" target=\"_blank\" rel=\"noopener noreferrer\">Dinamiks.<\/a><br \/>\n\u25cb <a href=\"https:\/\/www.aprenentamblesmans.cat\/category\/educacio-infantil\/geometria-educacio-infantil\/\" target=\"_blank\" rel=\"noopener noreferrer\">Aprenent amb les mans.<\/a><\/p>\n<p><strong><img decoding=\"async\" class=\"alignleft\" src=\"https:\/\/img.icons8.com\/dusk\/64\/000000\/dining-table-light.png\" \/><\/strong><\/p>\n<p>&nbsp;<\/p>\n<p><strong>Jocs de taula:<\/strong><\/p>\n<p>\u25cb Parx\u00eds, sudoku, trencaclosques, jocs de cartes, etc.<\/p>\n<p><img decoding=\"async\" class=\"alignleft\" src=\"https:\/\/img.icons8.com\/dusk\/64\/000000\/picture-in-picture.png\" \/><\/p>\n<p>&nbsp;<\/p>\n<p><strong>Activitats en entorns digitals:<\/strong><\/p>\n<p>\u25cb Enregistrar un \u00e0udio o un v\u00eddeo amb un conte, una can\u00e7\u00f3 o un relat amb l\u2019infant com a protagonista i escoltar-lo o veure\u2019l. Comentar amb l\u2019infant qu\u00e8 poden fer diferent, com ho poden enriquir\u2026<br \/>\n\u25cb Instal\u00b7lar a la tauleta alguna de les apps referenciades al portal <a href=\"https:\/\/toolbox.mobileworldcapital.com\/apps\/android\/attribute%5BTaxonomyTaxonomyValue0%5D:1\" target=\"_blank\" rel=\"noopener noreferrer\">Toolbox<\/a> \u2026 i acompanyar els infants en la tria de l\u2019app, en el funcionament i durant el joc.<br \/>\n\u25cb Realitzar els jocs que et proposa el web <a href=\"http:\/\/www.edu365.cat\/infantil\/\" target=\"_blank\" rel=\"noopener noreferrer\">Edu365.<\/a><\/p>\n<p><img decoding=\"async\" src=\"https:\/\/img.icons8.com\/dusk\/64\/000000\/home-page.png\" \/><strong>Col.laborar en les tasques de la llar:<\/strong><\/p>\n<p>\u25cb Ajudar en la preparaci\u00f3 del menjar: pelar fruita, preparar amanides, preparar el berenar\u2026<br \/>\n\u25cb Endre\u00e7ar l\u2019habitaci\u00f3<br \/>\n\u25cb Parar taula i recollir-la<br \/>\n\u25cb Plegar i classificar la roba&#8230;<\/p>\n","protected":false},"excerpt":{"rendered":"<p>A continuaci\u00f3 us proposem un recull de propostes d&#8217;activitats per fer a casa.<br \/>\nActualitzat el 21 de mar\u00e7 de 2020.<br \/>\nOrientacions d\u2019educaci\u00f3 infantil<br \/>\nCal compaginar temps de joc aut\u00f2nom en qu\u00e8 l\u2019infant decideixi qu\u00e8 vol fer i com, amb temps i activitats compartides amb l\u2019adult.<br \/>\nPer al temps de&hellip;  <a href=\"https:\/\/agora.xtec.cat\/ceipmacia-companys\/families\/propostes-dactivitats\/\" title=\"Read Propostes d&#8217;activitats per infantil\">Llegeix m\u00e9s\u00bb<\/a><\/p>\n","protected":false},"author":1,"featured_media":0,"parent":469,"menu_order":2,"comment_status":"closed","ping_status":"closed","template":"page-templates\/side-menu.php","meta":{"_bbp_topic_count":0,"_bbp_reply_count":0,"_bbp_total_topic_count":0,"_bbp_total_reply_count":0,"_bbp_voice_count":0,"_bbp_anonymous_reply_count":0,"_bbp_topic_count_hidden":0,"_bbp_reply_count_hidden":0,"_bbp_forum_subforum_count":0,"footnotes":""},"class_list":["post-10434","page","type-page","status-publish","hentry"],"post_mailing_queue_ids":[],"_links":{"self":[{"href":"https:\/\/agora.xtec.cat\/ceipmacia-companys\/wp-json\/wp\/v2\/pages\/10434","targetHints":{"allow":["GET"]}}],"collection":[{"href":"https:\/\/agora.xtec.cat\/ceipmacia-companys\/wp-json\/wp\/v2\/pages"}],"about":[{"href":"https:\/\/agora.xtec.cat\/ceipmacia-companys\/wp-json\/wp\/v2\/types\/page"}],"author":[{"embeddable":true,"href":"https:\/\/agora.xtec.cat\/ceipmacia-companys\/wp-json\/wp\/v2\/users\/1"}],"replies":[{"embeddable":true,"href":"https:\/\/agora.xtec.cat\/ceipmacia-companys\/wp-json\/wp\/v2\/comments?post=10434"}],"version-history":[{"count":4,"href":"https:\/\/agora.xtec.cat\/ceipmacia-companys\/wp-json\/wp\/v2\/pages\/10434\/revisions"}],"predecessor-version":[{"id":10525,"href":"https:\/\/agora.xtec.cat\/ceipmacia-companys\/wp-json\/wp\/v2\/pages\/10434\/revisions\/10525"}],"up":[{"embeddable":true,"href":"https:\/\/agora.xtec.cat\/ceipmacia-companys\/wp-json\/wp\/v2\/pages\/469"}],"wp:attachment":[{"href":"https:\/\/agora.xtec.cat\/ceipmacia-companys\/wp-json\/wp\/v2\/media?parent=10434"}],"curies":[{"name":"wp","href":"https:\/\/api.w.org\/{rel}","templated":true}]}}