{"id":77,"date":"2014-09-18T14:05:08","date_gmt":"2014-09-18T13:05:08","guid":{"rendered":"http:\/\/agora.xtec.cat\/ceipm-reina-violant\/?page_id=77"},"modified":"2022-12-08T16:15:05","modified_gmt":"2022-12-08T15:15:05","slug":"acollida","status":"publish","type":"page","link":"https:\/\/agora.xtec.cat\/ceipm-reina-violant\/serveis\/acollida\/","title":{"rendered":"Activitats del migdia"},"content":{"rendered":"<p>Hi ha un proverbi afric\u00e0 que diu: <b>&#8220;Si vols anar r\u00e0pid v\u00e9s sol, si vols arribar lluny, v\u00e9s acompanyat&#8221;.<\/b><\/p>\n<p>El missatge que es despr\u00e8n d&#8217;aquest proverbi afric\u00e0 ens ha servit a l&#8217;equip de monitors del Reina Violant com a motor per engegar aquest curs 2015-2016 un projecte pilot que s&#8217;ha anat desenvolupant de mica en mica durant l&#8217;estona del migdia.<\/p>\n<p>A partir d&#8217;aquest moment, ens vam reunir amb els alumnes de prim\u00e0ria i vam parlar sobre l&#8217;ajuda i el voluntariat. Reflexionant de manera conjunta, sobre la import\u00e0ncia de prestar ajuda a alg\u00fa i de sentir-se ajudat pels altres.<\/p>\n<p>El projecte IMPLICA&#8217;T t\u00e9 per objectiu compartir i continuar treballant aspectes en aquesta estona de lleure, que pensem que tamb\u00e9 es contemplen a l&#8217;ideari de l&#8217;escola.<\/p>\n<p>Hem pensat en el projecte des d&#8217;una mirada oberta i flexible per tal que aquest pugui anar creixent, millorant i adaptant-se segons les necessitats de l&#8217;entorn, les propostes dels nens i nenes que volunt\u00e0riament s&#8217;impliquen i de tot aquell qui vulgui col\u00b7laborar i se senti identificat en el treball dels seg\u00fcents punts:<\/p>\n<p>&#8211; L&#8217;altruisme<\/p>\n<p>&#8211; L&#8217;empatia<\/p>\n<p>&#8211; La generositat<\/p>\n<p>&#8211; La confian\u00e7a<\/p>\n<p>Aquest seguit de punts -actituds- creiem que s\u00f3n a la vegada, pilars fonamentals de l&#8217;amistat. I \u00e9s la implicaci\u00f3 di\u00e0ria de tots aquells nens i nenes que s&#8217;han volgut sumar a la idea el que ha perm\u00e8s de posar en pr\u00e0ctica tots els aspectes anteriorment especificats. Al mateix temps, tots queden\u00a0estretament relacionats i integrats en una manera de fer (no s&#8217;ent\u00e9n l&#8217;empatia sense la generositat i la confian\u00e7a) contribuint a la millora de la conviv\u00e8ncia di\u00e0ria a l&#8217;escola.<\/p>\n<p>A l&#8217;apartat d&#8217;implicacions del bloc, hem recollit les diferents activitats que s&#8217;han realitzat durant el curs i\u00a0tamb\u00e9 les sensacions que han viscut mentre les feien.<\/p>\n<p>Sens dubte pensem que estem davant d&#8217;un comprom\u00eds que ens inclou a tots: <b>&#8220;No deixar mai d&#8217;aprendre&#8221;.<\/b><b>\u00a0<\/b><br \/>\nTothom pot aportar alguna cosa interessant als altres. Es per aix\u00f2 que considerem que des de l&#8217;ajuda i la implicaci\u00f3.<\/p>\n<p><a href=\"http:\/\/projecteimplicat.blogspot.com.es\/\" target=\"_blank\" rel=\"noopener noreferrer\">El blog del migdia: <em><strong>Projecte IMPLICA&#8217;T<\/strong><\/em><\/a><\/p>\n<p><strong>&gt;&gt;&gt; El web del <em>Projecte Implica&#8217;t<\/em> est\u00e0 actualitzat fins el 2018; les seg\u00fcents activitats es poden veure a la <a href=\"http:\/\/afareinaviolant.org\/galeria-temps-de-migdia\/\" target=\"_blank\" rel=\"noopener\">Galeria de Migdia del web de l&#8217;AFA<\/a>!\u00a0<\/strong><\/p>\n","protected":false},"excerpt":{"rendered":"<p>Hi ha un proverbi afric\u00e0 que diu: &#8220;Si vols anar r\u00e0pid v\u00e9s sol, si vols arribar lluny, v\u00e9s acompanyat&#8221;.<br \/>\nEl missatge que es despr\u00e8n d&#8217;aquest proverbi afric\u00e0 ens ha servit a l&#8217;equip de monitors del Reina Violant com a motor per engegar aquest curs 2015-2016 un&hellip;  <a href=\"https:\/\/agora.xtec.cat\/ceipm-reina-violant\/serveis\/acollida\/\" title=\"Read Activitats del migdia\">Llegeix m\u00e9s\u00bb<\/a><\/p>\n","protected":false},"author":1,"featured_media":0,"parent":66,"menu_order":2,"comment_status":"closed","ping_status":"closed","template":"page-templates\/side-menu.php","meta":{"_bbp_topic_count":0,"_bbp_reply_count":0,"_bbp_total_topic_count":0,"_bbp_total_reply_count":0,"_bbp_voice_count":0,"_bbp_anonymous_reply_count":0,"_bbp_topic_count_hidden":0,"_bbp_reply_count_hidden":0,"_bbp_forum_subforum_count":0,"footnotes":""},"class_list":["post-77","page","type-page","status-publish","hentry"],"post_mailing_queue_ids":[],"_links":{"self":[{"href":"https:\/\/agora.xtec.cat\/ceipm-reina-violant\/wp-json\/wp\/v2\/pages\/77","targetHints":{"allow":["GET"]}}],"collection":[{"href":"https:\/\/agora.xtec.cat\/ceipm-reina-violant\/wp-json\/wp\/v2\/pages"}],"about":[{"href":"https:\/\/agora.xtec.cat\/ceipm-reina-violant\/wp-json\/wp\/v2\/types\/page"}],"author":[{"embeddable":true,"href":"https:\/\/agora.xtec.cat\/ceipm-reina-violant\/wp-json\/wp\/v2\/users\/1"}],"replies":[{"embeddable":true,"href":"https:\/\/agora.xtec.cat\/ceipm-reina-violant\/wp-json\/wp\/v2\/comments?post=77"}],"version-history":[{"count":4,"href":"https:\/\/agora.xtec.cat\/ceipm-reina-violant\/wp-json\/wp\/v2\/pages\/77\/revisions"}],"predecessor-version":[{"id":6809,"href":"https:\/\/agora.xtec.cat\/ceipm-reina-violant\/wp-json\/wp\/v2\/pages\/77\/revisions\/6809"}],"up":[{"embeddable":true,"href":"https:\/\/agora.xtec.cat\/ceipm-reina-violant\/wp-json\/wp\/v2\/pages\/66"}],"wp:attachment":[{"href":"https:\/\/agora.xtec.cat\/ceipm-reina-violant\/wp-json\/wp\/v2\/media?parent=77"}],"curies":[{"name":"wp","href":"https:\/\/api.w.org\/{rel}","templated":true}]}}