{"id":743,"date":"2016-10-26T12:14:17","date_gmt":"2016-10-26T10:14:17","guid":{"rendered":"http:\/\/agora.xtec.cat\/ceipm-reina-violant\/?page_id=743"},"modified":"2020-04-01T13:40:49","modified_gmt":"2020-04-01T11:40:49","slug":"blogs","status":"publish","type":"page","link":"https:\/\/agora.xtec.cat\/ceipm-reina-violant\/blogs\/","title":{"rendered":"Blogs"},"content":{"rendered":"<h3 style=\"text-align: left;\"><strong>Educaci\u00f3 infantil<\/strong><\/h3>\n<p>Educaci\u00f3 infantil s&#8217;ha endinsat en el projecte &#8220;<strong><em>EL CIRC&#8221;\u00a0<\/em><\/strong> i \u00e9s per aquest motiu, que els noms de les classes s\u00f3n els seg\u00fcents:<\/p>\n<p><a href=\"https:\/\/2016pallassos.blogspot.com\/\" target=\"_blank\" rel=\"noopener noreferrer\"><img loading=\"lazy\" decoding=\"async\" class=\"wp-image-4521 alignleft\" src=\"https:\/\/agora.xtec.cat\/ceipm-reina-violant\/wp-content\/uploads\/usu796\/2020\/02\/pallasso-273x300.png\" alt=\"\" width=\"150\" height=\"165\" srcset=\"https:\/\/agora.xtec.cat\/ceipm-reina-violant\/wp-content\/uploads\/usu796\/2020\/02\/pallasso-273x300.png 273w, https:\/\/agora.xtec.cat\/ceipm-reina-violant\/wp-content\/uploads\/usu796\/2020\/02\/pallasso.png 510w\" sizes=\"auto, (max-width: 150px) 100vw, 150px\" \/><\/a> \u00a0 \u00a0 \u00a0 \u00a0 \u00a0 \u00a0 \u00a0\u00a0\u00a0 \u00a0 \u00a0 \u00a0\u00a0 <a href=\"http:\/\/2015reina.blogspot.com\/\" target=\"_blank\" rel=\"noopener noreferrer\"><img loading=\"lazy\" decoding=\"async\" class=\"wp-image-4520 alignleft\" src=\"https:\/\/agora.xtec.cat\/ceipm-reina-violant\/wp-content\/uploads\/usu796\/2020\/02\/home-bala.png\" alt=\"\" width=\"126\" height=\"168\" \/><\/a><\/p>\n<p><a href=\"https:\/\/2014reina.blogspot.com\/\" target=\"_blank\" rel=\"noopener noreferrer\"><img loading=\"lazy\" decoding=\"async\" class=\" wp-image-4519 alignleft\" src=\"https:\/\/agora.xtec.cat\/ceipm-reina-violant\/wp-content\/uploads\/usu796\/2020\/02\/for\u00e7ut-300x176.png\" alt=\"\" width=\"206\" height=\"121\" srcset=\"https:\/\/agora.xtec.cat\/ceipm-reina-violant\/wp-content\/uploads\/usu796\/2020\/02\/for\u00e7ut-300x176.png 300w, https:\/\/agora.xtec.cat\/ceipm-reina-violant\/wp-content\/uploads\/usu796\/2020\/02\/for\u00e7ut.png 479w\" sizes=\"auto, (max-width: 206px) 100vw, 206px\" \/><\/a><\/p>\n<p>&nbsp;<\/p>\n<p>&nbsp;<\/p>\n<h3><\/h3>\n<p><strong>\u00a0\u00a0 \u00a0 \u00a0 \u00a0 \u00a0\u00a0<\/strong><\/p>\n<p>&nbsp;<\/p>\n<p>&nbsp;<\/p>\n<h3><strong>Prim\u00e0ria<\/strong><\/h3>\n<p><a href=\"http:\/\/2013rv.blogspot.com\/\" target=\"_blank\" rel=\"noopener noreferrer\"><img loading=\"lazy\" decoding=\"async\" class=\"wp-image-4336 alignleft\" src=\"https:\/\/agora.xtec.cat\/ceipm-reina-violant\/wp-content\/uploads\/usu796\/2019\/10\/diamants-300x160.jpg\" alt=\"\" width=\"255\" height=\"136\" srcset=\"https:\/\/agora.xtec.cat\/ceipm-reina-violant\/wp-content\/uploads\/usu796\/2019\/10\/diamants-300x160.jpg 300w, https:\/\/agora.xtec.cat\/ceipm-reina-violant\/wp-content\/uploads\/usu796\/2019\/10\/diamants.jpg 308w\" sizes=\"auto, (max-width: 255px) 100vw, 255px\" \/><\/a><a href=\"http:\/\/2012reinav.blogspot.com\/\" target=\"_blank\" rel=\"noopener noreferrer\"><img loading=\"lazy\" decoding=\"async\" class=\"wp-image-4524 alignleft\" src=\"https:\/\/agora.xtec.cat\/ceipm-reina-violant\/wp-content\/uploads\/usu796\/2020\/02\/8TxkA8pTp-300x224.jpg\" alt=\"\" width=\"182\" height=\"136\" srcset=\"https:\/\/agora.xtec.cat\/ceipm-reina-violant\/wp-content\/uploads\/usu796\/2020\/02\/8TxkA8pTp-300x224.jpg 300w, https:\/\/agora.xtec.cat\/ceipm-reina-violant\/wp-content\/uploads\/usu796\/2020\/02\/8TxkA8pTp-768x574.jpg 768w, https:\/\/agora.xtec.cat\/ceipm-reina-violant\/wp-content\/uploads\/usu796\/2020\/02\/8TxkA8pTp.jpg 1024w, https:\/\/agora.xtec.cat\/ceipm-reina-violant\/wp-content\/uploads\/usu796\/2020\/02\/8TxkA8pTp-200x150.jpg 200w\" sizes=\"auto, (max-width: 182px) 100vw, 182px\" \/><\/a><a href=\"http:\/\/2011arv.blogspot.com\" target=\"_blank\" rel=\"noopener noreferrer\"><img loading=\"lazy\" decoding=\"async\" class=\"wp-image-4338 alignnone\" src=\"https:\/\/agora.xtec.cat\/ceipm-reina-violant\/wp-content\/uploads\/usu796\/2019\/10\/falcons-3rA-300x168.jpg\" alt=\"\" width=\"252\" height=\"141\" \/><\/a><\/p>\n<p><a href=\"http:\/\/2011brv.blogspot.com\/\" target=\"_blank\" rel=\"noopener noreferrer\"><img loading=\"lazy\" decoding=\"async\" class=\"wp-image-4339 alignleft\" src=\"https:\/\/agora.xtec.cat\/ceipm-reina-violant\/wp-content\/uploads\/usu796\/2019\/10\/les-gal\u00e0xies-3r-B.jpg\" alt=\"\" width=\"254\" height=\"163\" \/><\/a><a href=\"http:\/\/2010rv.blogspot.com\/\" target=\"_blank\" rel=\"noopener noreferrer\"><img loading=\"lazy\" decoding=\"async\" class=\"wp-image-4340 alignleft\" src=\"https:\/\/agora.xtec.cat\/ceipm-reina-violant\/wp-content\/uploads\/usu796\/2019\/10\/cactus-mutants-4t.jpg\" alt=\"\" width=\"244\" height=\"162\" \/><\/a><a href=\"http:\/\/2009rv.blogspot.com\/\" target=\"_blank\" rel=\"noopener noreferrer\"><img loading=\"lazy\" decoding=\"async\" class=\"wp-image-4526 alignleft\" src=\"https:\/\/agora.xtec.cat\/ceipm-reina-violant\/wp-content\/uploads\/usu796\/2020\/02\/f3h2_xhok_141026-300x234.jpg\" alt=\"\" width=\"214\" height=\"167\" srcset=\"https:\/\/agora.xtec.cat\/ceipm-reina-violant\/wp-content\/uploads\/usu796\/2020\/02\/f3h2_xhok_141026-300x234.jpg 300w, https:\/\/agora.xtec.cat\/ceipm-reina-violant\/wp-content\/uploads\/usu796\/2020\/02\/f3h2_xhok_141026-768x599.jpg 768w, https:\/\/agora.xtec.cat\/ceipm-reina-violant\/wp-content\/uploads\/usu796\/2020\/02\/f3h2_xhok_141026-1024x799.jpg 1024w, https:\/\/agora.xtec.cat\/ceipm-reina-violant\/wp-content\/uploads\/usu796\/2020\/02\/f3h2_xhok_141026.jpg 2000w\" sizes=\"auto, (max-width: 214px) 100vw, 214px\" \/><\/a><\/p>\n<p>&nbsp;<\/p>\n<p>&nbsp;<\/p>\n<p>&nbsp;<\/p>\n<p>&nbsp;<\/p>\n<p><a href=\"https:\/\/rv2008.blogspot.com\/\" target=\"_blank\" rel=\"noopener noreferrer\"><img loading=\"lazy\" decoding=\"async\" class=\"wp-image-4342 alignleft\" src=\"https:\/\/agora.xtec.cat\/ceipm-reina-violant\/wp-content\/uploads\/usu796\/2019\/10\/deus-i-deeses-6\u00e8-300x136.jpg\" alt=\"\" width=\"329\" height=\"149\" srcset=\"https:\/\/agora.xtec.cat\/ceipm-reina-violant\/wp-content\/uploads\/usu796\/2019\/10\/deus-i-deeses-6\u00e8-300x136.jpg 300w, https:\/\/agora.xtec.cat\/ceipm-reina-violant\/wp-content\/uploads\/usu796\/2019\/10\/deus-i-deeses-6\u00e8.jpg 334w\" sizes=\"auto, (max-width: 329px) 100vw, 329px\" \/><\/a><\/p>\n<p>&nbsp;<\/p>\n<p>&nbsp;<\/p>\n<p>&nbsp;<\/p>\n<p>&nbsp;<\/p>\n<p>&nbsp;<\/p>\n<h3><strong>Angl\u00e8s i M\u00fasica<\/strong><\/h3>\n<p><a href=\"http:\/\/anglesreina.blogspot.com\/\" target=\"_blank\" rel=\"noopener noreferrer\"><img loading=\"lazy\" decoding=\"async\" class=\"alignleft wp-image-4835\" src=\"https:\/\/agora.xtec.cat\/ceipm-reina-violant\/wp-content\/uploads\/usu796\/2020\/03\/Screenshot_2020-03-04-English-is-fun-in-Reina-Violant-300x73.png\" alt=\"\" width=\"366\" height=\"89\" srcset=\"https:\/\/agora.xtec.cat\/ceipm-reina-violant\/wp-content\/uploads\/usu796\/2020\/03\/Screenshot_2020-03-04-English-is-fun-in-Reina-Violant-300x73.png 300w, https:\/\/agora.xtec.cat\/ceipm-reina-violant\/wp-content\/uploads\/usu796\/2020\/03\/Screenshot_2020-03-04-English-is-fun-in-Reina-Violant-768x188.png 768w, https:\/\/agora.xtec.cat\/ceipm-reina-violant\/wp-content\/uploads\/usu796\/2020\/03\/Screenshot_2020-03-04-English-is-fun-in-Reina-Violant.png 850w\" sizes=\"auto, (max-width: 366px) 100vw, 366px\" \/><\/a> <a href=\"http:\/\/musicarv12.blogspot.com\/\" target=\"_blank\" rel=\"noopener noreferrer\"><img loading=\"lazy\" decoding=\"async\" class=\"alignleft wp-image-4836\" src=\"https:\/\/agora.xtec.cat\/ceipm-reina-violant\/wp-content\/uploads\/usu796\/2020\/03\/Screenshot_2020-03-04-La-m\u00fasica-del-Reina-Violant-300x59.png\" alt=\"\" width=\"448\" height=\"88\" srcset=\"https:\/\/agora.xtec.cat\/ceipm-reina-violant\/wp-content\/uploads\/usu796\/2020\/03\/Screenshot_2020-03-04-La-m\u00fasica-del-Reina-Violant-300x59.png 300w, https:\/\/agora.xtec.cat\/ceipm-reina-violant\/wp-content\/uploads\/usu796\/2020\/03\/Screenshot_2020-03-04-La-m\u00fasica-del-Reina-Violant.png 635w\" sizes=\"auto, (max-width: 448px) 100vw, 448px\" \/><\/a><\/p>\n<p>&nbsp;<\/p>\n<p>&nbsp;<\/p>\n<p>&nbsp;<\/p>\n<p>&nbsp;<\/p>\n","protected":false},"excerpt":{"rendered":"<p>Educaci\u00f3 infantil<br \/>\nEducaci\u00f3 infantil s&#8217;ha endinsat en el projecte &#8220;EL CIRC&#8221;\u00a0 i \u00e9s per aquest motiu, que els noms de les classes s\u00f3n els seg\u00fcents:<br \/>\n<a href=\"https:\/\/2016pallassos.blogspot.com\/\" target=\"_blank\" rel=\"noopener noreferrer\"><\/a> \u00a0 \u00a0 \u00a0 \u00a0 \u00a0 \u00a0 \u00a0\u00a0\u00a0 \u00a0 \u00a0 \u00a0\u00a0 <a href=\"http:\/\/2015reina.blogspot.com\/\" target=\"_blank\" rel=\"noopener noreferrer\"><\/a><br \/>\n<a href=\"https:\/\/2014reina.blogspot.com\/\" target=\"_blank\"&hellip;  <a href=\"https:\/\/agora.xtec.cat\/ceipm-reina-violant\/blogs\/\" title=\"Read Blogs\">Llegeix m\u00e9s\u00bb<\/a><\/p>\n","protected":false},"author":1,"featured_media":0,"parent":0,"menu_order":0,"comment_status":"closed","ping_status":"closed","template":"","meta":{"_bbp_topic_count":0,"_bbp_reply_count":0,"_bbp_total_topic_count":0,"_bbp_total_reply_count":0,"_bbp_voice_count":0,"_bbp_anonymous_reply_count":0,"_bbp_topic_count_hidden":0,"_bbp_reply_count_hidden":0,"_bbp_forum_subforum_count":0,"footnotes":""},"class_list":["post-743","page","type-page","status-publish","hentry"],"post_mailing_queue_ids":[],"_links":{"self":[{"href":"https:\/\/agora.xtec.cat\/ceipm-reina-violant\/wp-json\/wp\/v2\/pages\/743","targetHints":{"allow":["GET"]}}],"collection":[{"href":"https:\/\/agora.xtec.cat\/ceipm-reina-violant\/wp-json\/wp\/v2\/pages"}],"about":[{"href":"https:\/\/agora.xtec.cat\/ceipm-reina-violant\/wp-json\/wp\/v2\/types\/page"}],"author":[{"embeddable":true,"href":"https:\/\/agora.xtec.cat\/ceipm-reina-violant\/wp-json\/wp\/v2\/users\/1"}],"replies":[{"embeddable":true,"href":"https:\/\/agora.xtec.cat\/ceipm-reina-violant\/wp-json\/wp\/v2\/comments?post=743"}],"version-history":[{"count":2,"href":"https:\/\/agora.xtec.cat\/ceipm-reina-violant\/wp-json\/wp\/v2\/pages\/743\/revisions"}],"predecessor-version":[{"id":4933,"href":"https:\/\/agora.xtec.cat\/ceipm-reina-violant\/wp-json\/wp\/v2\/pages\/743\/revisions\/4933"}],"wp:attachment":[{"href":"https:\/\/agora.xtec.cat\/ceipm-reina-violant\/wp-json\/wp\/v2\/media?parent=743"}],"curies":[{"name":"wp","href":"https:\/\/api.w.org\/{rel}","templated":true}]}}