{"id":6815,"date":"2022-11-17T01:05:57","date_gmt":"2022-11-17T00:05:57","guid":{"rendered":"https:\/\/agora.xtec.cat\/ceipm-reina-violant\/?page_id=6815"},"modified":"2024-10-22T15:16:43","modified_gmt":"2024-10-22T13:16:43","slug":"dossier-informatiu","status":"publish","type":"page","link":"https:\/\/agora.xtec.cat\/ceipm-reina-violant\/projecte-educatiu\/dossier-informatiu\/","title":{"rendered":"Projecte de Direcci\u00f3 22-26"},"content":{"rendered":"<p>El Projecte de Direcci\u00f3 2022-2026 neix de l\u2019experi\u00e8ncia docent al llarg dels anys, en diferents centres educatius, i la voluntat de fer cr\u00e9ixer la gran potencialitat d\u2019aquesta escola petita, popular, c\u00e0lida i acollidora en diferents aspectes, at\u00e8s que el Reina Violant es troba en un context enriquidor i neix d\u2019un entorn sociofamiliar molt implicat en l\u2019educaci\u00f3 dels seus infants.<\/p>\n<p>El Projecte pret\u00e9n assumir una direcci\u00f3 basada en el lideratge distribu\u00eft, que promogui la interacci\u00f3 i el di\u00e0leg entre les persones, per tal de vertebrar un equip docent responsable, conscient i comprom\u00e8s amb el nostre projecte educatiu. Tanmateix, sorgeix amb la decisi\u00f3 de ser un guiatge que promogui una etapa de consolidaci\u00f3 i de progr\u00e9s en el centre.<\/p>\n<p>Les l\u00ednies de millora en els diferents \u00e0mbits -pedag\u00f2gic, de gesti\u00f3 i de relaci\u00f3- se sustenten en evid\u00e8ncies demostrades en educaci\u00f3. En un moment com el present en qu\u00e8 la innovaci\u00f3\u00a0pedag\u00f2gica \u00e9s una realitat i alhora una necessitat, resulta clau deixar enrere la metodologia tradicional i crear entorns educatius motivadors amb propostes obertes i metodologies actives i participatives, amb la finalitat de promoure en els infants l\u2019autonomia personal, la creativitat i l\u2019aprenentatge significatiu, aix\u00ed com la resta de capacitats i compet\u00e8ncies per a la vida del s.XXI.<\/p>\n<p>&nbsp;<\/p>\n<p>Els objectius establerts en el Projecte de Direcci\u00f3 s\u00f3n els seg\u00fcents:<\/p>\n<p>Objectiu 1:\u00a0<b>Millorar els processos i dels resultats educatius<\/b><\/p>\n<p>A trav\u00e9s de la implementaci\u00f3 de processos d\u2019avaluaci\u00f3 competencial, la millora de la compet\u00e8ncia comunicativa en llengua anglesa i matem\u00e0tica de l\u2019alumnat, la cura en l\u2019\u00fas vehicular de la llengua catalana i l\u2019increment de l\u2019atenci\u00f3 personalitzada a l\u2019alumnat en el marc d\u2019un sistema inclusiu.<\/p>\n<p><b>Objectiu 2: Millorar la cohesi\u00f3 social<\/b><\/p>\n<p>Potenciant l\u2019augment del vincle entre escola i fam\u00edlies, promovent la millora del clima i de la conviv\u00e8ncia al centre aix\u00ed com la formaci\u00f3 i la reflexi\u00f3 pedag\u00f2gica del claustre.<\/p>\n<p>Objectiu 3:\u00a0<b>Impulsar la innovaci\u00f3 pedag\u00f2gica i la cultura digital del centre<\/b><\/p>\n<p>Amb la promoci\u00f3 de metodologies actives i vivencials i l\u2019impuls de la cultura digital del centre.<\/p>\n<p>Objectiu 4:\u00a0<b>Definir la l\u00ednia d\u2019escola per millorar i projectar la imatge de l\u2019escola<\/b><\/p>\n<p>Fent una millora dels espais i de l\u2019est\u00e8tica de l\u2019edifici, adaptant i adequant la documentaci\u00f3 de centre, per tal de fer difusi\u00f3 del nou Projecte Educatiu de Centre.<\/p>\n","protected":false},"excerpt":{"rendered":"<p>El Projecte de Direcci\u00f3 2022-2026 neix de l\u2019experi\u00e8ncia docent al llarg dels anys, en diferents centres educatius, i la voluntat de fer cr\u00e9ixer la gran potencialitat d\u2019aquesta escola petita, popular, c\u00e0lida i acollidora en diferents aspectes, at\u00e8s que el Reina Violant es troba en un&hellip;  <a href=\"https:\/\/agora.xtec.cat\/ceipm-reina-violant\/projecte-educatiu\/dossier-informatiu\/\" title=\"Read Projecte de Direcci\u00f3 22-26\">Llegeix m\u00e9s\u00bb<\/a><\/p>\n","protected":false},"author":1,"featured_media":0,"parent":64,"menu_order":0,"comment_status":"closed","ping_status":"closed","template":"page-templates\/side-menu.php","meta":{"_bbp_topic_count":0,"_bbp_reply_count":0,"_bbp_total_topic_count":0,"_bbp_total_reply_count":0,"_bbp_voice_count":0,"_bbp_anonymous_reply_count":0,"_bbp_topic_count_hidden":0,"_bbp_reply_count_hidden":0,"_bbp_forum_subforum_count":0,"footnotes":""},"class_list":["post-6815","page","type-page","status-publish","hentry"],"post_mailing_queue_ids":[],"_links":{"self":[{"href":"https:\/\/agora.xtec.cat\/ceipm-reina-violant\/wp-json\/wp\/v2\/pages\/6815","targetHints":{"allow":["GET"]}}],"collection":[{"href":"https:\/\/agora.xtec.cat\/ceipm-reina-violant\/wp-json\/wp\/v2\/pages"}],"about":[{"href":"https:\/\/agora.xtec.cat\/ceipm-reina-violant\/wp-json\/wp\/v2\/types\/page"}],"author":[{"embeddable":true,"href":"https:\/\/agora.xtec.cat\/ceipm-reina-violant\/wp-json\/wp\/v2\/users\/1"}],"replies":[{"embeddable":true,"href":"https:\/\/agora.xtec.cat\/ceipm-reina-violant\/wp-json\/wp\/v2\/comments?post=6815"}],"version-history":[{"count":4,"href":"https:\/\/agora.xtec.cat\/ceipm-reina-violant\/wp-json\/wp\/v2\/pages\/6815\/revisions"}],"predecessor-version":[{"id":7285,"href":"https:\/\/agora.xtec.cat\/ceipm-reina-violant\/wp-json\/wp\/v2\/pages\/6815\/revisions\/7285"}],"up":[{"embeddable":true,"href":"https:\/\/agora.xtec.cat\/ceipm-reina-violant\/wp-json\/wp\/v2\/pages\/64"}],"wp:attachment":[{"href":"https:\/\/agora.xtec.cat\/ceipm-reina-violant\/wp-json\/wp\/v2\/media?parent=6815"}],"curies":[{"name":"wp","href":"https:\/\/api.w.org\/{rel}","templated":true}]}}