{"id":6586,"date":"2022-05-30T19:31:53","date_gmt":"2022-05-30T17:31:53","guid":{"rendered":"https:\/\/agora.xtec.cat\/ceipm-reina-violant\/?page_id=6586"},"modified":"2023-05-29T23:15:09","modified_gmt":"2023-05-29T21:15:09","slug":"pedc-pla-destrategia-digital-de-centre","status":"publish","type":"page","link":"https:\/\/agora.xtec.cat\/ceipm-reina-violant\/pagines-dinici\/pedc-pla-destrategia-digital-de-centre\/","title":{"rendered":"Estrat\u00e8gia Digital de Centre"},"content":{"rendered":"<p>&nbsp;<\/p>\n<p><span style=\"font-weight: 400;\">L&#8217;<\/span><b>ESTRAT\u00c8GIA DIGITAL de CENTRE<\/b> <b>(EDC) <\/b><span style=\"font-weight: 400;\">de l&#8217;escola Reina Violant <\/span><span style=\"font-weight: 400;\">\u00e9s un instrument pr\u00e0ctic que t\u00e9 per finalitat formalitzar la governan\u00e7a de la tecnologia en el marc de l&#8217;autonomia de centre i del Projecte Educatiu de Centre (PEC). \u00c9s el document que recull totes les accions que es realitzen per aconseguir la m\u00e0xima compet\u00e8ncia digital de l\u2019alumnat, del professorat i del nostre centre educatiu. <\/span><\/p>\n<p><span style=\"font-weight: 400;\">T\u00e9 com a referent el Pla d\u2019educaci\u00f3 digital de Catalunya (PEDC), i durant el curs 2021-2022 el claustre va participar en una Formaci\u00f3 Interna de Centre (FIC) amb un mentor que va ser el punt de partida per a reflexionar sobre la nostra EDC.<\/span><\/p>\n<p>Durant aquest curs, anirem treballant en l&#8217;elaboraci\u00f3 del document, per tal que substitueixi l&#8217;anterior Pla TAC.<\/p>\n<p><a href=\"https:\/\/agora.xtec.cat\/ceipm-reina-violant\/wp-content\/uploads\/usu796\/2022\/05\/PLA-TAC_juliol_2021.pdf\" target=\"_blank\" rel=\"noopener\"><img loading=\"lazy\" decoding=\"async\" class=\"alignleft wp-image-6601 \" src=\"https:\/\/agora.xtec.cat\/ceipm-reina-violant\/wp-content\/uploads\/usu796\/2022\/05\/Pla-tac-1.png\" alt=\"\" width=\"309\" height=\"134\" srcset=\"https:\/\/agora.xtec.cat\/ceipm-reina-violant\/wp-content\/uploads\/usu796\/2022\/05\/Pla-tac-1.png 341w, https:\/\/agora.xtec.cat\/ceipm-reina-violant\/wp-content\/uploads\/usu796\/2022\/05\/Pla-tac-1-300x130.png 300w\" sizes=\"auto, (max-width: 309px) 100vw, 309px\" \/><\/a><\/p>\n<p><strong>&lt;&lt;&lt;<\/strong> Clica a la imatge per a llegir el <strong><em>Pla TAC<\/em><\/strong> (vigent fins el curs 2021-2022)<\/p>\n<p>&nbsp;<\/p>\n<p>&nbsp;<\/p>\n","protected":false},"excerpt":{"rendered":"<p>&nbsp;<br \/>\nL&#8217;ESTRAT\u00c8GIA DIGITAL de CENTRE (EDC) de l&#8217;escola Reina Violant \u00e9s un instrument pr\u00e0ctic que t\u00e9 per finalitat formalitzar la governan\u00e7a de la tecnologia en el marc de l&#8217;autonomia de centre i del Projecte Educatiu de Centre (PEC). \u00c9s el document que recull totes les accions&hellip;  <a href=\"https:\/\/agora.xtec.cat\/ceipm-reina-violant\/pagines-dinici\/pedc-pla-destrategia-digital-de-centre\/\" title=\"Read Estrat\u00e8gia Digital de Centre\">Llegeix m\u00e9s\u00bb<\/a><\/p>\n","protected":false},"author":1,"featured_media":0,"parent":7,"menu_order":0,"comment_status":"closed","ping_status":"closed","template":"page-templates\/side-menu.php","meta":{"_bbp_topic_count":0,"_bbp_reply_count":0,"_bbp_total_topic_count":0,"_bbp_total_reply_count":0,"_bbp_voice_count":0,"_bbp_anonymous_reply_count":0,"_bbp_topic_count_hidden":0,"_bbp_reply_count_hidden":0,"_bbp_forum_subforum_count":0,"footnotes":""},"class_list":["post-6586","page","type-page","status-publish","hentry"],"post_mailing_queue_ids":[],"_links":{"self":[{"href":"https:\/\/agora.xtec.cat\/ceipm-reina-violant\/wp-json\/wp\/v2\/pages\/6586","targetHints":{"allow":["GET"]}}],"collection":[{"href":"https:\/\/agora.xtec.cat\/ceipm-reina-violant\/wp-json\/wp\/v2\/pages"}],"about":[{"href":"https:\/\/agora.xtec.cat\/ceipm-reina-violant\/wp-json\/wp\/v2\/types\/page"}],"author":[{"embeddable":true,"href":"https:\/\/agora.xtec.cat\/ceipm-reina-violant\/wp-json\/wp\/v2\/users\/1"}],"replies":[{"embeddable":true,"href":"https:\/\/agora.xtec.cat\/ceipm-reina-violant\/wp-json\/wp\/v2\/comments?post=6586"}],"version-history":[{"count":2,"href":"https:\/\/agora.xtec.cat\/ceipm-reina-violant\/wp-json\/wp\/v2\/pages\/6586\/revisions"}],"predecessor-version":[{"id":6843,"href":"https:\/\/agora.xtec.cat\/ceipm-reina-violant\/wp-json\/wp\/v2\/pages\/6586\/revisions\/6843"}],"up":[{"embeddable":true,"href":"https:\/\/agora.xtec.cat\/ceipm-reina-violant\/wp-json\/wp\/v2\/pages\/7"}],"wp:attachment":[{"href":"https:\/\/agora.xtec.cat\/ceipm-reina-violant\/wp-json\/wp\/v2\/media?parent=6586"}],"curies":[{"name":"wp","href":"https:\/\/api.w.org\/{rel}","templated":true}]}}