{"id":3120,"date":"2019-01-25T16:42:27","date_gmt":"2019-01-25T15:42:27","guid":{"rendered":"http:\/\/agora.xtec.cat\/ceipm-reina-violant\/?page_id=3120"},"modified":"2019-03-18T22:23:18","modified_gmt":"2019-03-18T21:23:18","slug":"les-colonies-al-reina","status":"publish","type":"page","link":"https:\/\/agora.xtec.cat\/ceipm-reina-violant\/les-colonies-al-reina\/","title":{"rendered":"LES COL\u00d2NIES AL REINA."},"content":{"rendered":"<p><a href=\"https:\/\/agora.xtec.cat\/ceipm-reina-violant\/wp-content\/uploads\/usu796\/2019\/01\/colonies-e1548609605866.png\"><img loading=\"lazy\" decoding=\"async\" class=\"alignleft size-thumbnail wp-image-3190\" src=\"https:\/\/agora.xtec.cat\/ceipm-reina-violant\/wp-content\/uploads\/usu796\/2019\/01\/colonies-e1548609605866-150x150.png\" alt=\"\" width=\"150\" height=\"150\" \/><\/a><\/p>\n<p>&nbsp;<\/p>\n<p>&nbsp;<\/p>\n<p>&nbsp;<\/p>\n<p>&nbsp;<\/p>\n<p><a href=\"https:\/\/agora.xtec.cat\/ceipm-reina-violant\/wp-content\/uploads\/usu796\/2019\/01\/IMG_6548-1.jpg\"><img loading=\"lazy\" decoding=\"async\" class=\"alignleft size-thumbnail wp-image-3148\" src=\"https:\/\/agora.xtec.cat\/ceipm-reina-violant\/wp-content\/uploads\/usu796\/2019\/01\/IMG_6548-1-150x150.jpg\" alt=\"\" width=\"150\" height=\"150\" \/><\/a> <a href=\"https:\/\/agora.xtec.cat\/ceipm-reina-violant\/wp-content\/uploads\/usu796\/2019\/01\/IMG_6547-1-e1552939776561.jpg\"><img loading=\"lazy\" decoding=\"async\" class=\"alignleft size-thumbnail wp-image-3147\" src=\"https:\/\/agora.xtec.cat\/ceipm-reina-violant\/wp-content\/uploads\/usu796\/2019\/01\/IMG_6547-1-e1552939776561-150x150.jpg\" alt=\"\" width=\"150\" height=\"150\" \/><\/a><\/p>\n<p>&nbsp;<\/p>\n<p>&nbsp;<\/p>\n<p>&nbsp;<\/p>\n<p>&nbsp;<\/p>\n<p>Benvolgudes fam\u00edlies,<\/p>\n<p>Aqu\u00ed teniu enlla\u00e7os als blogs d&#8217;aula on trobareu les fotografies de les col\u00f2nies:<\/p>\n<h5><strong>Educaci\u00f3 Infantil<\/strong><\/h5>\n<p>P3<\/p>\n<p>P4<\/p>\n<p>P5<\/p>\n<h5><strong>Cicle Inicial<\/strong><\/h5>\n<p>Tot seguit, us presentem unes fotografies de les col\u00f2nies de Cicle Inicial. Vam anar a la casa de col\u00f2nies La Marinada, a Cabrils.<br \/>\nVam fer moltes activitats i ens ho vam passar molt b\u00e9!! \ud83d\ude42<\/p>\n<p><strong>1r<\/strong><\/p>\n<ul>\n<li><a href=\"http:\/\/2012reinav.blogspot.com\/2018\/11\/els-jocs-i-de-nit-les-llanternes.html\">Jocs de nit i llanternes<\/a><\/li>\n<li><a href=\"http:\/\/2012reinav.blogspot.com\/2018\/11\/menjar-tots-junts-dinars-berenars_14.html\">\u00c0pats tots junts<\/a><\/li>\n<li><a href=\"http:\/\/2012reinav.blogspot.com\/2018\/11\/jugar-als-camps-desport-el-camp-de.html\">Jocs a les col\u00f2nies<\/a><\/li>\n<li><a href=\"http:\/\/2012reinav.blogspot.com\/2018\/11\/durant-les-colonies-ens-va-agradar-molt.html\">Els tresors que amaga la sorra<\/a><\/li>\n<\/ul>\n<p><strong>2n<\/strong> (els dos barrejats)<\/p>\n<ul>\n<li><a href=\"https:\/\/photos.google.com\/share\/AF1QipPDq9tAqJlpf6Algq7hoxc5jCPKMShnn1zo_57FjOnpPikASkT014pVrVHrtqqsNQ?key=ZVlzU1pITldTU3QwNHhSXzRhYV84Qld6M1piMG5n\">Marinada. Hem anat de col\u00f2nies!<\/a> (enlla\u00e7 directe a l&#8217;\u00e0lbum Google)<\/li>\n<\/ul>\n<p>&nbsp;<\/p>\n<h5>Cicle Mitj\u00e0<\/h5>\n<p>3r<br \/>\n4t<\/p>\n<h5>Cicle superior<\/h5>\n<p>5\u00e8<br \/>\n6\u00e8<\/p>\n","protected":false},"excerpt":{"rendered":"<p><a href=\"https:\/\/agora.xtec.cat\/ceipm-reina-violant\/wp-content\/uploads\/usu796\/2019\/01\/colonies-e1548609605866.png\"><\/a><br \/>\n&nbsp;<br \/>\n&nbsp;<br \/>\n&nbsp;<br \/>\n&nbsp;<br \/>\n<a href=\"https:\/\/agora.xtec.cat\/ceipm-reina-violant\/wp-content\/uploads\/usu796\/2019\/01\/IMG_6548-1.jpg\"><\/a> <a href=\"https:\/\/agora.xtec.cat\/ceipm-reina-violant\/wp-content\/uploads\/usu796\/2019\/01\/IMG_6547-1-e1552939776561.jpg\"><\/a><br \/>\n&nbsp;<br \/>\n&nbsp;<br \/>\n&nbsp;<br \/>\n&nbsp;<br \/>\nBenvolgudes fam\u00edlies,<br \/>\nAqu\u00ed teniu enlla\u00e7os als blogs d&#8217;aula on trobareu les fotografies de les col\u00f2nies:<br \/>\nEducaci\u00f3 Infantil<br \/>\nP3<br \/>\nP4<br \/>\nP5<br \/>\nCicle Inicial<br \/>\nTot seguit, us presentem unes fotografies de les col\u00f2nies de Cicle Inicial. Vam anar a la casa de col\u00f2nies La Marinada, a Cabrils.<br \/>\nVam fer moltes activitats&hellip;  <a href=\"https:\/\/agora.xtec.cat\/ceipm-reina-violant\/les-colonies-al-reina\/\" title=\"Read LES COL\u00d2NIES AL REINA.\">Llegeix m\u00e9s\u00bb<\/a><\/p>\n","protected":false},"author":1,"featured_media":0,"parent":0,"menu_order":0,"comment_status":"closed","ping_status":"closed","template":"","meta":{"_bbp_topic_count":0,"_bbp_reply_count":0,"_bbp_total_topic_count":0,"_bbp_total_reply_count":0,"_bbp_voice_count":0,"_bbp_anonymous_reply_count":0,"_bbp_topic_count_hidden":0,"_bbp_reply_count_hidden":0,"_bbp_forum_subforum_count":0,"footnotes":""},"class_list":["post-3120","page","type-page","status-publish","hentry"],"post_mailing_queue_ids":[],"_links":{"self":[{"href":"https:\/\/agora.xtec.cat\/ceipm-reina-violant\/wp-json\/wp\/v2\/pages\/3120","targetHints":{"allow":["GET"]}}],"collection":[{"href":"https:\/\/agora.xtec.cat\/ceipm-reina-violant\/wp-json\/wp\/v2\/pages"}],"about":[{"href":"https:\/\/agora.xtec.cat\/ceipm-reina-violant\/wp-json\/wp\/v2\/types\/page"}],"author":[{"embeddable":true,"href":"https:\/\/agora.xtec.cat\/ceipm-reina-violant\/wp-json\/wp\/v2\/users\/1"}],"replies":[{"embeddable":true,"href":"https:\/\/agora.xtec.cat\/ceipm-reina-violant\/wp-json\/wp\/v2\/comments?post=3120"}],"version-history":[{"count":3,"href":"https:\/\/agora.xtec.cat\/ceipm-reina-violant\/wp-json\/wp\/v2\/pages\/3120\/revisions"}],"predecessor-version":[{"id":3944,"href":"https:\/\/agora.xtec.cat\/ceipm-reina-violant\/wp-json\/wp\/v2\/pages\/3120\/revisions\/3944"}],"wp:attachment":[{"href":"https:\/\/agora.xtec.cat\/ceipm-reina-violant\/wp-json\/wp\/v2\/media?parent=3120"}],"curies":[{"name":"wp","href":"https:\/\/api.w.org\/{rel}","templated":true}]}}