{"id":266,"date":"2016-04-05T21:25:14","date_gmt":"2016-04-05T20:25:14","guid":{"rendered":"http:\/\/agora.xtec.cat\/ceipm-reina-violant\/?page_id=266"},"modified":"2024-03-01T11:01:54","modified_gmt":"2024-03-01T10:01:54","slug":"norf","status":"publish","type":"page","link":"https:\/\/agora.xtec.cat\/ceipm-reina-violant\/projecte-educatiu\/norf\/","title":{"rendered":"NOFC i Projecte de Conviv\u00e8ncia"},"content":{"rendered":"<p>Les Normes d&#8217;Organitzaci\u00f3 i Funcionament del Centre (<a href=\"https:\/\/agora.xtec.cat\/ceipm-reina-violant\/wp-content\/uploads\/usu796\/2024\/03\/NOFC-21-22_afegits.pdf\" target=\"_blank\" rel=\"noopener\">NOFC 21-22<\/a>) \u00e9s un recull d&#8217;accions i normatives que regulen el dia a dia de l&#8217;escola. \u00c9s un document que es t\u00e9 present en el Projecte de Conviv\u00e8ncia del Centre.<\/p>\n<p>El nostre <a href=\"https:\/\/agora.xtec.cat\/ceipm-reina-violant\/wp-content\/uploads\/usu796\/2023\/11\/PROJECTE-DE-CONVIVENCIA-2022-23.pdf\" target=\"_blank\" rel=\"noopener\">Projecte de Conviv\u00e8ncia<\/a> reflecteix les accions que desenvolupem com a centre per tal de capacitar tot l\u2019alumnat i la resta de la comunitat escolar per a la conviv\u00e8ncia i la gesti\u00f3 positiva dels conflictes.<\/p>\n<p>&nbsp;<\/p>\n","protected":false},"excerpt":{"rendered":"<p>Les Normes d&#8217;Organitzaci\u00f3 i Funcionament del Centre (<a href=\"https:\/\/agora.xtec.cat\/ceipm-reina-violant\/wp-content\/uploads\/usu796\/2024\/03\/NOFC-21-22_afegits.pdf\" target=\"_blank\" rel=\"noopener\">NOFC 21-22<\/a>) \u00e9s un recull d&#8217;accions i normatives que regulen el dia a dia de l&#8217;escola. \u00c9s un document que es t\u00e9 present en el Projecte de Conviv\u00e8ncia del Centre.<br \/>\nEl nostre <a href=\"https:\/\/agora.xtec.cat\/ceipm-reina-violant\/wp-content\/uploads\/usu796\/2023\/11\/PROJECTE-DE-CONVIVENCIA-2022-23.pdf\" target=\"_blank\" rel=\"noopener\">Projecte&hellip;  <a href=\"https:\/\/agora.xtec.cat\/ceipm-reina-violant\/projecte-educatiu\/norf\/\" title=\"Read NOFC i Projecte de Conviv\u00e8ncia\">Llegeix m\u00e9s\u00bb<\/a><\/p>\n","protected":false},"author":1,"featured_media":0,"parent":64,"menu_order":1,"comment_status":"closed","ping_status":"closed","template":"page-templates\/side-menu.php","meta":{"_bbp_topic_count":0,"_bbp_reply_count":0,"_bbp_total_topic_count":0,"_bbp_total_reply_count":0,"_bbp_voice_count":0,"_bbp_anonymous_reply_count":0,"_bbp_topic_count_hidden":0,"_bbp_reply_count_hidden":0,"_bbp_forum_subforum_count":0,"footnotes":""},"class_list":["post-266","page","type-page","status-publish","hentry"],"post_mailing_queue_ids":[],"_links":{"self":[{"href":"https:\/\/agora.xtec.cat\/ceipm-reina-violant\/wp-json\/wp\/v2\/pages\/266","targetHints":{"allow":["GET"]}}],"collection":[{"href":"https:\/\/agora.xtec.cat\/ceipm-reina-violant\/wp-json\/wp\/v2\/pages"}],"about":[{"href":"https:\/\/agora.xtec.cat\/ceipm-reina-violant\/wp-json\/wp\/v2\/types\/page"}],"author":[{"embeddable":true,"href":"https:\/\/agora.xtec.cat\/ceipm-reina-violant\/wp-json\/wp\/v2\/users\/1"}],"replies":[{"embeddable":true,"href":"https:\/\/agora.xtec.cat\/ceipm-reina-violant\/wp-json\/wp\/v2\/comments?post=266"}],"version-history":[{"count":6,"href":"https:\/\/agora.xtec.cat\/ceipm-reina-violant\/wp-json\/wp\/v2\/pages\/266\/revisions"}],"predecessor-version":[{"id":7188,"href":"https:\/\/agora.xtec.cat\/ceipm-reina-violant\/wp-json\/wp\/v2\/pages\/266\/revisions\/7188"}],"up":[{"embeddable":true,"href":"https:\/\/agora.xtec.cat\/ceipm-reina-violant\/wp-json\/wp\/v2\/pages\/64"}],"wp:attachment":[{"href":"https:\/\/agora.xtec.cat\/ceipm-reina-violant\/wp-json\/wp\/v2\/media?parent=266"}],"curies":[{"name":"wp","href":"https:\/\/api.w.org\/{rel}","templated":true}]}}