{"id":2065,"date":"2018-05-08T13:30:19","date_gmt":"2018-05-08T11:30:19","guid":{"rendered":"http:\/\/agora.xtec.cat\/ceipm-reina-violant\/?page_id=2065"},"modified":"2022-12-08T17:03:35","modified_gmt":"2022-12-08T16:03:35","slug":"enllacos-dinteres","status":"publish","type":"page","link":"https:\/\/agora.xtec.cat\/ceipm-reina-violant\/lescola\/enllacos-dinteres\/","title":{"rendered":"Enlla\u00e7os d&#8217;inter\u00e8s"},"content":{"rendered":"<ul>\n<li><a href=\"https:\/\/agora.xtec.cat\/ceipm-reina-violant\/innovamat-per-a-families-consultes-daprenentatge\/\" target=\"_blank\" rel=\"noopener\">Innovamat<\/a><\/li>\n<li><a href=\"https:\/\/agora.xtec.cat\/ceipm-reina-violant\/wp-content\/uploads\/usu796\/2020\/04\/guiaInclusiva-ca-1.pdf\" target=\"_blank\" rel=\"noopener\">Guia de Comunicaci\u00f3 Inclusiva<\/a><\/li>\n<li><a href=\"https:\/\/agora.xtec.cat\/ceipm-reina-violant\/wp-content\/uploads\/usu796\/2021\/02\/telefons-urgencia.jpg\" target=\"_blank\" rel=\"noopener\">Tel\u00e8fons de Prevenci\u00f3 d&#8217;Urg\u00e8ncies<\/a><\/li>\n<\/ul>\n<p>&nbsp;<\/p>\n<ul>\n<li><a href=\"http:\/\/www.descobrir.cat\/ca\/amb-nens.php\" target=\"_blank\" rel=\"noopener\">Descobrir.cat<\/a><\/li>\n<li><a href=\"http:\/\/guia.bcn.cat\/index.php?pg=search&amp;nr=10&amp;q=Activitats%20familiars\" target=\"_blank\" rel=\"noopener\">Guia Barcelona<\/a><\/li>\n<li><a href=\"https:\/\/irbarcelona.cat\/barcelona-amb-nens-activitats-infantils\/\" target=\"_blank\" rel=\"noopener\">Ir Barcelona<\/a><\/li>\n<li><a href=\"http:\/\/www.petitexplorador.com\" target=\"_blank\" rel=\"noopener\">Petit explorador<\/a><\/li>\n<li><a href=\"https:\/\/www.sortirambnens.com\" target=\"_blank\" rel=\"noopener\">Sortir amb nens<\/a><\/li>\n<li><a href=\"https:\/\/www.timeout.cat\/barcelona\/ca\/nens\" target=\"_blank\" rel=\"noopener\">Time out<\/a><\/li>\n<\/ul>\n","protected":false},"excerpt":{"rendered":"<ul>\n<li><a href=\"https:\/\/agora.xtec.cat\/ceipm-reina-violant\/innovamat-per-a-families-consultes-daprenentatge\/\" target=\"_blank\" rel=\"noopener\">Innovamat<\/a><\/li>\n<li><a href=\"https:\/\/agora.xtec.cat\/ceipm-reina-violant\/wp-content\/uploads\/usu796\/2020\/04\/guiaInclusiva-ca-1.pdf\" target=\"_blank\" rel=\"noopener\">Guia de Comunicaci\u00f3 Inclusiva<\/a><\/li>\n<li><a href=\"https:\/\/agora.xtec.cat\/ceipm-reina-violant\/wp-content\/uploads\/usu796\/2021\/02\/telefons-urgencia.jpg\" target=\"_blank\" rel=\"noopener\">Tel\u00e8fons de Prevenci\u00f3 d&#8217;Urg\u00e8ncies<\/a><\/li>\n<\/ul>\n<p>&nbsp;<\/p>\n<ul>\n<li><a href=\"http:\/\/www.descobrir.cat\/ca\/amb-nens.php\" target=\"_blank\" rel=\"noopener\">Descobrir.cat<\/a><\/li>\n<li><a href=\"http:\/\/guia.bcn.cat\/index.php?pg=search&amp;nr=10&amp;q=Activitats%20familiars\" target=\"_blank\" rel=\"noopener\">Guia Barcelona<\/a><\/li>\n<li><a href=\"https:\/\/irbarcelona.cat\/barcelona-amb-nens-activitats-infantils\/\" target=\"_blank\" rel=\"noopener\">Ir Barcelona<\/a><\/li>\n<li><a href=\"http:\/\/www.petitexplorador.com\" target=\"_blank\" rel=\"noopener\">Petit explorador<\/a><\/li>\n<li><a href=\"https:\/\/www.sortirambnens.com\" target=\"_blank\" rel=\"noopener\">Sortir amb nens<\/a><\/li>\n<li><a href=\"https:\/\/www.timeout.cat\/barcelona\/ca\/nens\" target=\"_blank\" rel=\"noopener\">Time out<\/a><\/li>\n<\/ul>\n","protected":false},"author":1,"featured_media":0,"parent":22,"menu_order":12,"comment_status":"closed","ping_status":"closed","template":"page-templates\/side-menu.php","meta":{"_bbp_topic_count":0,"_bbp_reply_count":0,"_bbp_total_topic_count":0,"_bbp_total_reply_count":0,"_bbp_voice_count":0,"_bbp_anonymous_reply_count":0,"_bbp_topic_count_hidden":0,"_bbp_reply_count_hidden":0,"_bbp_forum_subforum_count":0,"footnotes":""},"class_list":["post-2065","page","type-page","status-publish","hentry"],"post_mailing_queue_ids":[],"_links":{"self":[{"href":"https:\/\/agora.xtec.cat\/ceipm-reina-violant\/wp-json\/wp\/v2\/pages\/2065","targetHints":{"allow":["GET"]}}],"collection":[{"href":"https:\/\/agora.xtec.cat\/ceipm-reina-violant\/wp-json\/wp\/v2\/pages"}],"about":[{"href":"https:\/\/agora.xtec.cat\/ceipm-reina-violant\/wp-json\/wp\/v2\/types\/page"}],"author":[{"embeddable":true,"href":"https:\/\/agora.xtec.cat\/ceipm-reina-violant\/wp-json\/wp\/v2\/users\/1"}],"replies":[{"embeddable":true,"href":"https:\/\/agora.xtec.cat\/ceipm-reina-violant\/wp-json\/wp\/v2\/comments?post=2065"}],"version-history":[{"count":4,"href":"https:\/\/agora.xtec.cat\/ceipm-reina-violant\/wp-json\/wp\/v2\/pages\/2065\/revisions"}],"predecessor-version":[{"id":6867,"href":"https:\/\/agora.xtec.cat\/ceipm-reina-violant\/wp-json\/wp\/v2\/pages\/2065\/revisions\/6867"}],"up":[{"embeddable":true,"href":"https:\/\/agora.xtec.cat\/ceipm-reina-violant\/wp-json\/wp\/v2\/pages\/22"}],"wp:attachment":[{"href":"https:\/\/agora.xtec.cat\/ceipm-reina-violant\/wp-json\/wp\/v2\/media?parent=2065"}],"curies":[{"name":"wp","href":"https:\/\/api.w.org\/{rel}","templated":true}]}}