{"id":3046,"date":"2025-12-22T15:48:20","date_gmt":"2025-12-22T14:48:20","guid":{"rendered":"https:\/\/agora.xtec.cat\/ceiplorca\/?page_id=3046"},"modified":"2026-02-10T16:19:48","modified_gmt":"2026-02-10T15:19:48","slug":"%f0%9f%8e%a8-creem","status":"publish","type":"page","link":"https:\/\/agora.xtec.cat\/ceiplorca\/%f0%9f%8e%a8-creem\/","title":{"rendered":"\ud83c\udfa8 Creem"},"content":{"rendered":"<p data-start=\"14\" data-end=\"288\">A la nostra escola creiem en el poder de crear. Crear amb les mans, amb la ment i amb el cor. Per aix\u00f2 impulsem <strong>tallers multidisciplinaris<\/strong> que connecten art, tecnologia i pensament creatiu, transformant l\u2019aprenentatge en una experi\u00e8ncia viva, significativa i plena d\u2019emoci\u00f3.<\/p>\n<p data-start=\"290\" data-end=\"451\">Cada setmana, una tarda esdev\u00e9 un espai de trobada entre alumnes de diferents edats, on compartir, cooperar i aprendre els uns dels altres forma part del proc\u00e9s.<a href=\"https:\/\/agora.xtec.cat\/ceiplorca\/wp-content\/uploads\/usu1186\/2026\/02\/WhatsApp-Image-2026-02-02-at-20.07.21-1.jpeg\"><img loading=\"lazy\" decoding=\"async\" class=\" wp-image-3360 alignright\" src=\"https:\/\/agora.xtec.cat\/ceiplorca\/wp-content\/uploads\/usu1186\/2026\/02\/WhatsApp-Image-2026-02-02-at-20.07.21-1-768x1024.jpeg\" alt=\"\" width=\"184\" height=\"245\" srcset=\"https:\/\/agora.xtec.cat\/ceiplorca\/wp-content\/uploads\/usu1186\/2026\/02\/WhatsApp-Image-2026-02-02-at-20.07.21-1-768x1024.jpeg 768w, https:\/\/agora.xtec.cat\/ceiplorca\/wp-content\/uploads\/usu1186\/2026\/02\/WhatsApp-Image-2026-02-02-at-20.07.21-1-225x300.jpeg 225w, https:\/\/agora.xtec.cat\/ceiplorca\/wp-content\/uploads\/usu1186\/2026\/02\/WhatsApp-Image-2026-02-02-at-20.07.21-1-1152x1536.jpeg 1152w, https:\/\/agora.xtec.cat\/ceiplorca\/wp-content\/uploads\/usu1186\/2026\/02\/WhatsApp-Image-2026-02-02-at-20.07.21-1.jpeg 1500w\" sizes=\"auto, (max-width: 184px) 100vw, 184px\" \/><\/a><\/p>\n<p data-start=\"453\" data-end=\"843\">Els infants d\u2019Educaci\u00f3 Infantil i Cicle Inicial participen plegats en tallers de rob\u00f2tica,<a href=\"https:\/\/agora.xtec.cat\/ceiplorca\/wp-content\/uploads\/usu1186\/2026\/02\/IMG_6161.heic\"><img decoding=\"async\" class=\"alignnone size-full wp-image-3336\" src=\"https:\/\/agora.xtec.cat\/ceiplorca\/wp-content\/uploads\/usu1186\/2026\/02\/IMG_6161.heic\" alt=\"\" \/><\/a> teatre i hort amb laboratori d\u2019experimentaci\u00f3. Aqu\u00ed es manipula, s\u2019investiga, s\u2019imagina i es descobreix. Els grans acompanyen els petits, i els petits inspiren els grans, generant vincles naturals que reforcen l\u2019empatia, l\u2019autonomia i la confian\u00e7a. Aprendre es converteix en una aventura compartida.<\/p>\n<p data-start=\"845\" data-end=\"1257\">De 3r a 6\u00e8, els tallers de rob\u00f2tica en angl\u00e8s, pl\u00e0stica i audiovisuals \u2014r\u00e0dio i v\u00eddeo\u2014 conviden l\u2019alumnat a ser protagonista del seu propi aprenentatge. S\u00f3n espais din\u00e0mics on les idees prenen forma, la creativitat s\u2019expandeix i el treball en equip esdev\u00e9 essencial. Els infants experimenten, s\u2019equivoquen, tornen a provar i celebren els \u00e8xits, desenvolupant habilitats que els preparen per als reptes del futur.<\/p>\n<p data-start=\"1648\" data-end=\"2010\"><a href=\"https:\/\/agora.xtec.cat\/ceiplorca\/wp-content\/uploads\/usu1186\/2026\/02\/WhatsApp-Image-2026-01-21-at-18.05.15-2.jpeg\"><img loading=\"lazy\" decoding=\"async\" class=\" wp-image-3359 alignleft\" src=\"https:\/\/agora.xtec.cat\/ceiplorca\/wp-content\/uploads\/usu1186\/2026\/02\/WhatsApp-Image-2026-01-21-at-18.05.15-2-724x1024.jpeg\" alt=\"\" width=\"122\" height=\"173\" srcset=\"https:\/\/agora.xtec.cat\/ceiplorca\/wp-content\/uploads\/usu1186\/2026\/02\/WhatsApp-Image-2026-01-21-at-18.05.15-2-724x1024.jpeg 724w, https:\/\/agora.xtec.cat\/ceiplorca\/wp-content\/uploads\/usu1186\/2026\/02\/WhatsApp-Image-2026-01-21-at-18.05.15-2-212x300.jpeg 212w, https:\/\/agora.xtec.cat\/ceiplorca\/wp-content\/uploads\/usu1186\/2026\/02\/WhatsApp-Image-2026-01-21-at-18.05.15-2-768x1086.jpeg 768w, https:\/\/agora.xtec.cat\/ceiplorca\/wp-content\/uploads\/usu1186\/2026\/02\/WhatsApp-Image-2026-01-21-at-18.05.15-2-1086x1536.jpeg 1086w, https:\/\/agora.xtec.cat\/ceiplorca\/wp-content\/uploads\/usu1186\/2026\/02\/WhatsApp-Image-2026-01-21-at-18.05.15-2.jpeg 1131w\" sizes=\"auto, (max-width: 122px) 100vw, 122px\" \/><\/a>Introdu\u00efm l\u2019ukelele a Cicle Mitj\u00e0 i fem que la m\u00fasica formi part dels moments m\u00e9s especials del curs: les can\u00e7ons i danses de la Castanyada, el festival de nadales al Mercat Vell, la can\u00e7\u00f3 del DENIP, el ball del Barral\u00f3 per Carnestoltes, Sant Jordi i el festival de final de curs. Escenaris on els infants brillen, guanyen seguretat i creen records que perduren.<\/p>\n<p data-start=\"2012\" data-end=\"2312\">L\u2019<strong>art<\/strong> tamb\u00e9 habita els nostres espais. Es veu a les portes de les aules, als passadissos plens de vida, en les maquetes i produccions dels projectes, i en les creacions vinculades a les festes tradicionals de Catalunya. Cada rac\u00f3 parla d\u2019imaginaci\u00f3, d\u2019identitat i d\u2019orgull pel que som capa\u00e7os de fer.<\/p>\n<p data-start=\"2314\" data-end=\"2421\">Perqu\u00e8 quan un infant crea, no nom\u00e9s apr\u00e8n: s\u2019expressa, descobreix qui \u00e9s i com vol deixar empremta al m\u00f3n.<\/p>\n<p data-start=\"2423\" data-end=\"2499\" data-is-last-node=\"\" data-is-only-node=\"\">A l&#8217;escola creem, cultivem mirades curioses, esperits sensibles i ments valentes.<\/p>\n","protected":false},"excerpt":{"rendered":"<p>A la nostra escola creiem en el poder de crear. Crear amb les mans, amb la ment i amb el cor. Per aix\u00f2 impulsem tallers multidisciplinaris que connecten art, tecnologia i pensament creatiu, transformant l\u2019aprenentatge en una experi\u00e8ncia viva, significativa i plena d\u2019emoci\u00f3. Cada setmana, una tarda esdev\u00e9 un espai de trobada entre alumnes de [&hellip;]<\/p>\n","protected":false},"author":1,"featured_media":0,"parent":0,"menu_order":0,"comment_status":"closed","ping_status":"closed","template":"","meta":{"_bbp_topic_count":0,"_bbp_reply_count":0,"_bbp_total_topic_count":0,"_bbp_total_reply_count":0,"_bbp_voice_count":0,"_bbp_anonymous_reply_count":0,"_bbp_topic_count_hidden":0,"_bbp_reply_count_hidden":0,"_bbp_forum_subforum_count":0,"site-sidebar-layout":"default","site-content-layout":"","ast-site-content-layout":"default","site-content-style":"default","site-sidebar-style":"default","ast-global-header-display":"","ast-banner-title-visibility":"","ast-main-header-display":"","ast-hfb-above-header-display":"","ast-hfb-below-header-display":"","ast-hfb-mobile-header-display":"","site-post-title":"","ast-breadcrumbs-content":"","ast-featured-img":"","footer-sml-layout":"","theme-transparent-header-meta":"default","adv-header-id-meta":"","stick-header-meta":"","header-above-stick-meta":"","header-main-stick-meta":"","header-below-stick-meta":"","astra-migrate-meta-layouts":"set","ast-page-background-enabled":"default","ast-page-background-meta":{"desktop":{"background-color":"var(--ast-global-color-4)","background-image":"","background-repeat":"repeat","background-position":"center center","background-size":"auto","background-attachment":"scroll","background-type":"","background-media":"","overlay-type":"","overlay-color":"","overlay-opacity":"","overlay-gradient":""},"tablet":{"background-color":"","background-image":"","background-repeat":"repeat","background-position":"center center","background-size":"auto","background-attachment":"scroll","background-type":"","background-media":"","overlay-type":"","overlay-color":"","overlay-opacity":"","overlay-gradient":""},"mobile":{"background-color":"","background-image":"","background-repeat":"repeat","background-position":"center center","background-size":"auto","background-attachment":"scroll","background-type":"","background-media":"","overlay-type":"","overlay-color":"","overlay-opacity":"","overlay-gradient":""}},"ast-content-background-meta":{"desktop":{"background-color":"var(--ast-global-color-5)","background-image":"","background-repeat":"repeat","background-position":"center center","background-size":"auto","background-attachment":"scroll","background-type":"","background-media":"","overlay-type":"","overlay-color":"","overlay-opacity":"","overlay-gradient":""},"tablet":{"background-color":"var(--ast-global-color-5)","background-image":"","background-repeat":"repeat","background-position":"center center","background-size":"auto","background-attachment":"scroll","background-type":"","background-media":"","overlay-type":"","overlay-color":"","overlay-opacity":"","overlay-gradient":""},"mobile":{"background-color":"var(--ast-global-color-5)","background-image":"","background-repeat":"repeat","background-position":"center center","background-size":"auto","background-attachment":"scroll","background-type":"","background-media":"","overlay-type":"","overlay-color":"","overlay-opacity":"","overlay-gradient":""}},"footnotes":""},"class_list":["post-3046","page","type-page","status-publish","hentry"],"post_mailing_queue_ids":[],"_links":{"self":[{"href":"https:\/\/agora.xtec.cat\/ceiplorca\/wp-json\/wp\/v2\/pages\/3046","targetHints":{"allow":["GET"]}}],"collection":[{"href":"https:\/\/agora.xtec.cat\/ceiplorca\/wp-json\/wp\/v2\/pages"}],"about":[{"href":"https:\/\/agora.xtec.cat\/ceiplorca\/wp-json\/wp\/v2\/types\/page"}],"author":[{"embeddable":true,"href":"https:\/\/agora.xtec.cat\/ceiplorca\/wp-json\/wp\/v2\/users\/1"}],"replies":[{"embeddable":true,"href":"https:\/\/agora.xtec.cat\/ceiplorca\/wp-json\/wp\/v2\/comments?post=3046"}],"version-history":[{"count":5,"href":"https:\/\/agora.xtec.cat\/ceiplorca\/wp-json\/wp\/v2\/pages\/3046\/revisions"}],"predecessor-version":[{"id":3361,"href":"https:\/\/agora.xtec.cat\/ceiplorca\/wp-json\/wp\/v2\/pages\/3046\/revisions\/3361"}],"wp:attachment":[{"href":"https:\/\/agora.xtec.cat\/ceiplorca\/wp-json\/wp\/v2\/media?parent=3046"}],"curies":[{"name":"wp","href":"https:\/\/api.w.org\/{rel}","templated":true}]}}