{"id":2594,"date":"2025-09-21T16:52:16","date_gmt":"2025-09-21T14:52:16","guid":{"rendered":"https:\/\/agora.xtec.cat\/ceiplorca\/?page_id=2594"},"modified":"2026-02-07T17:07:22","modified_gmt":"2026-02-07T16:07:22","slug":"projecte-de-musica","status":"publish","type":"page","link":"https:\/\/agora.xtec.cat\/ceiplorca\/projectes-descola\/projecte-de-musica\/","title":{"rendered":"Projecte de m\u00fasica"},"content":{"rendered":"<h3>La m\u00fasica a la nostra escola: Un viatge d&#8217;emocions i creativitat<\/h3>\n<p>&nbsp;<\/p>\n<p>A la nostra escola, la m\u00fasica \u00e9s un llenguatge que vivim amb tot el cos. Des d&#8217;I3 fins a 6\u00e8, ens endinsem en l&#8217;univers musical a trav\u00e9s d&#8217;un <b>aprenentatge vivencial<\/b> que va m\u00e9s enll\u00e0 de l&#8217;aula. En un espai ample i sense obstacles, els nostres alumnes es mouen, s&#8217;expressen i connecten amb el ritme i les emocions de la m\u00fasica de manera natural i lliure.<a href=\"https:\/\/agora.xtec.cat\/ceiplorca\/wp-content\/uploads\/usu1186\/2026\/01\/WhatsApp-Image-2026-01-21-at-18.05.15.jpeg\"><img loading=\"lazy\" decoding=\"async\" class=\"wp-image-3151 alignright\" src=\"https:\/\/agora.xtec.cat\/ceiplorca\/wp-content\/uploads\/usu1186\/2026\/01\/WhatsApp-Image-2026-01-21-at-18.05.15-1024x883.jpeg\" alt=\"\" width=\"357\" height=\"308\" srcset=\"https:\/\/agora.xtec.cat\/ceiplorca\/wp-content\/uploads\/usu1186\/2026\/01\/WhatsApp-Image-2026-01-21-at-18.05.15-1024x883.jpeg 1024w, https:\/\/agora.xtec.cat\/ceiplorca\/wp-content\/uploads\/usu1186\/2026\/01\/WhatsApp-Image-2026-01-21-at-18.05.15-300x259.jpeg 300w, https:\/\/agora.xtec.cat\/ceiplorca\/wp-content\/uploads\/usu1186\/2026\/01\/WhatsApp-Image-2026-01-21-at-18.05.15-768x662.jpeg 768w, https:\/\/agora.xtec.cat\/ceiplorca\/wp-content\/uploads\/usu1186\/2026\/01\/WhatsApp-Image-2026-01-21-at-18.05.15-1536x1325.jpeg 1536w, https:\/\/agora.xtec.cat\/ceiplorca\/wp-content\/uploads\/usu1186\/2026\/01\/WhatsApp-Image-2026-01-21-at-18.05.15.jpeg 1600w\" sizes=\"auto, (max-width: 357px) 100vw, 357px\" \/><\/a><\/p>\n<p>Amb una gran varietat d&#8217;instruments, els infants experimenten, creen i descobreixen el so i les seves possibilitats. A partir de 4t de Prim\u00e0ria, el projecte musical fa un pas m\u00e9s enll\u00e0: els alumnes aprenen a tocar l&#8217;<b>ukelele<\/b>, una eina que els introdueix en l&#8217;harmonia i els dona la capacitat de crear les seves pr\u00f2pies melodies.<\/p>\n<p>La m\u00fasica es converteix, a m\u00e9s, en una manera de construir comunitat. Anualment, celebrem la <b>cantada de nadales<\/b> amb les fam\u00edlies al final del primer trimestre i tanquem el curs amb una <b>cantata per a les fam\u00edlies al Mercat Vell de Mollet del Vall\u00e8s<\/b>, fent de la m\u00fasica un punt de trobada i celebraci\u00f3. A m\u00e9s, cada dos anys, els nostres alumnes viuen l&#8217;emoci\u00f3 de participar en un gran projecte coral com <b>La Clika<\/b> o <b>Cant\u00e0nia<\/b> en un gran teatre, col\u00b7laborant amb altres escoles i sentint-se part d&#8217;una gran orquestra de veus.<\/p>\n<p>Amb la m\u00fasica, el nostre objectiu \u00e9s donar als infants una eina per expressar-se, per treballar en equip i per gaudir de l&#8217;art en totes les seves formes.<\/p>\n<p><a href=\"https:\/\/agora.xtec.cat\/ceiplorca\/wp-content\/uploads\/usu1186\/2025\/09\/33958afb-2539-4897-9212-e13f6f52ccbf-scaled.jpg\"><img loading=\"lazy\" decoding=\"async\" class=\"wp-image-2711 alignleft\" src=\"https:\/\/agora.xtec.cat\/ceiplorca\/wp-content\/uploads\/usu1186\/2025\/09\/33958afb-2539-4897-9212-e13f6f52ccbf-768x1024.jpg\" alt=\"\" width=\"287\" height=\"383\" srcset=\"https:\/\/agora.xtec.cat\/ceiplorca\/wp-content\/uploads\/usu1186\/2025\/09\/33958afb-2539-4897-9212-e13f6f52ccbf-768x1024.jpg 768w, https:\/\/agora.xtec.cat\/ceiplorca\/wp-content\/uploads\/usu1186\/2025\/09\/33958afb-2539-4897-9212-e13f6f52ccbf-225x300.jpg 225w, https:\/\/agora.xtec.cat\/ceiplorca\/wp-content\/uploads\/usu1186\/2025\/09\/33958afb-2539-4897-9212-e13f6f52ccbf-1152x1536.jpg 1152w, https:\/\/agora.xtec.cat\/ceiplorca\/wp-content\/uploads\/usu1186\/2025\/09\/33958afb-2539-4897-9212-e13f6f52ccbf-1536x2048.jpg 1536w, https:\/\/agora.xtec.cat\/ceiplorca\/wp-content\/uploads\/usu1186\/2025\/09\/33958afb-2539-4897-9212-e13f6f52ccbf-scaled.jpg 1920w\" sizes=\"auto, (max-width: 287px) 100vw, 287px\" \/><\/a><\/p>\n<p><a href=\"https:\/\/agora.xtec.cat\/ceiplorca\/wp-content\/uploads\/usu1186\/2026\/02\/018EF137-0170-41EF-85FF-EA88CEE3110A_1_105_c.jpeg\"><img loading=\"lazy\" decoding=\"async\" class=\"alignnone  wp-image-3328\" src=\"https:\/\/agora.xtec.cat\/ceiplorca\/wp-content\/uploads\/usu1186\/2026\/02\/018EF137-0170-41EF-85FF-EA88CEE3110A_1_105_c.jpeg\" alt=\"\" width=\"294\" height=\"392\" srcset=\"https:\/\/agora.xtec.cat\/ceiplorca\/wp-content\/uploads\/usu1186\/2026\/02\/018EF137-0170-41EF-85FF-EA88CEE3110A_1_105_c.jpeg 768w, https:\/\/agora.xtec.cat\/ceiplorca\/wp-content\/uploads\/usu1186\/2026\/02\/018EF137-0170-41EF-85FF-EA88CEE3110A_1_105_c-225x300.jpeg 225w\" sizes=\"auto, (max-width: 294px) 100vw, 294px\" \/><\/a><\/p>\n","protected":false},"excerpt":{"rendered":"<p>La m\u00fasica a la nostra escola: Un viatge d&#8217;emocions i creativitat &nbsp; A la nostra escola, la m\u00fasica \u00e9s un llenguatge que vivim amb tot el cos. Des d&#8217;I3 fins a 6\u00e8, ens endinsem en l&#8217;univers musical a trav\u00e9s d&#8217;un aprenentatge vivencial que va m\u00e9s enll\u00e0 de l&#8217;aula. En un espai ample i sense obstacles, [&hellip;]<\/p>\n","protected":false},"author":1,"featured_media":0,"parent":2531,"menu_order":6,"comment_status":"closed","ping_status":"closed","template":"","meta":{"_bbp_topic_count":0,"_bbp_reply_count":0,"_bbp_total_topic_count":0,"_bbp_total_reply_count":0,"_bbp_voice_count":0,"_bbp_anonymous_reply_count":0,"_bbp_topic_count_hidden":0,"_bbp_reply_count_hidden":0,"_bbp_forum_subforum_count":0,"site-sidebar-layout":"default","site-content-layout":"","ast-site-content-layout":"default","site-content-style":"default","site-sidebar-style":"default","ast-global-header-display":"","ast-banner-title-visibility":"","ast-main-header-display":"","ast-hfb-above-header-display":"","ast-hfb-below-header-display":"","ast-hfb-mobile-header-display":"","site-post-title":"","ast-breadcrumbs-content":"","ast-featured-img":"","footer-sml-layout":"","theme-transparent-header-meta":"default","adv-header-id-meta":"","stick-header-meta":"","header-above-stick-meta":"","header-main-stick-meta":"","header-below-stick-meta":"","astra-migrate-meta-layouts":"set","ast-page-background-enabled":"default","ast-page-background-meta":{"desktop":{"background-color":"var(--ast-global-color-4)","background-image":"","background-repeat":"repeat","background-position":"center center","background-size":"auto","background-attachment":"scroll","background-type":"","background-media":"","overlay-type":"","overlay-color":"","overlay-opacity":"","overlay-gradient":""},"tablet":{"background-color":"","background-image":"","background-repeat":"repeat","background-position":"center center","background-size":"auto","background-attachment":"scroll","background-type":"","background-media":"","overlay-type":"","overlay-color":"","overlay-opacity":"","overlay-gradient":""},"mobile":{"background-color":"","background-image":"","background-repeat":"repeat","background-position":"center center","background-size":"auto","background-attachment":"scroll","background-type":"","background-media":"","overlay-type":"","overlay-color":"","overlay-opacity":"","overlay-gradient":""}},"ast-content-background-meta":{"desktop":{"background-color":"var(--ast-global-color-5)","background-image":"","background-repeat":"repeat","background-position":"center center","background-size":"auto","background-attachment":"scroll","background-type":"","background-media":"","overlay-type":"","overlay-color":"","overlay-opacity":"","overlay-gradient":""},"tablet":{"background-color":"var(--ast-global-color-5)","background-image":"","background-repeat":"repeat","background-position":"center center","background-size":"auto","background-attachment":"scroll","background-type":"","background-media":"","overlay-type":"","overlay-color":"","overlay-opacity":"","overlay-gradient":""},"mobile":{"background-color":"var(--ast-global-color-5)","background-image":"","background-repeat":"repeat","background-position":"center center","background-size":"auto","background-attachment":"scroll","background-type":"","background-media":"","overlay-type":"","overlay-color":"","overlay-opacity":"","overlay-gradient":""}},"footnotes":""},"class_list":["post-2594","page","type-page","status-publish","hentry"],"post_mailing_queue_ids":[],"_links":{"self":[{"href":"https:\/\/agora.xtec.cat\/ceiplorca\/wp-json\/wp\/v2\/pages\/2594","targetHints":{"allow":["GET"]}}],"collection":[{"href":"https:\/\/agora.xtec.cat\/ceiplorca\/wp-json\/wp\/v2\/pages"}],"about":[{"href":"https:\/\/agora.xtec.cat\/ceiplorca\/wp-json\/wp\/v2\/types\/page"}],"author":[{"embeddable":true,"href":"https:\/\/agora.xtec.cat\/ceiplorca\/wp-json\/wp\/v2\/users\/1"}],"replies":[{"embeddable":true,"href":"https:\/\/agora.xtec.cat\/ceiplorca\/wp-json\/wp\/v2\/comments?post=2594"}],"version-history":[{"count":6,"href":"https:\/\/agora.xtec.cat\/ceiplorca\/wp-json\/wp\/v2\/pages\/2594\/revisions"}],"predecessor-version":[{"id":3329,"href":"https:\/\/agora.xtec.cat\/ceiplorca\/wp-json\/wp\/v2\/pages\/2594\/revisions\/3329"}],"up":[{"embeddable":true,"href":"https:\/\/agora.xtec.cat\/ceiplorca\/wp-json\/wp\/v2\/pages\/2531"}],"wp:attachment":[{"href":"https:\/\/agora.xtec.cat\/ceiplorca\/wp-json\/wp\/v2\/media?parent=2594"}],"curies":[{"name":"wp","href":"https:\/\/api.w.org\/{rel}","templated":true}]}}