{"id":2568,"date":"2025-09-19T16:16:33","date_gmt":"2025-09-19T14:16:33","guid":{"rendered":"https:\/\/agora.xtec.cat\/ceiplorca\/?page_id=2568"},"modified":"2025-09-21T17:50:20","modified_gmt":"2025-09-21T15:50:20","slug":"plantejament-institucional","status":"publish","type":"page","link":"https:\/\/agora.xtec.cat\/ceiplorca\/projecte-educatiu\/plantejament-institucional\/","title":{"rendered":"Plantejament institucional"},"content":{"rendered":"<h2 data-start=\"314\" data-end=\"348\">\ud83c\udf1f Plantejament institucional<\/h2>\n<h3 data-start=\"349\" data-end=\"409\">Escola P\u00fablica Federico Garc\u00eda Lorca \u2013 Mollet del Vall\u00e8s<\/h3>\n<h3 data-start=\"411\" data-end=\"426\">\ud83c\udfaf MISSI\u00d3<\/h3>\n<p data-start=\"427\" data-end=\"915\">Som una escola p\u00fablica, inclusiva i compromesa amb l\u2019educaci\u00f3 integral dels infants. Treballem per oferir una formaci\u00f3 de qualitat que permeti desenvolupar les compet\u00e8ncies personals, socials i acad\u00e8miques de tot l\u2019alumnat, tot respectant els ritmes individuals i promovent la igualtat d\u2019oportunitats.<br data-start=\"728\" data-end=\"731\" \/>Acompanyem els infants en el seu creixement en un entorn segur, proper i motivador, amb metodologies actives i significatives, fomentant l\u2019esperit cr\u00edtic, la creativitat i el respecte.<\/p>\n<hr data-start=\"917\" data-end=\"920\" \/>\n<h3 data-start=\"922\" data-end=\"937\">\ud83d\udc41\ufe0f VISI\u00d3<\/h3>\n<p data-start=\"938\" data-end=\"1490\">Volem ser un centre educatiu arrelat al seu entorn i obert al m\u00f3n, que aposta per la innovaci\u00f3 pedag\u00f2gica, la sostenibilitat i l\u2019educaci\u00f3 en valors.<br data-start=\"1086\" data-end=\"1089\" \/>Ens projectem com una escola activa, viva i transformadora, on cada infant se senti part d\u2019una comunitat que apr\u00e8n, conviu i creix plegada.<br data-start=\"1228\" data-end=\"1231\" \/>Apostem per una educaci\u00f3 competencial i global, incorporant propostes com els <strong data-start=\"1309\" data-end=\"1329\">escacs educatius<\/strong>, la <strong data-start=\"1334\" data-end=\"1360\">programaci\u00f3 i rob\u00f2tica<\/strong>, la <strong data-start=\"1365\" data-end=\"1387\">m\u00fasica amb ukelele<\/strong>, la <strong data-start=\"1392\" data-end=\"1411\">nataci\u00f3 escolar<\/strong>, l\u2019<strong data-start=\"1415\" data-end=\"1432\">hort ecol\u00f2gic<\/strong> i altres experi\u00e8ncies que connecten el saber amb la vida.<\/p>\n<hr data-start=\"1492\" data-end=\"1495\" \/>\n<h3 data-start=\"1497\" data-end=\"1512\">\ud83d\udc9a VALORS<\/h3>\n<p data-start=\"1513\" data-end=\"1652\">A l\u2019Escola Federico Garc\u00eda Lorca promovem una educaci\u00f3 basada en valors que guien la nostra acci\u00f3 di\u00e0ria i donen sentit al nostre projecte:<\/p>\n<ul data-start=\"1654\" data-end=\"2515\">\n<li data-start=\"1654\" data-end=\"1787\">\n<p data-start=\"1656\" data-end=\"1787\"><strong data-start=\"1656\" data-end=\"1678\">Inclusi\u00f3 i equitat<\/strong>: Tots els infants tenen dret a aprendre i a sentir-se part del grup, valorant la diversitat com una riquesa.<\/p>\n<\/li>\n<li data-start=\"1788\" data-end=\"1933\">\n<p data-start=\"1790\" data-end=\"1933\"><strong data-start=\"1790\" data-end=\"1816\">Respecte i conviv\u00e8ncia<\/strong>: Fomentem el respecte a un mateix, als altres i a l\u2019entorn a trav\u00e9s del di\u00e0leg i la gesti\u00f3 positiva dels conflictes.<\/p>\n<\/li>\n<li data-start=\"1934\" data-end=\"2072\">\n<p data-start=\"1936\" data-end=\"2072\"><strong data-start=\"1936\" data-end=\"1967\">Autonomia i responsabilitat<\/strong>: Acompanyem l\u2019alumnat perqu\u00e8 sigui protagonista del seu aprenentatge i del seu desenvolupament personal.<\/p>\n<\/li>\n<li data-start=\"2073\" data-end=\"2212\">\n<p data-start=\"2075\" data-end=\"2212\"><strong data-start=\"2075\" data-end=\"2102\">Innovaci\u00f3 i creativitat<\/strong>: Incorporant recursos i metodologies actuals que connectin amb els interessos i les necessitats dels infants.<\/p>\n<\/li>\n<li data-start=\"2213\" data-end=\"2375\">\n<p data-start=\"2215\" data-end=\"2375\"><strong data-start=\"2215\" data-end=\"2254\">Comprom\u00eds amb l\u2019entorn i el planeta<\/strong>: Treballem per una consci\u00e8ncia ecol\u00f2gica i social a trav\u00e9s de projectes com l\u2019hort escolar i altres accions sostenibles.<\/p>\n<\/li>\n<li data-start=\"2376\" data-end=\"2515\">\n<p data-start=\"2378\" data-end=\"2515\"><strong data-start=\"2378\" data-end=\"2406\">Participaci\u00f3 i comunitat<\/strong>: Creiem en una escola que es construeix amb la implicaci\u00f3 de les fam\u00edlies, l\u2019equip docent i l\u2019entorn proper.<\/p>\n<\/li>\n<\/ul>\n<p>&nbsp;<\/p>\n<p>\ud83d\udd17 <em data-start=\"2525\" data-end=\"2663\">Aquest plantejament institucional reflecteix el comprom\u00eds de l\u2019escola amb una educaci\u00f3 p\u00fablica de qualitat, transformadora i amb sentit.<\/em><\/p>\n<p><a href=\"https:\/\/agora.xtec.cat\/ceiplorca\/wp-content\/uploads\/usu1186\/2025\/09\/compartir1.webp\"><img loading=\"lazy\" decoding=\"async\" class=\"size-full wp-image-2619 aligncenter\" src=\"https:\/\/agora.xtec.cat\/ceiplorca\/wp-content\/uploads\/usu1186\/2025\/09\/compartir1.webp\" alt=\"\" width=\"648\" height=\"380\" srcset=\"https:\/\/agora.xtec.cat\/ceiplorca\/wp-content\/uploads\/usu1186\/2025\/09\/compartir1.webp 648w, https:\/\/agora.xtec.cat\/ceiplorca\/wp-content\/uploads\/usu1186\/2025\/09\/compartir1-300x176.webp 300w\" sizes=\"auto, (max-width: 648px) 100vw, 648px\" \/><\/a><\/p>\n","protected":false},"excerpt":{"rendered":"<p>\ud83c\udf1f Plantejament institucional Escola P\u00fablica Federico Garc\u00eda Lorca \u2013 Mollet del Vall\u00e8s \ud83c\udfaf MISSI\u00d3 Som una escola p\u00fablica, inclusiva i compromesa amb l\u2019educaci\u00f3 integral dels infants. Treballem per oferir una formaci\u00f3 de qualitat que permeti desenvolupar les compet\u00e8ncies personals, socials i acad\u00e8miques de tot l\u2019alumnat, tot respectant els ritmes individuals i promovent la igualtat d\u2019oportunitats.Acompanyem [&hellip;]<\/p>\n","protected":false},"author":1,"featured_media":0,"parent":64,"menu_order":1,"comment_status":"closed","ping_status":"closed","template":"","meta":{"_bbp_topic_count":0,"_bbp_reply_count":0,"_bbp_total_topic_count":0,"_bbp_total_reply_count":0,"_bbp_voice_count":0,"_bbp_anonymous_reply_count":0,"_bbp_topic_count_hidden":0,"_bbp_reply_count_hidden":0,"_bbp_forum_subforum_count":0,"site-sidebar-layout":"default","site-content-layout":"","ast-site-content-layout":"","site-content-style":"default","site-sidebar-style":"default","ast-global-header-display":"","ast-banner-title-visibility":"","ast-main-header-display":"","ast-hfb-above-header-display":"","ast-hfb-below-header-display":"","ast-hfb-mobile-header-display":"","site-post-title":"","ast-breadcrumbs-content":"","ast-featured-img":"","footer-sml-layout":"","theme-transparent-header-meta":"","adv-header-id-meta":"","stick-header-meta":"","header-above-stick-meta":"","header-main-stick-meta":"","header-below-stick-meta":"","astra-migrate-meta-layouts":"default","ast-page-background-enabled":"default","ast-page-background-meta":{"desktop":{"background-color":"var(--ast-global-color-4)","background-image":"","background-repeat":"repeat","background-position":"center center","background-size":"auto","background-attachment":"scroll","background-type":"","background-media":"","overlay-type":"","overlay-color":"","overlay-opacity":"","overlay-gradient":""},"tablet":{"background-color":"","background-image":"","background-repeat":"repeat","background-position":"center center","background-size":"auto","background-attachment":"scroll","background-type":"","background-media":"","overlay-type":"","overlay-color":"","overlay-opacity":"","overlay-gradient":""},"mobile":{"background-color":"","background-image":"","background-repeat":"repeat","background-position":"center center","background-size":"auto","background-attachment":"scroll","background-type":"","background-media":"","overlay-type":"","overlay-color":"","overlay-opacity":"","overlay-gradient":""}},"ast-content-background-meta":{"desktop":{"background-color":"var(--ast-global-color-5)","background-image":"","background-repeat":"repeat","background-position":"center center","background-size":"auto","background-attachment":"scroll","background-type":"","background-media":"","overlay-type":"","overlay-color":"","overlay-opacity":"","overlay-gradient":""},"tablet":{"background-color":"var(--ast-global-color-5)","background-image":"","background-repeat":"repeat","background-position":"center center","background-size":"auto","background-attachment":"scroll","background-type":"","background-media":"","overlay-type":"","overlay-color":"","overlay-opacity":"","overlay-gradient":""},"mobile":{"background-color":"var(--ast-global-color-5)","background-image":"","background-repeat":"repeat","background-position":"center center","background-size":"auto","background-attachment":"scroll","background-type":"","background-media":"","overlay-type":"","overlay-color":"","overlay-opacity":"","overlay-gradient":""}},"footnotes":""},"class_list":["post-2568","page","type-page","status-publish","hentry"],"post_mailing_queue_ids":[],"_links":{"self":[{"href":"https:\/\/agora.xtec.cat\/ceiplorca\/wp-json\/wp\/v2\/pages\/2568","targetHints":{"allow":["GET"]}}],"collection":[{"href":"https:\/\/agora.xtec.cat\/ceiplorca\/wp-json\/wp\/v2\/pages"}],"about":[{"href":"https:\/\/agora.xtec.cat\/ceiplorca\/wp-json\/wp\/v2\/types\/page"}],"author":[{"embeddable":true,"href":"https:\/\/agora.xtec.cat\/ceiplorca\/wp-json\/wp\/v2\/users\/1"}],"replies":[{"embeddable":true,"href":"https:\/\/agora.xtec.cat\/ceiplorca\/wp-json\/wp\/v2\/comments?post=2568"}],"version-history":[{"count":5,"href":"https:\/\/agora.xtec.cat\/ceiplorca\/wp-json\/wp\/v2\/pages\/2568\/revisions"}],"predecessor-version":[{"id":2621,"href":"https:\/\/agora.xtec.cat\/ceiplorca\/wp-json\/wp\/v2\/pages\/2568\/revisions\/2621"}],"up":[{"embeddable":true,"href":"https:\/\/agora.xtec.cat\/ceiplorca\/wp-json\/wp\/v2\/pages\/64"}],"wp:attachment":[{"href":"https:\/\/agora.xtec.cat\/ceiplorca\/wp-json\/wp\/v2\/media?parent=2568"}],"curies":[{"name":"wp","href":"https:\/\/api.w.org\/{rel}","templated":true}]}}