{"id":2541,"date":"2025-09-19T13:33:56","date_gmt":"2025-09-19T11:33:56","guid":{"rendered":"https:\/\/agora.xtec.cat\/ceiplorca\/?page_id=2541"},"modified":"2026-02-20T09:02:01","modified_gmt":"2026-02-20T08:02:01","slug":"medi-ambient","status":"publish","type":"page","link":"https:\/\/agora.xtec.cat\/ceiplorca\/projectes-descola\/medi-ambient\/","title":{"rendered":"Medi ambient"},"content":{"rendered":"<h3>La nostra aposta per la sostenibilitat: un projecte amb arrels<\/h3>\n<p>&nbsp;<\/p>\n<p>A la nostra escola, creiem que l&#8217;educaci\u00f3 del futur no es limita a l&#8217;aula, sin\u00f3 que s&#8217;apr\u00e8n a trav\u00e9s de l&#8217;acci\u00f3 i el comprom\u00eds. Amb el projecte de medi ambient, convidem els nostres alumnes a esdevenir part activa d&#8217;un canvi, aprenent a cuidar el nostre entorn i a construir un futur m\u00e9s sostenible.<a href=\"https:\/\/agora.xtec.cat\/ceiplorca\/wp-content\/uploads\/usu1186\/2025\/09\/12a6caec-7837-4208-8c7d-40fc2f6a772b.jpg\"><img loading=\"lazy\" decoding=\"async\" class=\"wp-image-2697 alignright\" src=\"https:\/\/agora.xtec.cat\/ceiplorca\/wp-content\/uploads\/usu1186\/2025\/09\/12a6caec-7837-4208-8c7d-40fc2f6a772b-768x1024.jpg\" alt=\"\" width=\"331\" height=\"442\" srcset=\"https:\/\/agora.xtec.cat\/ceiplorca\/wp-content\/uploads\/usu1186\/2025\/09\/12a6caec-7837-4208-8c7d-40fc2f6a772b-768x1024.jpg 768w, https:\/\/agora.xtec.cat\/ceiplorca\/wp-content\/uploads\/usu1186\/2025\/09\/12a6caec-7837-4208-8c7d-40fc2f6a772b-225x300.jpg 225w, https:\/\/agora.xtec.cat\/ceiplorca\/wp-content\/uploads\/usu1186\/2025\/09\/12a6caec-7837-4208-8c7d-40fc2f6a772b-1152x1536.jpg 1152w, https:\/\/agora.xtec.cat\/ceiplorca\/wp-content\/uploads\/usu1186\/2025\/09\/12a6caec-7837-4208-8c7d-40fc2f6a772b.jpg 1536w\" sizes=\"auto, (max-width: 331px) 100vw, 331px\" \/><\/a><\/p>\n<p>El nostre objectiu \u00e9s anar m\u00e9s enll\u00e0 de la teoria i fomentar h\u00e0bits que es quedin per a tota la vida. Aix\u00f2 ho fem a trav\u00e9s de diferents eixos de treball:<\/p>\n<ul>\n<li><b>Connectant amb la natura:<\/b> Amb el nostre <b>hort escolar<\/b>, els infants s&#8217;embrutaran les mans, coneixeran d&#8217;on ve el menjar i aprendran el cicle de la vida. A m\u00e9s, ens cuidarem d&#8217;espais propers com els <b>parcs de l&#8217;entorn<\/b>, entenent que el respecte pel medi comen\u00e7a a la nostra porta.<\/li>\n<li><b>H\u00e0bits que transformen:<\/b> Integrem la sostenibilitat en el dia a dia de l&#8217;escola. Des de la gesti\u00f3 del <b>reciclatge<\/b> i l&#8217;<b>estalvi energ\u00e8tic<\/b>, fins a accions concretes com portar els <b>esmorzars en carmanyola o embolcall reutilitzable<\/b>, ensenyem que cada petita decisi\u00f3 t\u00e9 un gran impacte.<\/li>\n<li><b>La ci\u00e8ncia del medi ambient:<\/b> Per aprofundir en el coneixement, el projecte es complementa amb el <b>treball al laboratori de l&#8217;escola<\/b>, on la investigaci\u00f3 i l&#8217;experimentaci\u00f3 ajuden els alumnes a entendre els processos naturals i a ser cient\u00edfics d&#8217;all\u00f2 que passa al seu entorn.<\/li>\n<\/ul>\n<p>Aquest projecte \u00e9s un comprom\u00eds col\u00b7lectiu: de l&#8217;escola, de les fam\u00edlies i, sobretot, dels nostres alumnes. Volem que es converteixi en una manera de fer i de ser, i us convidem a formar part d&#8217;aquesta gran aventura pel planeta.<\/p>\n<div class=\"ast-oembed-container \" style=\"height: 100%;\"><iframe loading=\"lazy\" title=\"M\u00fasica nova Escola Federico Garc\u00eda Lorca V\u00eddeo\" width=\"500\" height=\"281\" src=\"https:\/\/www.youtube.com\/embed\/cU2vNSbg6mo?feature=oembed\" frameborder=\"0\" allow=\"accelerometer; autoplay; clipboard-write; encrypted-media; gyroscope; picture-in-picture; web-share\" referrerpolicy=\"strict-origin-when-cross-origin\" allowfullscreen><\/iframe><\/div>\n","protected":false},"excerpt":{"rendered":"<p>La nostra aposta per la sostenibilitat: un projecte amb arrels &nbsp; A la nostra escola, creiem que l&#8217;educaci\u00f3 del futur no es limita a l&#8217;aula, sin\u00f3 que s&#8217;apr\u00e8n a trav\u00e9s de l&#8217;acci\u00f3 i el comprom\u00eds. Amb el projecte de medi ambient, convidem els nostres alumnes a esdevenir part activa d&#8217;un canvi, aprenent a cuidar el [&hellip;]<\/p>\n","protected":false},"author":1,"featured_media":0,"parent":2531,"menu_order":2,"comment_status":"closed","ping_status":"closed","template":"","meta":{"_bbp_topic_count":0,"_bbp_reply_count":0,"_bbp_total_topic_count":0,"_bbp_total_reply_count":0,"_bbp_voice_count":0,"_bbp_anonymous_reply_count":0,"_bbp_topic_count_hidden":0,"_bbp_reply_count_hidden":0,"_bbp_forum_subforum_count":0,"site-sidebar-layout":"default","site-content-layout":"","ast-site-content-layout":"default","site-content-style":"default","site-sidebar-style":"default","ast-global-header-display":"","ast-banner-title-visibility":"","ast-main-header-display":"","ast-hfb-above-header-display":"","ast-hfb-below-header-display":"","ast-hfb-mobile-header-display":"","site-post-title":"","ast-breadcrumbs-content":"","ast-featured-img":"","footer-sml-layout":"","theme-transparent-header-meta":"default","adv-header-id-meta":"","stick-header-meta":"","header-above-stick-meta":"","header-main-stick-meta":"","header-below-stick-meta":"","astra-migrate-meta-layouts":"set","ast-page-background-enabled":"default","ast-page-background-meta":{"desktop":{"background-color":"var(--ast-global-color-4)","background-image":"","background-repeat":"repeat","background-position":"center center","background-size":"auto","background-attachment":"scroll","background-type":"","background-media":"","overlay-type":"","overlay-color":"","overlay-opacity":"","overlay-gradient":""},"tablet":{"background-color":"","background-image":"","background-repeat":"repeat","background-position":"center center","background-size":"auto","background-attachment":"scroll","background-type":"","background-media":"","overlay-type":"","overlay-color":"","overlay-opacity":"","overlay-gradient":""},"mobile":{"background-color":"","background-image":"","background-repeat":"repeat","background-position":"center center","background-size":"auto","background-attachment":"scroll","background-type":"","background-media":"","overlay-type":"","overlay-color":"","overlay-opacity":"","overlay-gradient":""}},"ast-content-background-meta":{"desktop":{"background-color":"var(--ast-global-color-5)","background-image":"","background-repeat":"repeat","background-position":"center center","background-size":"auto","background-attachment":"scroll","background-type":"","background-media":"","overlay-type":"","overlay-color":"","overlay-opacity":"","overlay-gradient":""},"tablet":{"background-color":"var(--ast-global-color-5)","background-image":"","background-repeat":"repeat","background-position":"center center","background-size":"auto","background-attachment":"scroll","background-type":"","background-media":"","overlay-type":"","overlay-color":"","overlay-opacity":"","overlay-gradient":""},"mobile":{"background-color":"var(--ast-global-color-5)","background-image":"","background-repeat":"repeat","background-position":"center center","background-size":"auto","background-attachment":"scroll","background-type":"","background-media":"","overlay-type":"","overlay-color":"","overlay-opacity":"","overlay-gradient":""}},"footnotes":""},"class_list":["post-2541","page","type-page","status-publish","hentry"],"post_mailing_queue_ids":[],"_links":{"self":[{"href":"https:\/\/agora.xtec.cat\/ceiplorca\/wp-json\/wp\/v2\/pages\/2541","targetHints":{"allow":["GET"]}}],"collection":[{"href":"https:\/\/agora.xtec.cat\/ceiplorca\/wp-json\/wp\/v2\/pages"}],"about":[{"href":"https:\/\/agora.xtec.cat\/ceiplorca\/wp-json\/wp\/v2\/types\/page"}],"author":[{"embeddable":true,"href":"https:\/\/agora.xtec.cat\/ceiplorca\/wp-json\/wp\/v2\/users\/1"}],"replies":[{"embeddable":true,"href":"https:\/\/agora.xtec.cat\/ceiplorca\/wp-json\/wp\/v2\/comments?post=2541"}],"version-history":[{"count":6,"href":"https:\/\/agora.xtec.cat\/ceiplorca\/wp-json\/wp\/v2\/pages\/2541\/revisions"}],"predecessor-version":[{"id":3447,"href":"https:\/\/agora.xtec.cat\/ceiplorca\/wp-json\/wp\/v2\/pages\/2541\/revisions\/3447"}],"up":[{"embeddable":true,"href":"https:\/\/agora.xtec.cat\/ceiplorca\/wp-json\/wp\/v2\/pages\/2531"}],"wp:attachment":[{"href":"https:\/\/agora.xtec.cat\/ceiplorca\/wp-json\/wp\/v2\/media?parent=2541"}],"curies":[{"name":"wp","href":"https:\/\/api.w.org\/{rel}","templated":true}]}}