{"id":2537,"date":"2025-09-19T13:33:17","date_gmt":"2025-09-19T11:33:17","guid":{"rendered":"https:\/\/agora.xtec.cat\/ceiplorca\/?page_id=2537"},"modified":"2025-12-22T16:41:53","modified_gmt":"2025-12-22T15:41:53","slug":"tallers-multidiciplinars","status":"publish","type":"page","link":"https:\/\/agora.xtec.cat\/ceiplorca\/projectes-descola\/tallers-multidiciplinars\/","title":{"rendered":"Tallers multidiciplinaris"},"content":{"rendered":"<h3>Tallers multidisciplinaris: Aprenentatge actiu per cr\u00e9ixer<\/h3>\n<p>&nbsp;<\/p>\n<p>A l&#8217;escola, estrenem un projecte d&#8217;aprenentatge diferent que trenca amb la rutina de l&#8217;aula: els nostres <b>tallers multidisciplinaris<\/b>. Una tarda a la setmana, transformem l&#8217;escola en un espai d&#8217;exploraci\u00f3, on cada alumne pot descobrir noves passions i desenvolupar habilitats de manera creativa i pr\u00e0ctica.<\/p>\n<p>Una de les claus d&#8217;aquest projecte \u00e9s l&#8217;<b>aprenentatge entre iguals<\/b>, en grups d&#8217;edats mixtes. Aquesta organitzaci\u00f3 fomenta l&#8217;empatia, el respecte i la col\u00b7laboraci\u00f3, ja que els m\u00e9s grans poden acompanyar els m\u00e9s petits, i tots aprenen els uns dels altres.<\/p>\n<p>Cada taller es realitza en cicles de quatre sessions, permetent que l&#8217;alumnat aprofundeixi en cada tem\u00e0tica abans de canviar al seg\u00fcent repte.<\/p>\n<p>&nbsp;<\/p>\n<h4>Taller per als m\u00e9s petits (Infantil i Cicle Inicial)<\/h4>\n<p>&nbsp;<\/p>\n<p>Els infants d&#8217;I3 a 2n de Prim\u00e0ria es barrejaran en tres grups d&#8217;aprenentatge actiu, on la curiositat ser\u00e0 la protagonista:<\/p>\n<ul>\n<li><b>Hort i laboratori:<\/b> Aprendran a connectar amb la natura, descobrint el cicle de la vida de les plantes i experimentant amb la ci\u00e8ncia d&#8217;una manera divertida i pr\u00e0ctica.<\/li>\n<li><b>Rob\u00f2tica:<\/b> Treballaran la l\u00f2gica i la resoluci\u00f3 de problemes a trav\u00e9s del joc, construint i programant petits robots.<\/li>\n<li><b>Teatre:<\/b> Fomentaran la imaginaci\u00f3, l&#8217;expressi\u00f3 corporal i les habilitats comunicatives, guanyant confian\u00e7a a l&#8217;escenari i fora d&#8217;ell.<\/li>\n<\/ul>\n<p><a href=\"https:\/\/agora.xtec.cat\/ceiplorca\/wp-content\/uploads\/usu1186\/2025\/09\/WhatsApp-Image-2025-09-29-at-08.46.18.jpeg\"><img loading=\"lazy\" decoding=\"async\" class=\"alignnone size-large wp-image-2723\" src=\"https:\/\/agora.xtec.cat\/ceiplorca\/wp-content\/uploads\/usu1186\/2025\/09\/WhatsApp-Image-2025-09-29-at-08.46.18-1024x768.jpeg\" alt=\"\" width=\"1024\" height=\"768\" srcset=\"https:\/\/agora.xtec.cat\/ceiplorca\/wp-content\/uploads\/usu1186\/2025\/09\/WhatsApp-Image-2025-09-29-at-08.46.18-1024x768.jpeg 1024w, https:\/\/agora.xtec.cat\/ceiplorca\/wp-content\/uploads\/usu1186\/2025\/09\/WhatsApp-Image-2025-09-29-at-08.46.18-300x225.jpeg 300w, https:\/\/agora.xtec.cat\/ceiplorca\/wp-content\/uploads\/usu1186\/2025\/09\/WhatsApp-Image-2025-09-29-at-08.46.18-768x576.jpeg 768w, https:\/\/agora.xtec.cat\/ceiplorca\/wp-content\/uploads\/usu1186\/2025\/09\/WhatsApp-Image-2025-09-29-at-08.46.18-1536x1152.jpeg 1536w, https:\/\/agora.xtec.cat\/ceiplorca\/wp-content\/uploads\/usu1186\/2025\/09\/WhatsApp-Image-2025-09-29-at-08.46.18-200x150.jpeg 200w, https:\/\/agora.xtec.cat\/ceiplorca\/wp-content\/uploads\/usu1186\/2025\/09\/WhatsApp-Image-2025-09-29-at-08.46.18.jpeg 2000w\" sizes=\"auto, (max-width: 1024px) 100vw, 1024px\" \/><\/a><\/p>\n<p>&nbsp;<\/p>\n<h4>Tallers per als m\u00e9s grans (Cicle Mitj\u00e0 i Superior)<\/h4>\n<p>&nbsp;<\/p>\n<p>Els alumnes de 3r a 6\u00e8 de Prim\u00e0ria tamb\u00e9 exploraran nous camps de coneixement a trav\u00e9s d&#8217;aquests tallers din\u00e0mics:<\/p>\n<ul>\n<li><b>Rob\u00f2tica en angl\u00e8s:<\/b> Combinaran la programaci\u00f3 i la tecnologia amb l&#8217;aprenentatge de l&#8217;angl\u00e8s d&#8217;una manera natural i significativa.<\/li>\n<li><b>R\u00e0dio i audiovisuals:<\/b> Desenvoluparan habilitats comunicatives, creativitat i treball en equip, creant projectes de r\u00e0dio i v\u00eddeos que seran la veu de l&#8217;escola.<\/li>\n<li><b>Pl\u00e0stica:<\/b> Utilitzaran diferents materials i t\u00e8cniques per explorar la seva vessant m\u00e9s art\u00edstica i expressar les seves idees.<\/li>\n<\/ul>\n<p>Amb aquests tallers, volem formar alumnes creatius, cr\u00edtics i preparats per als reptes del futur, donant-los l&#8217;oportunitat de descobrir i potenciar els seus talents.<\/p>\n<p><a href=\"https:\/\/agora.xtec.cat\/ceiplorca\/wp-content\/uploads\/usu1186\/2025\/10\/WhatsApp-Image-2025-10-16-at-14.01.43-4.jpeg\"><img loading=\"lazy\" decoding=\"async\" class=\"alignnone size-large wp-image-2767\" src=\"https:\/\/agora.xtec.cat\/ceiplorca\/wp-content\/uploads\/usu1186\/2025\/10\/WhatsApp-Image-2025-10-16-at-14.01.43-4-1024x768.jpeg\" alt=\"\" width=\"1024\" height=\"768\" srcset=\"https:\/\/agora.xtec.cat\/ceiplorca\/wp-content\/uploads\/usu1186\/2025\/10\/WhatsApp-Image-2025-10-16-at-14.01.43-4-1024x768.jpeg 1024w, https:\/\/agora.xtec.cat\/ceiplorca\/wp-content\/uploads\/usu1186\/2025\/10\/WhatsApp-Image-2025-10-16-at-14.01.43-4-300x225.jpeg 300w, https:\/\/agora.xtec.cat\/ceiplorca\/wp-content\/uploads\/usu1186\/2025\/10\/WhatsApp-Image-2025-10-16-at-14.01.43-4-768x576.jpeg 768w, https:\/\/agora.xtec.cat\/ceiplorca\/wp-content\/uploads\/usu1186\/2025\/10\/WhatsApp-Image-2025-10-16-at-14.01.43-4-1536x1152.jpeg 1536w, https:\/\/agora.xtec.cat\/ceiplorca\/wp-content\/uploads\/usu1186\/2025\/10\/WhatsApp-Image-2025-10-16-at-14.01.43-4-200x150.jpeg 200w, https:\/\/agora.xtec.cat\/ceiplorca\/wp-content\/uploads\/usu1186\/2025\/10\/WhatsApp-Image-2025-10-16-at-14.01.43-4.jpeg 1600w\" sizes=\"auto, (max-width: 1024px) 100vw, 1024px\" \/><\/a><\/p>\n","protected":false},"excerpt":{"rendered":"<p>Tallers multidisciplinaris: Aprenentatge actiu per cr\u00e9ixer &nbsp; A l&#8217;escola, estrenem un projecte d&#8217;aprenentatge diferent que trenca amb la rutina de l&#8217;aula: els nostres tallers multidisciplinaris. Una tarda a la setmana, transformem l&#8217;escola en un espai d&#8217;exploraci\u00f3, on cada alumne pot descobrir noves passions i desenvolupar habilitats de manera creativa i pr\u00e0ctica. Una de les claus [&hellip;]<\/p>\n","protected":false},"author":1,"featured_media":0,"parent":2531,"menu_order":3,"comment_status":"closed","ping_status":"closed","template":"","meta":{"_bbp_topic_count":0,"_bbp_reply_count":0,"_bbp_total_topic_count":0,"_bbp_total_reply_count":0,"_bbp_voice_count":0,"_bbp_anonymous_reply_count":0,"_bbp_topic_count_hidden":0,"_bbp_reply_count_hidden":0,"_bbp_forum_subforum_count":0,"site-sidebar-layout":"default","site-content-layout":"","ast-site-content-layout":"default","site-content-style":"default","site-sidebar-style":"default","ast-global-header-display":"","ast-banner-title-visibility":"","ast-main-header-display":"","ast-hfb-above-header-display":"","ast-hfb-below-header-display":"","ast-hfb-mobile-header-display":"","site-post-title":"","ast-breadcrumbs-content":"","ast-featured-img":"","footer-sml-layout":"","theme-transparent-header-meta":"default","adv-header-id-meta":"","stick-header-meta":"","header-above-stick-meta":"","header-main-stick-meta":"","header-below-stick-meta":"","astra-migrate-meta-layouts":"set","ast-page-background-enabled":"default","ast-page-background-meta":{"desktop":{"background-color":"var(--ast-global-color-4)","background-image":"","background-repeat":"repeat","background-position":"center center","background-size":"auto","background-attachment":"scroll","background-type":"","background-media":"","overlay-type":"","overlay-color":"","overlay-opacity":"","overlay-gradient":""},"tablet":{"background-color":"","background-image":"","background-repeat":"repeat","background-position":"center center","background-size":"auto","background-attachment":"scroll","background-type":"","background-media":"","overlay-type":"","overlay-color":"","overlay-opacity":"","overlay-gradient":""},"mobile":{"background-color":"","background-image":"","background-repeat":"repeat","background-position":"center center","background-size":"auto","background-attachment":"scroll","background-type":"","background-media":"","overlay-type":"","overlay-color":"","overlay-opacity":"","overlay-gradient":""}},"ast-content-background-meta":{"desktop":{"background-color":"var(--ast-global-color-5)","background-image":"","background-repeat":"repeat","background-position":"center center","background-size":"auto","background-attachment":"scroll","background-type":"","background-media":"","overlay-type":"","overlay-color":"","overlay-opacity":"","overlay-gradient":""},"tablet":{"background-color":"var(--ast-global-color-5)","background-image":"","background-repeat":"repeat","background-position":"center center","background-size":"auto","background-attachment":"scroll","background-type":"","background-media":"","overlay-type":"","overlay-color":"","overlay-opacity":"","overlay-gradient":""},"mobile":{"background-color":"var(--ast-global-color-5)","background-image":"","background-repeat":"repeat","background-position":"center center","background-size":"auto","background-attachment":"scroll","background-type":"","background-media":"","overlay-type":"","overlay-color":"","overlay-opacity":"","overlay-gradient":""}},"footnotes":""},"class_list":["post-2537","page","type-page","status-publish","hentry"],"post_mailing_queue_ids":[],"_links":{"self":[{"href":"https:\/\/agora.xtec.cat\/ceiplorca\/wp-json\/wp\/v2\/pages\/2537","targetHints":{"allow":["GET"]}}],"collection":[{"href":"https:\/\/agora.xtec.cat\/ceiplorca\/wp-json\/wp\/v2\/pages"}],"about":[{"href":"https:\/\/agora.xtec.cat\/ceiplorca\/wp-json\/wp\/v2\/types\/page"}],"author":[{"embeddable":true,"href":"https:\/\/agora.xtec.cat\/ceiplorca\/wp-json\/wp\/v2\/users\/1"}],"replies":[{"embeddable":true,"href":"https:\/\/agora.xtec.cat\/ceiplorca\/wp-json\/wp\/v2\/comments?post=2537"}],"version-history":[{"count":3,"href":"https:\/\/agora.xtec.cat\/ceiplorca\/wp-json\/wp\/v2\/pages\/2537\/revisions"}],"predecessor-version":[{"id":3064,"href":"https:\/\/agora.xtec.cat\/ceiplorca\/wp-json\/wp\/v2\/pages\/2537\/revisions\/3064"}],"up":[{"embeddable":true,"href":"https:\/\/agora.xtec.cat\/ceiplorca\/wp-json\/wp\/v2\/pages\/2531"}],"wp:attachment":[{"href":"https:\/\/agora.xtec.cat\/ceiplorca\/wp-json\/wp\/v2\/media?parent=2537"}],"curies":[{"name":"wp","href":"https:\/\/api.w.org\/{rel}","templated":true}]}}