{"id":8024,"date":"2025-12-19T00:27:04","date_gmt":"2025-12-18T23:27:04","guid":{"rendered":"https:\/\/agora.xtec.cat\/ceiplluisvives\/?page_id=8024"},"modified":"2026-02-22T21:04:55","modified_gmt":"2026-02-22T20:04:55","slug":"extraescolars","status":"publish","type":"page","link":"https:\/\/agora.xtec.cat\/ceiplluisvives\/extraescolars\/","title":{"rendered":"Extraescolars"},"content":{"rendered":"<p><span style=\"font-weight: 400; font-family: arial, helvetica, sans-serif;\">Les activitats extraescolars de l\u2019escola estan organitzades per l\u2019AMPA, amb la col\u00b7laboraci\u00f3 d\u2019empreses i entitats especialitzades. <\/span><span style=\"font-weight: 400; font-family: arial, helvetica, sans-serif;\">Aquest curs, l\u2019AMPA compta amb el suport de l\u2019empresa <strong>Educatium<\/strong>, que ofereix les seg\u00fcents activitats:<\/span><\/p>\n<ul>\n<li style=\"font-weight: 400;\" aria-level=\"1\"><span style=\"font-family: arial, helvetica, sans-serif;\"><span style=\"font-weight: 400;\">Ball modern<\/span><span style=\"font-weight: 400;\"><br \/>\n<\/span><\/span><\/li>\n<li style=\"font-weight: 400;\" aria-level=\"1\"><span style=\"font-family: arial, helvetica, sans-serif;\"><span style=\"font-weight: 400;\">Pequedeporte<\/span><span style=\"font-weight: 400;\"><br \/>\n<\/span><\/span><\/li>\n<li style=\"font-weight: 400;\" aria-level=\"1\"><span style=\"font-family: arial, helvetica, sans-serif;\"><span style=\"font-weight: 400;\">Angl\u00e8s<\/span><span style=\"font-weight: 400;\"><br \/>\n<\/span><\/span><\/li>\n<li style=\"font-weight: 400;\" aria-level=\"1\"><span style=\"font-family: arial, helvetica, sans-serif;\"><span style=\"font-weight: 400;\">Divertici\u00e8ncia<\/span><\/span><\/li>\n<\/ul>\n<p><span style=\"font-family: arial, helvetica, sans-serif;\"><span style=\"font-weight: 400;\">Totes les activitats extraescolars es duen a terme de 16:00 h a 17:00 h, un cop finalitzada la jornada escolar. <\/span><\/span><span style=\"font-weight: 400; font-family: arial, helvetica, sans-serif;\">Les activitats d\u2019Educatium es realitzen a les aules de l\u2019escola. <\/span><span style=\"font-family: arial, helvetica, sans-serif;\"><span style=\"font-weight: 400;\">Per inscriure\u2019s a alguna d\u2019aquestes activitats, cal contactar amb la presidenta de l\u2019AMPA.<\/span><\/span><\/p>\n<p><span style=\"font-family: arial, helvetica, sans-serif;\"><span style=\"font-weight: 400;\">Tamb\u00e9 oferim l&#8217;extraescolar de <strong>B\u00e0squet<\/strong>, gestionada per la <strong>Fundaci\u00f3 del B\u00e0squet Catal\u00e0.<\/strong><\/span><span style=\"font-weight: 400;\"><br \/>\n<\/span><span style=\"font-weight: 400;\"> El coordinador \u00e9s l\u2019\u00d2scar Tamayo, i per a qualsevol informaci\u00f3 o inscripci\u00f3 cal posar-se en contacte amb ell a trav\u00e9s de l\u2019aplicaci\u00f3 Dinantia.<\/span><\/span><\/p>\n<h3><span style=\"font-weight: 400; font-family: arial, helvetica, sans-serif;\">Programes educatius complementaris<\/span><\/h3>\n<p><span style=\"font-weight: 400; font-family: arial, helvetica, sans-serif;\">L\u2019escola tamb\u00e9 participa en diversos programes educatius d\u2019acompanyament i suport a l\u2019aprenentatge, en col\u00b7laboraci\u00f3 amb altres institucions.<\/span><\/p>\n<ul>\n<li style=\"font-weight: 400;\" aria-level=\"1\"><span style=\"font-family: arial, helvetica, sans-serif;\"><span style=\"font-weight: 400;\"><strong>Aprenem compartint:<\/strong> adre\u00e7at a l&#8217;alumnat de 5\u00e8 de prim\u00e0ria. Es realitza dimarts i dijous de 16h a 17:30h.<\/span><\/span><\/li>\n<li style=\"font-weight: 400;\" aria-level=\"1\"><span style=\"font-family: arial, helvetica, sans-serif;\"><span style=\"font-weight: 400;\"><b style=\"font-style: inherit;\">\u00c8xit \u2013 Acompanyament educatiu: <\/b>adre\u00e7at a l&#8217;alumnat de 6\u00e8 de prim\u00e0ria,<span style=\"font-weight: 400;\"> ofert pel Consorci d\u2019Educaci\u00f3 de Barcelona, que es realitza els dilluns i dimecres de 16h a 17:30h.<\/span><\/span><\/span><\/li>\n<\/ul>\n<p><img loading=\"lazy\" decoding=\"async\" class=\"size-full wp-image-8137 alignleft\" src=\"https:\/\/agora.xtec.cat\/ceiplluisvives\/wp-content\/uploads\/usu444\/2026\/01\/descarga.jpeg\" alt=\"\" width=\"190\" height=\"190\" srcset=\"https:\/\/agora.xtec.cat\/ceiplluisvives\/wp-content\/uploads\/usu444\/2026\/01\/descarga.jpeg 190w, https:\/\/agora.xtec.cat\/ceiplluisvives\/wp-content\/uploads\/usu444\/2026\/01\/descarga-150x150.jpeg 150w\" sizes=\"auto, (max-width: 190px) 100vw, 190px\" \/><img loading=\"lazy\" decoding=\"async\" class=\"size-medium wp-image-8138 alignright\" src=\"https:\/\/agora.xtec.cat\/ceiplluisvives\/wp-content\/uploads\/usu444\/2026\/01\/descarga-300x87.png\" alt=\"\" width=\"300\" height=\"87\" srcset=\"https:\/\/agora.xtec.cat\/ceiplluisvives\/wp-content\/uploads\/usu444\/2026\/01\/descarga-300x87.png 300w, https:\/\/agora.xtec.cat\/ceiplluisvives\/wp-content\/uploads\/usu444\/2026\/01\/descarga.png 415w\" sizes=\"auto, (max-width: 300px) 100vw, 300px\" \/><\/p>\n","protected":false},"excerpt":{"rendered":"<p>Les activitats extraescolars de l\u2019escola estan organitzades per l\u2019AMPA, amb la col\u00b7laboraci\u00f3 d\u2019empreses i entitats especialitzades. Aquest curs, l\u2019AMPA compta amb el suport de l\u2019empresa Educatium, que ofereix les seg\u00fcents activitats: Ball modern Pequedeporte Angl\u00e8s Divertici\u00e8ncia Totes les activitats extraescolars es duen a terme de 16:00 h a 17:00 h, un cop finalitzada la jornada [&hellip;]<\/p>\n","protected":false},"author":1,"featured_media":0,"parent":0,"menu_order":0,"comment_status":"closed","ping_status":"closed","template":"","meta":{"_bbp_topic_count":0,"_bbp_reply_count":0,"_bbp_total_topic_count":0,"_bbp_total_reply_count":0,"_bbp_voice_count":0,"_bbp_anonymous_reply_count":0,"_bbp_topic_count_hidden":0,"_bbp_reply_count_hidden":0,"_bbp_forum_subforum_count":0,"site-sidebar-layout":"left-sidebar","site-content-layout":"","ast-site-content-layout":"default","site-content-style":"default","site-sidebar-style":"default","ast-global-header-display":"","ast-banner-title-visibility":"","ast-main-header-display":"","ast-hfb-above-header-display":"","ast-hfb-below-header-display":"","ast-hfb-mobile-header-display":"","site-post-title":"","ast-breadcrumbs-content":"","ast-featured-img":"","footer-sml-layout":"","theme-transparent-header-meta":"default","adv-header-id-meta":"","stick-header-meta":"","header-above-stick-meta":"","header-main-stick-meta":"","header-below-stick-meta":"","astra-migrate-meta-layouts":"set","ast-page-background-enabled":"default","ast-page-background-meta":{"desktop":{"background-color":"var(--ast-global-color-4)","background-image":"","background-repeat":"repeat","background-position":"center center","background-size":"auto","background-attachment":"scroll","background-type":"","background-media":"","overlay-type":"","overlay-color":"","overlay-opacity":"","overlay-gradient":""},"tablet":{"background-color":"","background-image":"","background-repeat":"repeat","background-position":"center center","background-size":"auto","background-attachment":"scroll","background-type":"","background-media":"","overlay-type":"","overlay-color":"","overlay-opacity":"","overlay-gradient":""},"mobile":{"background-color":"","background-image":"","background-repeat":"repeat","background-position":"center center","background-size":"auto","background-attachment":"scroll","background-type":"","background-media":"","overlay-type":"","overlay-color":"","overlay-opacity":"","overlay-gradient":""}},"ast-content-background-meta":{"desktop":{"background-color":"var(--ast-global-color-5)","background-image":"","background-repeat":"repeat","background-position":"center center","background-size":"auto","background-attachment":"scroll","background-type":"","background-media":"","overlay-type":"","overlay-color":"","overlay-opacity":"","overlay-gradient":""},"tablet":{"background-color":"var(--ast-global-color-5)","background-image":"","background-repeat":"repeat","background-position":"center center","background-size":"auto","background-attachment":"scroll","background-type":"","background-media":"","overlay-type":"","overlay-color":"","overlay-opacity":"","overlay-gradient":""},"mobile":{"background-color":"var(--ast-global-color-5)","background-image":"","background-repeat":"repeat","background-position":"center center","background-size":"auto","background-attachment":"scroll","background-type":"","background-media":"","overlay-type":"","overlay-color":"","overlay-opacity":"","overlay-gradient":""}},"footnotes":""},"class_list":["post-8024","page","type-page","status-publish","hentry"],"post_mailing_queue_ids":[],"_links":{"self":[{"href":"https:\/\/agora.xtec.cat\/ceiplluisvives\/wp-json\/wp\/v2\/pages\/8024","targetHints":{"allow":["GET"]}}],"collection":[{"href":"https:\/\/agora.xtec.cat\/ceiplluisvives\/wp-json\/wp\/v2\/pages"}],"about":[{"href":"https:\/\/agora.xtec.cat\/ceiplluisvives\/wp-json\/wp\/v2\/types\/page"}],"author":[{"embeddable":true,"href":"https:\/\/agora.xtec.cat\/ceiplluisvives\/wp-json\/wp\/v2\/users\/1"}],"replies":[{"embeddable":true,"href":"https:\/\/agora.xtec.cat\/ceiplluisvives\/wp-json\/wp\/v2\/comments?post=8024"}],"version-history":[{"count":3,"href":"https:\/\/agora.xtec.cat\/ceiplluisvives\/wp-json\/wp\/v2\/pages\/8024\/revisions"}],"predecessor-version":[{"id":8286,"href":"https:\/\/agora.xtec.cat\/ceiplluisvives\/wp-json\/wp\/v2\/pages\/8024\/revisions\/8286"}],"wp:attachment":[{"href":"https:\/\/agora.xtec.cat\/ceiplluisvives\/wp-json\/wp\/v2\/media?parent=8024"}],"curies":[{"name":"wp","href":"https:\/\/api.w.org\/{rel}","templated":true}]}}