{"id":73,"date":"2014-09-18T14:01:51","date_gmt":"2014-09-18T13:01:51","guid":{"rendered":"http:\/\/agora.xtec.cat\/ceiplluispiquer\/?page_id=73"},"modified":"2026-04-25T11:03:56","modified_gmt":"2026-04-25T09:03:56","slug":"menjador-escolar","status":"publish","type":"page","link":"https:\/\/agora.xtec.cat\/ceiplluispiquer\/serveis\/menjador-escolar\/","title":{"rendered":"Menjador escolar"},"content":{"rendered":"<p><a href=\"https:\/\/agora.xtec.cat\/ceiplluispiquer\/wp-content\/uploads\/usu1238\/2023\/09\/ausolan.png\"><img loading=\"lazy\" decoding=\"async\" class=\"size-full wp-image-6499 aligncenter\" src=\"https:\/\/agora.xtec.cat\/ceiplluispiquer\/wp-content\/uploads\/usu1238\/2023\/09\/ausolan.png\" alt=\"\" width=\"471\" height=\"107\" srcset=\"https:\/\/agora.xtec.cat\/ceiplluispiquer\/wp-content\/uploads\/usu1238\/2023\/09\/ausolan.png 471w, https:\/\/agora.xtec.cat\/ceiplluispiquer\/wp-content\/uploads\/usu1238\/2023\/09\/ausolan-300x68.png 300w\" sizes=\"auto, (max-width: 471px) 100vw, 471px\" \/><\/a><\/p>\n<p style=\"text-align: justify;\">L&#8217;escola disposa de menjador i cuina. El menjador \u00e9s gestionat per l&#8217;empresa AUSOLAN. El menjar s&#8217;elabora di\u00e0riament al centre, que disposa de cuina pr\u00f2pia i amb totes les instal\u00b7lacions necess\u00e0ries.<\/p>\n<div style=\"text-align: justify;\">\n<div>\n<p><strong>Preus curs 2025- 2026:<\/strong><\/p>\n<\/div>\n<p><a href=\"https:\/\/agora.xtec.cat\/ceiplluispiquer\/wp-content\/uploads\/usu1238\/2025\/09\/Write-the-start-date-here.2-e1756831085767.png\"><img loading=\"lazy\" decoding=\"async\" class=\"alignnone wp-image-7514 \" src=\"https:\/\/agora.xtec.cat\/ceiplluispiquer\/wp-content\/uploads\/usu1238\/2025\/09\/Write-the-start-date-here.2-e1756831085767-300x102.png\" alt=\"\" width=\"250\" height=\"85\" srcset=\"https:\/\/agora.xtec.cat\/ceiplluispiquer\/wp-content\/uploads\/usu1238\/2025\/09\/Write-the-start-date-here.2-e1756831085767-300x102.png 300w, https:\/\/agora.xtec.cat\/ceiplluispiquer\/wp-content\/uploads\/usu1238\/2025\/09\/Write-the-start-date-here.2-e1756831085767-1024x349.png 1024w, https:\/\/agora.xtec.cat\/ceiplluispiquer\/wp-content\/uploads\/usu1238\/2025\/09\/Write-the-start-date-here.2-e1756831085767-768x262.png 768w, https:\/\/agora.xtec.cat\/ceiplluispiquer\/wp-content\/uploads\/usu1238\/2025\/09\/Write-the-start-date-here.2-e1756831085767.png 1366w\" sizes=\"auto, (max-width: 250px) 100vw, 250px\" \/><\/a><\/p>\n<\/div>\n<div style=\"text-align: justify;\"><span style=\"text-decoration: underline;\"><strong>Documents relacionats:<\/strong><\/span><\/div>\n<div style=\"text-align: justify;\">\n<ul>\n<li><a href=\"https:\/\/docs.google.com\/viewer?a=v&amp;pid=sites&amp;srcid=eHRlYy5jYXR8ZXNjb2xhbGx1aXNwaXF1ZXJ8Z3g6MTg4NjA0NDI3NzJiODMzOA\">Autoritzaci\u00f3 medicaments al menjador<\/a><\/li>\n<li><a href=\"https:\/\/agora.xtec.cat\/ceiplluispiquer\/wp-content\/uploads\/usu1238\/2025\/09\/NORMATIVA-ESPAI-MIGDIA-LLUIS-PIQUER-2526.pdf\">NORMATIVA ESPAI MIGDIA LLU\u00cdS PIQUER 25-<\/a><a href=\"https:\/\/agora.xtec.cat\/ceiplluispiquer\/wp-content\/uploads\/usu1238\/2025\/09\/NORMATIVA-ESPAI-MIGDIA-LLUIS-PIQUER-2526.pdf\">26<\/a><\/li>\n<li><a href=\"https:\/\/agora.xtec.cat\/ceiplluispiquer\/wp-content\/uploads\/usu1238\/2025\/10\/0110-FAMILIES-LLUIS-PIQUER.pdf\">Presentaci\u00f3 Reuni\u00f3 Informativa 25-26<\/a><\/li>\n<li><a href=\"https:\/\/agora.xtec.cat\/ceiplluispiquer\/wp-content\/uploads\/usu1238\/2025\/03\/new.jpg\"><img loading=\"lazy\" decoding=\"async\" class=\"alignnone wp-image-7315\" src=\"https:\/\/agora.xtec.cat\/ceiplluispiquer\/wp-content\/uploads\/usu1238\/2025\/03\/new.jpg\" alt=\"\" width=\"31\" height=\"31\" srcset=\"https:\/\/agora.xtec.cat\/ceiplluispiquer\/wp-content\/uploads\/usu1238\/2025\/03\/new.jpg 225w, https:\/\/agora.xtec.cat\/ceiplluispiquer\/wp-content\/uploads\/usu1238\/2025\/03\/new-150x150.jpg 150w\" sizes=\"auto, (max-width: 31px) 100vw, 31px\" \/><\/a><a href=\"https:\/\/agora.xtec.cat\/ceiplluispiquer\/wp-content\/uploads\/usu1238\/2025\/03\/Document-acompanyar-apats-infants-consells-families-menjadors-escolars-2024.pdf\" target=\"_blank\" rel=\"noopener\">Consells per acompanyar els infants i adolescents durant els \u00e0pats.\u00a0<\/a><\/li>\n<li><a href=\"https:\/\/agora.xtec.cat\/ceiplluispiquer\/wp-content\/uploads\/usu1238\/2025\/03\/new.jpg\"><img loading=\"lazy\" decoding=\"async\" class=\"alignnone wp-image-7315\" src=\"https:\/\/agora.xtec.cat\/ceiplluispiquer\/wp-content\/uploads\/usu1238\/2025\/03\/new.jpg\" alt=\"\" width=\"31\" height=\"31\" srcset=\"https:\/\/agora.xtec.cat\/ceiplluispiquer\/wp-content\/uploads\/usu1238\/2025\/03\/new.jpg 225w, https:\/\/agora.xtec.cat\/ceiplluispiquer\/wp-content\/uploads\/usu1238\/2025\/03\/new-150x150.jpg 150w\" sizes=\"auto, (max-width: 31px) 100vw, 31px\" \/><\/a><a href=\"https:\/\/agora.xtec.cat\/ceiplluispiquer\/wp-content\/uploads\/usu1238\/2025\/03\/acompanyar-apats-infants-consells-families-menjadors-escolars-2024-infografia.pdf\">Infografia Consells<\/a><\/li>\n<li><a href=\"https:\/\/agora.xtec.cat\/ceiplluispiquer\/wp-content\/uploads\/usu1238\/2025\/03\/new.jpg\"><img loading=\"lazy\" decoding=\"async\" class=\"alignnone wp-image-7315\" src=\"https:\/\/agora.xtec.cat\/ceiplluispiquer\/wp-content\/uploads\/usu1238\/2025\/03\/new.jpg\" alt=\"\" width=\"31\" height=\"31\" srcset=\"https:\/\/agora.xtec.cat\/ceiplluispiquer\/wp-content\/uploads\/usu1238\/2025\/03\/new.jpg 225w, https:\/\/agora.xtec.cat\/ceiplluispiquer\/wp-content\/uploads\/usu1238\/2025\/03\/new-150x150.jpg 150w\" sizes=\"auto, (max-width: 31px) 100vw, 31px\" \/><\/a><a href=\"https:\/\/agora.xtec.cat\/ceiplluispiquer\/wp-content\/uploads\/usu1238\/2025\/04\/20250131-Parets-del-Valles-Escola-Lluis-Piquer-REV-1.pdf\">Informe Valoraci\u00f3 PREME<\/a><\/li>\n<\/ul>\n<p><span style=\"text-decoration: underline;\"><strong>Men\u00fas mensuals:<\/strong><\/span><\/p>\n<p>\u21d2 <a href=\"https:\/\/agora.xtec.cat\/ceiplluispiquer\/wp-content\/uploads\/usu1238\/2025\/09\/Menu-1r-trimestre.pdf\">Men\u00fa 1r trimestre 25- 26<\/a><span style=\"color: #000080;\"><br \/>\n<\/span><\/p>\n<p>\u21d2 <a href=\"https:\/\/agora.xtec.cat\/ceiplluispiquer\/wp-content\/uploads\/usu1238\/2026\/02\/AUSOLAN_ESCOLAR_ECO_INSITU_CAT2.pdf\">Men\u00fa 2n trimestre 25-26<\/a><\/p>\n<p>Projecte Sant Jordi 25-26:\u00a0 <a href=\"https:\/\/agora.xtec.cat\/ceiplluispiquer\/wp-content\/uploads\/usu1238\/2026\/04\/2026SOSTENIBILITAT_RECICLATGE-BATES-1.pdf\" target=\"_blank\" rel=\"noopener\">Acc\u00e9s<\/a><\/p>\n<p>Activitats mes de maig:<\/p>\n<p><a href=\"https:\/\/agora.xtec.cat\/ceiplluispiquer\/wp-content\/uploads\/usu1238\/2026\/04\/IMG-20260407-WA00011.jpg\"><img loading=\"lazy\" decoding=\"async\" class=\"alignnone  wp-image-7756\" src=\"https:\/\/agora.xtec.cat\/ceiplluispiquer\/wp-content\/uploads\/usu1238\/2026\/04\/IMG-20260407-WA00011.jpg\" alt=\"\" width=\"354\" height=\"265\" srcset=\"https:\/\/agora.xtec.cat\/ceiplluispiquer\/wp-content\/uploads\/usu1238\/2026\/04\/IMG-20260407-WA00011.jpg 960w, https:\/\/agora.xtec.cat\/ceiplluispiquer\/wp-content\/uploads\/usu1238\/2026\/04\/IMG-20260407-WA00011-300x225.jpg 300w, https:\/\/agora.xtec.cat\/ceiplluispiquer\/wp-content\/uploads\/usu1238\/2026\/04\/IMG-20260407-WA00011-768x576.jpg 768w\" sizes=\"auto, (max-width: 354px) 100vw, 354px\" \/><\/a><\/p>\n<\/div>\n<p><span style=\"text-decoration: underline;\"><strong>Com accedir a l&#8217;aplicatiu:<\/strong><\/span><\/p>\n<p>Us recordem com entrar a l\u2019aplicatiu, per una de les dues opcions:<br \/>\n1. <strong>Aplicatiu on line<\/strong> del menjador, entrant per la p\u00e0gina web:<br \/>\n<a href=\"https:\/\/comocomen.com\/__cecoc017\/padres\/\">https:\/\/comocomen.com\/__cecoc017\/padres\/login.php<\/a><\/p>\n<p>2. <strong>Per l\u2019aplicaci\u00f3 m\u00f2bil<\/strong>, mitjan\u00e7ant App Store o Play Store, i escrivint al<br \/>\nbuscador <strong><em>ComoComen365 <a href=\"https:\/\/agora.xtec.cat\/ceiplluispiquer\/wp-content\/uploads\/usu1238\/2024\/09\/Captura.png\"><img loading=\"lazy\" decoding=\"async\" class=\"alignnone wp-image-7163\" src=\"https:\/\/agora.xtec.cat\/ceiplluispiquer\/wp-content\/uploads\/usu1238\/2024\/09\/Captura.png\" alt=\"\" width=\"51\" height=\"44\" \/><\/a><\/em> . <\/strong>Una vegada oberta l\u2019APP:<br \/>\nCENTRE: <span style=\"text-decoration: underline;\"><strong>cecoc017<\/strong><\/span> i el vostre usuari.<\/p>\n","protected":false},"excerpt":{"rendered":"<p>L&#8217;escola disposa de menjador i cuina. El menjador \u00e9s gestionat per l&#8217;empresa AUSOLAN. El menjar s&#8217;elabora di\u00e0riament al centre, que disposa de cuina pr\u00f2pia i amb totes les instal\u00b7lacions necess\u00e0ries. Preus curs 2025- 2026: Documents relacionats: Autoritzaci\u00f3 medicaments al menjador NORMATIVA ESPAI MIGDIA LLU\u00cdS PIQUER 25-26 Presentaci\u00f3 Reuni\u00f3 Informativa 25-26 Consells per acompanyar els infants [&hellip;]<\/p>\n","protected":false},"author":1,"featured_media":0,"parent":66,"menu_order":30,"comment_status":"closed","ping_status":"closed","template":"","meta":{"_bbp_topic_count":0,"_bbp_reply_count":0,"_bbp_total_topic_count":0,"_bbp_total_reply_count":0,"_bbp_voice_count":0,"_bbp_anonymous_reply_count":0,"_bbp_topic_count_hidden":0,"_bbp_reply_count_hidden":0,"_bbp_forum_subforum_count":0,"site-sidebar-layout":"default","site-content-layout":"","ast-site-content-layout":"default","site-content-style":"default","site-sidebar-style":"default","ast-global-header-display":"","ast-banner-title-visibility":"","ast-main-header-display":"","ast-hfb-above-header-display":"","ast-hfb-below-header-display":"","ast-hfb-mobile-header-display":"","site-post-title":"","ast-breadcrumbs-content":"","ast-featured-img":"","footer-sml-layout":"","theme-transparent-header-meta":"default","adv-header-id-meta":"","stick-header-meta":"","header-above-stick-meta":"","header-main-stick-meta":"","header-below-stick-meta":"","astra-migrate-meta-layouts":"set","ast-page-background-enabled":"default","ast-page-background-meta":{"desktop":{"background-color":"var(--ast-global-color-4)","background-image":"","background-repeat":"repeat","background-position":"center center","background-size":"auto","background-attachment":"scroll","background-type":"","background-media":"","overlay-type":"","overlay-color":"","overlay-opacity":"","overlay-gradient":""},"tablet":{"background-color":"","background-image":"","background-repeat":"repeat","background-position":"center center","background-size":"auto","background-attachment":"scroll","background-type":"","background-media":"","overlay-type":"","overlay-color":"","overlay-opacity":"","overlay-gradient":""},"mobile":{"background-color":"","background-image":"","background-repeat":"repeat","background-position":"center center","background-size":"auto","background-attachment":"scroll","background-type":"","background-media":"","overlay-type":"","overlay-color":"","overlay-opacity":"","overlay-gradient":""}},"ast-content-background-meta":{"desktop":{"background-color":"var(--ast-global-color-5)","background-image":"","background-repeat":"repeat","background-position":"center center","background-size":"auto","background-attachment":"scroll","background-type":"","background-media":"","overlay-type":"","overlay-color":"","overlay-opacity":"","overlay-gradient":""},"tablet":{"background-color":"var(--ast-global-color-5)","background-image":"","background-repeat":"repeat","background-position":"center center","background-size":"auto","background-attachment":"scroll","background-type":"","background-media":"","overlay-type":"","overlay-color":"","overlay-opacity":"","overlay-gradient":""},"mobile":{"background-color":"var(--ast-global-color-5)","background-image":"","background-repeat":"repeat","background-position":"center center","background-size":"auto","background-attachment":"scroll","background-type":"","background-media":"","overlay-type":"","overlay-color":"","overlay-opacity":"","overlay-gradient":""}},"footnotes":""},"class_list":["post-73","page","type-page","status-publish","hentry"],"post_mailing_queue_ids":[],"_links":{"self":[{"href":"https:\/\/agora.xtec.cat\/ceiplluispiquer\/wp-json\/wp\/v2\/pages\/73","targetHints":{"allow":["GET"]}}],"collection":[{"href":"https:\/\/agora.xtec.cat\/ceiplluispiquer\/wp-json\/wp\/v2\/pages"}],"about":[{"href":"https:\/\/agora.xtec.cat\/ceiplluispiquer\/wp-json\/wp\/v2\/types\/page"}],"author":[{"embeddable":true,"href":"https:\/\/agora.xtec.cat\/ceiplluispiquer\/wp-json\/wp\/v2\/users\/1"}],"replies":[{"embeddable":true,"href":"https:\/\/agora.xtec.cat\/ceiplluispiquer\/wp-json\/wp\/v2\/comments?post=73"}],"version-history":[{"count":8,"href":"https:\/\/agora.xtec.cat\/ceiplluispiquer\/wp-json\/wp\/v2\/pages\/73\/revisions"}],"predecessor-version":[{"id":7757,"href":"https:\/\/agora.xtec.cat\/ceiplluispiquer\/wp-json\/wp\/v2\/pages\/73\/revisions\/7757"}],"up":[{"embeddable":true,"href":"https:\/\/agora.xtec.cat\/ceiplluispiquer\/wp-json\/wp\/v2\/pages\/66"}],"wp:attachment":[{"href":"https:\/\/agora.xtec.cat\/ceiplluispiquer\/wp-json\/wp\/v2\/media?parent=73"}],"curies":[{"name":"wp","href":"https:\/\/api.w.org\/{rel}","templated":true}]}}