{"id":507,"date":"2020-08-29T12:59:43","date_gmt":"2020-08-29T10:59:43","guid":{"rendered":"https:\/\/agora.xtec.cat\/ceiplluiscastells\/?page_id=507"},"modified":"2025-09-18T15:38:37","modified_gmt":"2025-09-18T13:38:37","slug":"documents-de-centre","status":"publish","type":"page","link":"https:\/\/agora.xtec.cat\/ceiplluiscastells\/lescola\/documents-de-centre\/","title":{"rendered":"Documents de centre"},"content":{"rendered":"<div style=\"text-align: left;\">\n<div style=\"text-align: center;\">\n<p><strong><span style=\"color: #000000;\">INFORMACI\u00d3 DEL CURS 2025-26<\/span><\/strong><\/p>\n<p style=\"text-align: left;\"><strong>PLA D&#8217;EMERG\u00c8NCIA<\/strong><\/p>\n<div style=\"text-align: center;\"><\/div>\n<\/div>\n<div>\n<div style=\"text-align: center;\">\n<div style=\"margin: 8px 0px 4px;\"><\/div>\n<p><iframe loading=\"lazy\" style=\"margin: 0 auto;\" src=\"\/\/v.calameo.com\/?bkcode=00230226143f23130f5ac\" width=\"300\" height=\"194\" frameborder=\"0\" scrolling=\"no\" allowfullscreen=\"allowfullscreen\"><\/iframe><\/p>\n<div style=\"margin: 4px 0px 8px;\"><\/div>\n<\/div>\n<\/div>\n<div style=\"text-align: center;\">\n<div style=\"text-align: center;\">\n<div style=\"text-align: left;\">\n<div style=\"margin: 4px 0px 8px;\">\n<div style=\"text-align: left;\">\n<div style=\"margin: 4px 0px 8px;\">\n<div style=\"text-align: left;\">\n<div style=\"margin: 4px 0px 8px;\">\n<p style=\"text-align: left;\"><strong><span style=\"color: #000000;\">NORMES D&#8217;ORGANITZACI\u00d3 I FUNCIONAMENT PER A LES FAM\u00cdLIES I ALUMNES DE L&#8217;ESCOLA LLU\u00cdS CASTELLS<\/span><\/strong><\/p>\n<p style=\"text-align: center;\"><a href=\"https:\/\/drive.google.com\/file\/d\/1YtDpkgZ7aTvn6e6RfYW7lGeRkIxa0cEL\/view?usp=drive_link\"><img loading=\"lazy\" decoding=\"async\" class=\"aligncenter wp-image-7765\" src=\"https:\/\/agora.xtec.cat\/ceiplluiscastells\/wp-content\/uploads\/usu2016\/2024\/02\/nofc.jpg\" alt=\"\" width=\"338\" height=\"205\" srcset=\"https:\/\/agora.xtec.cat\/ceiplluiscastells\/wp-content\/uploads\/usu2016\/2024\/02\/nofc.jpg 1170w, https:\/\/agora.xtec.cat\/ceiplluiscastells\/wp-content\/uploads\/usu2016\/2024\/02\/nofc-300x182.jpg 300w, https:\/\/agora.xtec.cat\/ceiplluiscastells\/wp-content\/uploads\/usu2016\/2024\/02\/nofc-1024x621.jpg 1024w, https:\/\/agora.xtec.cat\/ceiplluiscastells\/wp-content\/uploads\/usu2016\/2024\/02\/nofc-768x466.jpg 768w\" sizes=\"auto, (max-width: 338px) 100vw, 338px\" \/><\/a><\/p>\n<p style=\"text-align: center;\"><a href=\"https:\/\/drive.google.com\/file\/d\/1YtDpkgZ7aTvn6e6RfYW7lGeRkIxa0cEL\/view?usp=drive_link\">Visualitzeu-lo!<\/a><\/p>\n<div style=\"text-align: center;\">\n<div style=\"text-align: center;\"><\/div>\n<\/div>\n<\/div>\n<div style=\"text-align: left;\">\n<div style=\"text-align: left;\">\n<div style=\"margin: 4px 0px 8px;\">\n<div style=\"text-align: left;\">\n<div style=\"margin: 4px 0px 8px;\">\n<div style=\"text-align: left;\">\n<div style=\"margin: 4px 0px 8px;\">\n<p style=\"text-align: left;\"><strong><span style=\"color: #000000;\">PROGRAMACI\u00d3 GENERAL ANUAL DE L&#8217;ESCOLA LLU\u00cdS CASTELLS<\/span><\/strong><\/p>\n<p><a href=\"https:\/\/agora.xtec.cat\/ceiplluiscastells\/wp-content\/uploads\/usu2016\/2024\/10\/pga.png\"><img loading=\"lazy\" decoding=\"async\" class=\"wp-image-8617 aligncenter\" src=\"https:\/\/agora.xtec.cat\/ceiplluiscastells\/wp-content\/uploads\/usu2016\/2024\/10\/pga.png\" alt=\"\" width=\"204\" height=\"264\" srcset=\"https:\/\/agora.xtec.cat\/ceiplluiscastells\/wp-content\/uploads\/usu2016\/2024\/10\/pga.png 597w, https:\/\/agora.xtec.cat\/ceiplluiscastells\/wp-content\/uploads\/usu2016\/2024\/10\/pga-232x300.png 232w\" sizes=\"auto, (max-width: 204px) 100vw, 204px\" \/><\/a><\/p>\n<p style=\"text-align: center;\">2024-2025<\/p>\n<p style=\"text-align: center;\"><a href=\"https:\/\/drive.google.com\/file\/d\/1VACZ5t8R0e5NXVv4PyELHZxaImgLceGp\/view?usp=sharing\">Visualitzeu-lo!<\/a><\/p>\n<div style=\"text-align: left;\">\n<div style=\"text-align: left;\">\n<div style=\"margin: 8px 0px 4px;\">\n<div style=\"text-align: center;\">\n<div style=\"margin: 4px 0px 8px;\"><\/div>\n<\/div>\n<\/div>\n<div style=\"text-align: left;\">\n<div style=\"margin: 4px 0px 8px;\">\n<div style=\"text-align: left;\">\n<div style=\"margin: 4px 0px 8px;\">\n<p style=\"text-align: left;\"><strong><span style=\"color: #000000;\">PLA D&#8217;ACCI\u00d3 TUTORIAL<\/span><\/strong><\/p>\n<p style=\"text-align: left;\"><a href=\"https:\/\/agora.xtec.cat\/ceiplluiscastells\/wp-content\/uploads\/usu2016\/2024\/01\/pat.jpg\"><img loading=\"lazy\" decoding=\"async\" class=\"aligncenter wp-image-7675 \" src=\"https:\/\/agora.xtec.cat\/ceiplluiscastells\/wp-content\/uploads\/usu2016\/2024\/01\/pat.jpg\" alt=\"\" width=\"203\" height=\"269\" srcset=\"https:\/\/agora.xtec.cat\/ceiplluiscastells\/wp-content\/uploads\/usu2016\/2024\/01\/pat.jpg 570w, https:\/\/agora.xtec.cat\/ceiplluiscastells\/wp-content\/uploads\/usu2016\/2024\/01\/pat-227x300.jpg 227w\" sizes=\"auto, (max-width: 203px) 100vw, 203px\" \/><\/a><\/p>\n<p style=\"text-align: center;\"><a href=\"https:\/\/drive.google.com\/file\/d\/1NfrZCwepAC_yMJfZYxcyh3kfdxinHNC9\/view?usp=sharing\">Visualitzeu-lo!<\/a><\/p>\n<p style=\"text-align: left;\"><strong><span style=\"color: #000000;\">PROJECTE DE CONVIV\u00c8NCIA<\/span><\/strong><\/p>\n<p><a href=\"https:\/\/agora.xtec.cat\/ceiplluiscastells\/wp-content\/uploads\/usu2016\/2024\/01\/pdc.jpg\"><img loading=\"lazy\" decoding=\"async\" class=\"aligncenter wp-image-7676 \" src=\"https:\/\/agora.xtec.cat\/ceiplluiscastells\/wp-content\/uploads\/usu2016\/2024\/01\/pdc.jpg\" alt=\"\" width=\"176\" height=\"215\" srcset=\"https:\/\/agora.xtec.cat\/ceiplluiscastells\/wp-content\/uploads\/usu2016\/2024\/01\/pdc.jpg 558w, https:\/\/agora.xtec.cat\/ceiplluiscastells\/wp-content\/uploads\/usu2016\/2024\/01\/pdc-245x300.jpg 245w\" sizes=\"auto, (max-width: 176px) 100vw, 176px\" \/><\/a><\/p>\n<p style=\"text-align: center;\"><a href=\"https:\/\/drive.google.com\/file\/d\/18QjtOLYEjMPez42oh9N8r-NKETb4HkOx\/view?usp=sharing\">Visualitzeu-lo!<\/a><\/p>\n<\/div>\n<p><strong><span style=\"color: #000000;\">PROJECTE EDUCATIU DE CENTRE &#8211; PEC<\/span><\/strong><\/p>\n<p style=\"text-align: center;\"><a href=\"https:\/\/drive.google.com\/file\/d\/1I0Q6N8TbpnuJPX_JR_BfWKqJdPZK55_f\/view?usp=sharing\"><img loading=\"lazy\" decoding=\"async\" class=\"wp-image-8876 aligncenter\" src=\"https:\/\/agora.xtec.cat\/ceiplluiscastells\/wp-content\/uploads\/usu2016\/2024\/11\/PEC.png\" alt=\"\" width=\"198\" height=\"306\" srcset=\"https:\/\/agora.xtec.cat\/ceiplluiscastells\/wp-content\/uploads\/usu2016\/2024\/11\/PEC.png 337w, https:\/\/agora.xtec.cat\/ceiplluiscastells\/wp-content\/uploads\/usu2016\/2024\/11\/PEC-194x300.png 194w\" sizes=\"auto, (max-width: 198px) 100vw, 198px\" \/>Visualitzeu-lo<\/a><\/p>\n<\/div>\n<\/div>\n<\/div>\n<\/div>\n<\/div>\n<\/div>\n<\/div>\n<\/div>\n<\/div>\n<\/div>\n<\/div>\n<\/div>\n<\/div>\n<\/div>\n<\/div>\n<\/div>\n<\/div>\n<\/div>\n<\/div>\n<\/div>\n","protected":false},"excerpt":{"rendered":"<p>INFORMACI\u00d3 DEL CURS 2025-26 PLA D&#8217;EMERG\u00c8NCIA NORMES D&#8217;ORGANITZACI\u00d3 I FUNCIONAMENT PER A LES FAM\u00cdLIES I ALUMNES DE L&#8217;ESCOLA LLU\u00cdS CASTELLS Visualitzeu-lo! PROGRAMACI\u00d3 GENERAL ANUAL DE L&#8217;ESCOLA LLU\u00cdS CASTELLS 2024-2025 Visualitzeu-lo! PLA D&#8217;ACCI\u00d3 TUTORIAL Visualitzeu-lo! PROJECTE DE CONVIV\u00c8NCIA Visualitzeu-lo! PROJECTE EDUCATIU DE CENTRE &#8211; PEC Visualitzeu-lo<\/p>\n","protected":false},"author":1,"featured_media":0,"parent":22,"menu_order":50,"comment_status":"closed","ping_status":"closed","template":"page-templates\/side-menu.php","meta":{"_bbp_topic_count":0,"_bbp_reply_count":0,"_bbp_total_topic_count":0,"_bbp_total_reply_count":0,"_bbp_voice_count":0,"_bbp_anonymous_reply_count":0,"_bbp_topic_count_hidden":0,"_bbp_reply_count_hidden":0,"_bbp_forum_subforum_count":0,"site-sidebar-layout":"default","site-content-layout":"","ast-site-content-layout":"default","site-content-style":"default","site-sidebar-style":"default","ast-global-header-display":"","ast-banner-title-visibility":"","ast-main-header-display":"","ast-hfb-above-header-display":"","ast-hfb-below-header-display":"","ast-hfb-mobile-header-display":"","site-post-title":"","ast-breadcrumbs-content":"","ast-featured-img":"","footer-sml-layout":"","theme-transparent-header-meta":"","adv-header-id-meta":"","stick-header-meta":"","header-above-stick-meta":"","header-main-stick-meta":"","header-below-stick-meta":"","astra-migrate-meta-layouts":"set","ast-page-background-enabled":"default","ast-page-background-meta":{"desktop":{"background-color":"var(--ast-global-color-4)","background-image":"","background-repeat":"repeat","background-position":"center center","background-size":"auto","background-attachment":"scroll","background-type":"","background-media":"","overlay-type":"","overlay-color":"","overlay-opacity":"","overlay-gradient":""},"tablet":{"background-color":"","background-image":"","background-repeat":"repeat","background-position":"center center","background-size":"auto","background-attachment":"scroll","background-type":"","background-media":"","overlay-type":"","overlay-color":"","overlay-opacity":"","overlay-gradient":""},"mobile":{"background-color":"","background-image":"","background-repeat":"repeat","background-position":"center center","background-size":"auto","background-attachment":"scroll","background-type":"","background-media":"","overlay-type":"","overlay-color":"","overlay-opacity":"","overlay-gradient":""}},"ast-content-background-meta":{"desktop":{"background-color":"var(--ast-global-color-5)","background-image":"","background-repeat":"repeat","background-position":"center center","background-size":"auto","background-attachment":"scroll","background-type":"","background-media":"","overlay-type":"","overlay-color":"","overlay-opacity":"","overlay-gradient":""},"tablet":{"background-color":"var(--ast-global-color-5)","background-image":"","background-repeat":"repeat","background-position":"center center","background-size":"auto","background-attachment":"scroll","background-type":"","background-media":"","overlay-type":"","overlay-color":"","overlay-opacity":"","overlay-gradient":""},"mobile":{"background-color":"var(--ast-global-color-5)","background-image":"","background-repeat":"repeat","background-position":"center center","background-size":"auto","background-attachment":"scroll","background-type":"","background-media":"","overlay-type":"","overlay-color":"","overlay-opacity":"","overlay-gradient":""}},"footnotes":""},"class_list":["post-507","page","type-page","status-publish","hentry"],"post_mailing_queue_ids":[],"_links":{"self":[{"href":"https:\/\/agora.xtec.cat\/ceiplluiscastells\/wp-json\/wp\/v2\/pages\/507","targetHints":{"allow":["GET"]}}],"collection":[{"href":"https:\/\/agora.xtec.cat\/ceiplluiscastells\/wp-json\/wp\/v2\/pages"}],"about":[{"href":"https:\/\/agora.xtec.cat\/ceiplluiscastells\/wp-json\/wp\/v2\/types\/page"}],"author":[{"embeddable":true,"href":"https:\/\/agora.xtec.cat\/ceiplluiscastells\/wp-json\/wp\/v2\/users\/1"}],"replies":[{"embeddable":true,"href":"https:\/\/agora.xtec.cat\/ceiplluiscastells\/wp-json\/wp\/v2\/comments?post=507"}],"version-history":[{"count":8,"href":"https:\/\/agora.xtec.cat\/ceiplluiscastells\/wp-json\/wp\/v2\/pages\/507\/revisions"}],"predecessor-version":[{"id":10267,"href":"https:\/\/agora.xtec.cat\/ceiplluiscastells\/wp-json\/wp\/v2\/pages\/507\/revisions\/10267"}],"up":[{"embeddable":true,"href":"https:\/\/agora.xtec.cat\/ceiplluiscastells\/wp-json\/wp\/v2\/pages\/22"}],"wp:attachment":[{"href":"https:\/\/agora.xtec.cat\/ceiplluiscastells\/wp-json\/wp\/v2\/media?parent=507"}],"curies":[{"name":"wp","href":"https:\/\/api.w.org\/{rel}","templated":true}]}}