{"id":26,"date":"2014-09-18T12:24:32","date_gmt":"2014-09-18T11:24:32","guid":{"rendered":"http:\/\/agora.xtec.cat\/ceiplluiscastells\/?page_id=26"},"modified":"2025-09-18T15:37:46","modified_gmt":"2025-09-18T13:37:46","slug":"historia","status":"publish","type":"page","link":"https:\/\/agora.xtec.cat\/ceiplluiscastells\/lescola\/historia\/","title":{"rendered":"Hist\u00f2ria"},"content":{"rendered":"<h4>Us trobeu a la p\u00e0gina web de l&#8217;escola Llu\u00eds Castells de Riudaura.<\/h4>\n<p>Riudaura, es troba a la comarca de la Garrotxa (Girona), \u00e9s un petit poble situat a la cap\u00e7alera del riu Riudaura, envoltat de prats i muntanyes.\u00a0 Actualment, el municipi compta amb prop de 600 habitants.<\/p>\n<p>L&#8217;escola Llu\u00eds Castells de Riudaura \u00e9s una escola p\u00fablica que forma part del Departament d&#8217;Educaci\u00f3.<\/p>\n<p>La nostra escola \u00e9s centen\u00e0ria. Fins al curs 2007-2008 estava situada al centre hist\u00f2ric del poble, en una casa antiga que havia acollit diverses generacions d\u2019alumnes.<\/p>\n<p style=\"text-align: center;\"><img loading=\"lazy\" decoding=\"async\" class=\"aligncenter\" src=\"http:\/\/blocs.xtec.cat\/ceiplluiscastells\/files\/2009\/05\/vella.jpg\" alt=\"vella.jpg\" width=\"500\" height=\"343\" \/><\/p>\n<p>Actualment, la nostra escola ja no es troba al centre del poble, sin\u00f3 just a l\u2019entrada de Riudaura. \u00c9s un edifici nou, ampli i ple de llum, envoltat de verdor i en plena natura.<\/p>\n<p><img loading=\"lazy\" decoding=\"async\" class=\"size-full wp-image-45 aligncenter\" src=\"http:\/\/blocs.xtec.cat\/ceiplluiscastells\/files\/2009\/05\/escola2-small.jpg\" alt=\"escola2-small\" width=\"500\" height=\"343\" \/><\/p>\n<p>L\u2019edifici acull els infants des d\u2019I1 fins a 6\u00e8, \u00e9s a dir, nens i nenes d\u20191 a 12 anys, que cursen tota l\u2019etapa d\u2019Educaci\u00f3 Infantil i Prim\u00e0ria.<\/p>\n","protected":false},"excerpt":{"rendered":"<p>Us trobeu a la p\u00e0gina web de l&#8217;escola Llu\u00eds Castells de Riudaura. Riudaura, es troba a la comarca de la Garrotxa (Girona), \u00e9s un petit poble situat a la cap\u00e7alera del riu Riudaura, envoltat de prats i muntanyes.\u00a0 Actualment, el municipi compta amb prop de 600 habitants. L&#8217;escola Llu\u00eds Castells de Riudaura \u00e9s una escola [&hellip;]<\/p>\n","protected":false},"author":1,"featured_media":0,"parent":22,"menu_order":20,"comment_status":"closed","ping_status":"closed","template":"page-templates\/side-menu.php","meta":{"_bbp_topic_count":0,"_bbp_reply_count":0,"_bbp_total_topic_count":0,"_bbp_total_reply_count":0,"_bbp_voice_count":0,"_bbp_anonymous_reply_count":0,"_bbp_topic_count_hidden":0,"_bbp_reply_count_hidden":0,"_bbp_forum_subforum_count":0,"site-sidebar-layout":"default","site-content-layout":"","ast-site-content-layout":"default","site-content-style":"default","site-sidebar-style":"default","ast-global-header-display":"","ast-banner-title-visibility":"","ast-main-header-display":"","ast-hfb-above-header-display":"","ast-hfb-below-header-display":"","ast-hfb-mobile-header-display":"","site-post-title":"","ast-breadcrumbs-content":"","ast-featured-img":"","footer-sml-layout":"","theme-transparent-header-meta":"","adv-header-id-meta":"","stick-header-meta":"","header-above-stick-meta":"","header-main-stick-meta":"","header-below-stick-meta":"","astra-migrate-meta-layouts":"set","ast-page-background-enabled":"default","ast-page-background-meta":{"desktop":{"background-color":"var(--ast-global-color-4)","background-image":"","background-repeat":"repeat","background-position":"center center","background-size":"auto","background-attachment":"scroll","background-type":"","background-media":"","overlay-type":"","overlay-color":"","overlay-opacity":"","overlay-gradient":""},"tablet":{"background-color":"","background-image":"","background-repeat":"repeat","background-position":"center center","background-size":"auto","background-attachment":"scroll","background-type":"","background-media":"","overlay-type":"","overlay-color":"","overlay-opacity":"","overlay-gradient":""},"mobile":{"background-color":"","background-image":"","background-repeat":"repeat","background-position":"center center","background-size":"auto","background-attachment":"scroll","background-type":"","background-media":"","overlay-type":"","overlay-color":"","overlay-opacity":"","overlay-gradient":""}},"ast-content-background-meta":{"desktop":{"background-color":"var(--ast-global-color-5)","background-image":"","background-repeat":"repeat","background-position":"center center","background-size":"auto","background-attachment":"scroll","background-type":"","background-media":"","overlay-type":"","overlay-color":"","overlay-opacity":"","overlay-gradient":""},"tablet":{"background-color":"var(--ast-global-color-5)","background-image":"","background-repeat":"repeat","background-position":"center center","background-size":"auto","background-attachment":"scroll","background-type":"","background-media":"","overlay-type":"","overlay-color":"","overlay-opacity":"","overlay-gradient":""},"mobile":{"background-color":"var(--ast-global-color-5)","background-image":"","background-repeat":"repeat","background-position":"center center","background-size":"auto","background-attachment":"scroll","background-type":"","background-media":"","overlay-type":"","overlay-color":"","overlay-opacity":"","overlay-gradient":""}},"footnotes":""},"class_list":["post-26","page","type-page","status-publish","hentry"],"post_mailing_queue_ids":[],"_links":{"self":[{"href":"https:\/\/agora.xtec.cat\/ceiplluiscastells\/wp-json\/wp\/v2\/pages\/26","targetHints":{"allow":["GET"]}}],"collection":[{"href":"https:\/\/agora.xtec.cat\/ceiplluiscastells\/wp-json\/wp\/v2\/pages"}],"about":[{"href":"https:\/\/agora.xtec.cat\/ceiplluiscastells\/wp-json\/wp\/v2\/types\/page"}],"author":[{"embeddable":true,"href":"https:\/\/agora.xtec.cat\/ceiplluiscastells\/wp-json\/wp\/v2\/users\/1"}],"replies":[{"embeddable":true,"href":"https:\/\/agora.xtec.cat\/ceiplluiscastells\/wp-json\/wp\/v2\/comments?post=26"}],"version-history":[{"count":6,"href":"https:\/\/agora.xtec.cat\/ceiplluiscastells\/wp-json\/wp\/v2\/pages\/26\/revisions"}],"predecessor-version":[{"id":10265,"href":"https:\/\/agora.xtec.cat\/ceiplluiscastells\/wp-json\/wp\/v2\/pages\/26\/revisions\/10265"}],"up":[{"embeddable":true,"href":"https:\/\/agora.xtec.cat\/ceiplluiscastells\/wp-json\/wp\/v2\/pages\/22"}],"wp:attachment":[{"href":"https:\/\/agora.xtec.cat\/ceiplluiscastells\/wp-json\/wp\/v2\/media?parent=26"}],"curies":[{"name":"wp","href":"https:\/\/api.w.org\/{rel}","templated":true}]}}