{"id":26,"date":"2014-09-18T12:24:32","date_gmt":"2014-09-18T11:24:32","guid":{"rendered":"http:\/\/agora.xtec.cat\/ceiplloriana\/?page_id=26"},"modified":"2024-03-04T10:27:33","modified_gmt":"2024-03-04T09:27:33","slug":"historia","status":"publish","type":"page","link":"https:\/\/agora.xtec.cat\/ceiplloriana\/lescola\/historia\/","title":{"rendered":"Hist\u00f2ria"},"content":{"rendered":"<p>L&#8217;edifici de l&#8217;escola Lloriana va ser inaugurat el 25 de gener de 1989, tot i que ja estava en servei des del setembre de 1988.<\/p>\n<p>\u00c9s una escola p\u00fablica, i en t\u00e9 la\u00a0titularitat el Departament d&#8217;Ensenyament de la Generalitat de Catalunya<\/p>\n<p>Des del curs\u00a0\u00a088 &#8211; 89 d\u00f3na servei al poble de Sant Vicen\u00e7 de Torell\u00f3 i als nuclis de Borgony\u00e0 i Vila-seca, que antigament havien gaudit de centres educatius propis i espais d&#8217;acollida dels infants \u00a0que encara estan presents en el record de les persones que hi habiten: les escoles de Borgony\u00e0, les Monges de Vila-seca i els espais de l&#8217;Ajuntament de Sant Vicen\u00e7&#8230;<\/p>\n<p>Actualment tamb\u00e9 acull els alumnes d&#8217;Or\u00eds, que no t\u00e9 centre educatiu al seu municipi.<\/p>\n<p>Bibliografia<\/p>\n<p>VERDAGUER i REIG, Gerard (2014):\u00a0<i>L&#8217;educaci\u00f3 a Torell\u00f3, els darrers 125 anys<\/i>. Torell\u00f3.<\/p>\n<p>GIRBAU i FERR\u00c9S, Anna (2010): L&#8217;educaci\u00f3 a Torell\u00f3 durant la Segona Rep\u00fablica.\u00a0<i>Programa de Festa Major de Torell\u00f3, 2010<\/i>. Torell\u00f3. \u00a0(document \u00a0resum: <a href=\"http:\/\/agora.xtec.cat\/ceiplloriana\/wp-content\/uploads\/usu1416\/2014\/09\/historia-educacio-st-vicen\u00e7.pdf\">historia educaci\u00f3 st vicen\u00e7<\/a><\/p>\n","protected":false},"excerpt":{"rendered":"<p>L&#8217;edifici de l&#8217;escola Lloriana va ser inaugurat el 25 de gener de 1989, tot i que ja estava en servei des del setembre de 1988. \u00c9s una escola p\u00fablica, i en t\u00e9 la\u00a0titularitat el Departament d&#8217;Ensenyament de la Generalitat de Catalunya Des del curs\u00a0\u00a088 &#8211; 89 d\u00f3na servei al poble de Sant Vicen\u00e7 de Torell\u00f3 [&hellip;]<\/p>\n","protected":false},"author":1,"featured_media":0,"parent":22,"menu_order":20,"comment_status":"closed","ping_status":"closed","template":"page-templates\/side-menu.php","meta":{"_bbp_topic_count":0,"_bbp_reply_count":0,"_bbp_total_topic_count":0,"_bbp_total_reply_count":0,"_bbp_voice_count":0,"_bbp_anonymous_reply_count":0,"_bbp_topic_count_hidden":0,"_bbp_reply_count_hidden":0,"_bbp_forum_subforum_count":0,"site-sidebar-layout":"default","site-content-layout":"","ast-site-content-layout":"","site-content-style":"default","site-sidebar-style":"default","ast-global-header-display":"","ast-banner-title-visibility":"","ast-main-header-display":"","ast-hfb-above-header-display":"","ast-hfb-below-header-display":"","ast-hfb-mobile-header-display":"","site-post-title":"","ast-breadcrumbs-content":"","ast-featured-img":"","footer-sml-layout":"","theme-transparent-header-meta":"","adv-header-id-meta":"","stick-header-meta":"","header-above-stick-meta":"","header-main-stick-meta":"","header-below-stick-meta":"","astra-migrate-meta-layouts":"default","ast-page-background-enabled":"default","ast-page-background-meta":{"desktop":{"background-color":"var(--ast-global-color-4)","background-image":"","background-repeat":"repeat","background-position":"center center","background-size":"auto","background-attachment":"scroll","background-type":"","background-media":"","overlay-type":"","overlay-color":"","overlay-opacity":"","overlay-gradient":""},"tablet":{"background-color":"","background-image":"","background-repeat":"repeat","background-position":"center center","background-size":"auto","background-attachment":"scroll","background-type":"","background-media":"","overlay-type":"","overlay-color":"","overlay-opacity":"","overlay-gradient":""},"mobile":{"background-color":"","background-image":"","background-repeat":"repeat","background-position":"center center","background-size":"auto","background-attachment":"scroll","background-type":"","background-media":"","overlay-type":"","overlay-color":"","overlay-opacity":"","overlay-gradient":""}},"ast-content-background-meta":{"desktop":{"background-color":"var(--ast-global-color-5)","background-image":"","background-repeat":"repeat","background-position":"center center","background-size":"auto","background-attachment":"scroll","background-type":"","background-media":"","overlay-type":"","overlay-color":"","overlay-opacity":"","overlay-gradient":""},"tablet":{"background-color":"var(--ast-global-color-5)","background-image":"","background-repeat":"repeat","background-position":"center center","background-size":"auto","background-attachment":"scroll","background-type":"","background-media":"","overlay-type":"","overlay-color":"","overlay-opacity":"","overlay-gradient":""},"mobile":{"background-color":"var(--ast-global-color-5)","background-image":"","background-repeat":"repeat","background-position":"center center","background-size":"auto","background-attachment":"scroll","background-type":"","background-media":"","overlay-type":"","overlay-color":"","overlay-opacity":"","overlay-gradient":""}},"footnotes":""},"class_list":["post-26","page","type-page","status-publish","hentry"],"post_mailing_queue_ids":[],"_links":{"self":[{"href":"https:\/\/agora.xtec.cat\/ceiplloriana\/wp-json\/wp\/v2\/pages\/26","targetHints":{"allow":["GET"]}}],"collection":[{"href":"https:\/\/agora.xtec.cat\/ceiplloriana\/wp-json\/wp\/v2\/pages"}],"about":[{"href":"https:\/\/agora.xtec.cat\/ceiplloriana\/wp-json\/wp\/v2\/types\/page"}],"author":[{"embeddable":true,"href":"https:\/\/agora.xtec.cat\/ceiplloriana\/wp-json\/wp\/v2\/users\/1"}],"replies":[{"embeddable":true,"href":"https:\/\/agora.xtec.cat\/ceiplloriana\/wp-json\/wp\/v2\/comments?post=26"}],"version-history":[{"count":5,"href":"https:\/\/agora.xtec.cat\/ceiplloriana\/wp-json\/wp\/v2\/pages\/26\/revisions"}],"predecessor-version":[{"id":8522,"href":"https:\/\/agora.xtec.cat\/ceiplloriana\/wp-json\/wp\/v2\/pages\/26\/revisions\/8522"}],"up":[{"embeddable":true,"href":"https:\/\/agora.xtec.cat\/ceiplloriana\/wp-json\/wp\/v2\/pages\/22"}],"wp:attachment":[{"href":"https:\/\/agora.xtec.cat\/ceiplloriana\/wp-json\/wp\/v2\/media?parent=26"}],"curies":[{"name":"wp","href":"https:\/\/api.w.org\/{rel}","templated":true}]}}