{"id":6773,"date":"2020-01-09T09:49:49","date_gmt":"2020-01-09T08:49:49","guid":{"rendered":"http:\/\/agora.xtec.cat\/ceiplledoner\/?page_id=6773"},"modified":"2023-05-23T20:02:17","modified_gmt":"2023-05-23T18:02:17","slug":"estoig-digital","status":"publish","type":"page","link":"https:\/\/agora.xtec.cat\/ceiplledoner\/estrategia-digital-de-centre\/culturadigital\/estoig-digital\/","title":{"rendered":"Estoig digital"},"content":{"rendered":"<p>L&#8217;objectiu d&#8217;aquesta p\u00e0gina \u00e9s oferir un seguit d&#8217;enlla\u00e7os a programes i p\u00e0gines web des d&#8217;on accedir a recursos educatius que facilitin el seguiment de les activitats des de casa.<\/p>\n<table style=\"width: 739px; height: 1164px;\">\n<tbody>\n<tr style=\"height: 32px;\">\n<td style=\"width: 75px; height: 32px;\"><\/td>\n<td style=\"width: 128px; height: 32px;\"><strong>Nom<\/strong><\/td>\n<td style=\"width: 182px; height: 32px;\"><strong>Descripci\u00f3<\/strong><\/td>\n<td style=\"width: 342px; height: 32px;\"><strong>Enlla\u00e7<\/strong><\/td>\n<\/tr>\n<tr style=\"height: 104px;\">\n<td style=\"width: 75px; height: 104px;\"><img loading=\"lazy\" decoding=\"async\" class=\"aligncenter wp-image-6783 size-thumbnail\" src=\"https:\/\/agora.xtec.cat\/ceiplledoner\/wp-content\/uploads\/usu1347\/2020\/10\/Audacity-150x150.png\" alt=\"\" width=\"150\" height=\"150\" srcset=\"https:\/\/agora.xtec.cat\/ceiplledoner\/wp-content\/uploads\/usu1347\/2020\/10\/Audacity-150x150.png 150w, https:\/\/agora.xtec.cat\/ceiplledoner\/wp-content\/uploads\/usu1347\/2020\/10\/Audacity-300x300.png 300w, https:\/\/agora.xtec.cat\/ceiplledoner\/wp-content\/uploads\/usu1347\/2020\/10\/Audacity-768x768.png 768w, https:\/\/agora.xtec.cat\/ceiplledoner\/wp-content\/uploads\/usu1347\/2020\/10\/Audacity-1024x1024.png 1024w, https:\/\/agora.xtec.cat\/ceiplledoner\/wp-content\/uploads\/usu1347\/2020\/10\/Audacity.png 1200w\" sizes=\"auto, (max-width: 150px) 100vw, 150px\" \/><\/td>\n<td style=\"width: 128px; height: 104px;\"><strong>AUDACITY<\/strong><\/td>\n<td style=\"width: 182px; height: 104px;\">Editor d&#8217;arxius d&#8217;\u00e0udio<\/td>\n<td style=\"width: 342px; height: 104px;\"><a href=\"https:\/\/www.audacityteam.org\/\">https:\/\/www.audacityteam.org\/<\/a><\/td>\n<\/tr>\n<tr style=\"height: 132px;\">\n<td style=\"width: 75px; height: 132px;\"><img loading=\"lazy\" decoding=\"async\" class=\"aligncenter size-thumbnail wp-image-6784\" src=\"https:\/\/agora.xtec.cat\/ceiplledoner\/wp-content\/uploads\/usu1347\/2020\/10\/Avast-150x150.png\" alt=\"\" width=\"150\" height=\"150\" srcset=\"https:\/\/agora.xtec.cat\/ceiplledoner\/wp-content\/uploads\/usu1347\/2020\/10\/Avast-150x150.png 150w, https:\/\/agora.xtec.cat\/ceiplledoner\/wp-content\/uploads\/usu1347\/2020\/10\/Avast-300x300.png 300w, https:\/\/agora.xtec.cat\/ceiplledoner\/wp-content\/uploads\/usu1347\/2020\/10\/Avast.png 348w\" sizes=\"auto, (max-width: 150px) 100vw, 150px\" \/><\/td>\n<td style=\"width: 128px; height: 132px;\"><strong>AVAST<\/strong><\/td>\n<td style=\"width: 182px; height: 132px;\">Antivirus<\/td>\n<td style=\"width: 342px; height: 132px;\"><a href=\"https:\/\/www.avast.com\/es-es\/index\">https:\/\/www.avast.com\/es-es\/index<\/a><\/td>\n<\/tr>\n<tr style=\"height: 145px;\">\n<td style=\"width: 75px; height: 145px;\"><img loading=\"lazy\" decoding=\"async\" class=\"aligncenter wp-image-6786 size-full\" src=\"https:\/\/agora.xtec.cat\/ceiplledoner\/wp-content\/uploads\/usu1347\/2020\/10\/didac.gif\" alt=\"\" width=\"126\" height=\"140\" \/><\/td>\n<td style=\"width: 128px; height: 145px;\"><strong>DIDAC<\/strong><\/td>\n<td style=\"width: 182px; height: 145px;\">Diccionari de llengua catalana<\/td>\n<td style=\"width: 342px; height: 145px;\"><a href=\"http:\/\/www.dicdidac.cat\/\">http:\/\/www.dicdidac.cat\/<\/a><\/td>\n<\/tr>\n<tr style=\"height: 147px;\">\n<td style=\"width: 75px; height: 147px;\"><img loading=\"lazy\" decoding=\"async\" class=\"aligncenter wp-image-6785 size-thumbnail\" src=\"https:\/\/agora.xtec.cat\/ceiplledoner\/wp-content\/uploads\/usu1347\/2020\/10\/chrome-150x150.png\" alt=\"\" width=\"150\" height=\"150\" srcset=\"https:\/\/agora.xtec.cat\/ceiplledoner\/wp-content\/uploads\/usu1347\/2020\/10\/chrome-150x150.png 150w, https:\/\/agora.xtec.cat\/ceiplledoner\/wp-content\/uploads\/usu1347\/2020\/10\/chrome-300x300.png 300w, https:\/\/agora.xtec.cat\/ceiplledoner\/wp-content\/uploads\/usu1347\/2020\/10\/chrome.png 476w\" sizes=\"auto, (max-width: 150px) 100vw, 150px\" \/><\/td>\n<td style=\"width: 128px; height: 147px;\"><strong>GOOGLE CHROME<\/strong><\/td>\n<td style=\"width: 182px; height: 147px;\">Navegador<\/td>\n<td style=\"width: 342px; height: 147px;\"><a href=\"https:\/\/www.google.com\/intl\/ca_ES\/chrome\/\">https:\/\/www.google.com\/intl\/ca_ES\/chrome\/<\/a><\/td>\n<\/tr>\n<tr style=\"height: 132px;\">\n<td style=\"width: 75px; height: 132px;\"><img loading=\"lazy\" decoding=\"async\" class=\"aligncenter wp-image-6787 size-thumbnail\" src=\"https:\/\/agora.xtec.cat\/ceiplledoner\/wp-content\/uploads\/usu1347\/2020\/10\/earth-150x150.jpg\" alt=\"\" width=\"150\" height=\"150\" srcset=\"https:\/\/agora.xtec.cat\/ceiplledoner\/wp-content\/uploads\/usu1347\/2020\/10\/earth-150x150.jpg 150w, https:\/\/agora.xtec.cat\/ceiplledoner\/wp-content\/uploads\/usu1347\/2020\/10\/earth-300x300.jpg 300w, https:\/\/agora.xtec.cat\/ceiplledoner\/wp-content\/uploads\/usu1347\/2020\/10\/earth.jpg 600w\" sizes=\"auto, (max-width: 150px) 100vw, 150px\" \/><\/td>\n<td style=\"width: 128px; height: 132px;\"><strong>GOOGLE EARTH<\/strong><\/td>\n<td style=\"width: 182px; height: 132px;\">Visualitzador de mapes<\/td>\n<td style=\"width: 342px; height: 132px;\"><a href=\"https:\/\/www.google.es\/intl\/es\/earth\/index.html\">https:\/\/www.google.es\/intl\/es\/earth\/index.html<\/a><\/td>\n<\/tr>\n<tr style=\"height: 132px;\">\n<td style=\"width: 75px; height: 132px;\"><img loading=\"lazy\" decoding=\"async\" class=\"aligncenter size-thumbnail wp-image-6790\" src=\"https:\/\/agora.xtec.cat\/ceiplledoner\/wp-content\/uploads\/usu1347\/2020\/10\/ilovepdf-150x150.jpg\" alt=\"\" width=\"150\" height=\"150\" srcset=\"https:\/\/agora.xtec.cat\/ceiplledoner\/wp-content\/uploads\/usu1347\/2020\/10\/ilovepdf-150x150.jpg 150w, https:\/\/agora.xtec.cat\/ceiplledoner\/wp-content\/uploads\/usu1347\/2020\/10\/ilovepdf.jpg 200w\" sizes=\"auto, (max-width: 150px) 100vw, 150px\" \/><\/td>\n<td style=\"width: 128px; height: 132px;\"><strong>ILOVEPDF<\/strong><\/td>\n<td style=\"width: 182px; height: 132px;\">Editor d&#8217;arxius PDF<\/td>\n<td style=\"width: 342px; height: 132px;\"><a href=\"https:\/\/www.ilovepdf.com\/ca\">https:\/\/www.ilovepdf.com\/ca<\/a><\/td>\n<\/tr>\n<tr style=\"height: 76px;\">\n<td style=\"width: 75px; height: 76px;\"><img loading=\"lazy\" decoding=\"async\" class=\"aligncenter size-thumbnail wp-image-6791\" src=\"https:\/\/agora.xtec.cat\/ceiplledoner\/wp-content\/uploads\/usu1347\/2020\/10\/libreoffice-150x150.png\" alt=\"\" width=\"150\" height=\"150\" srcset=\"https:\/\/agora.xtec.cat\/ceiplledoner\/wp-content\/uploads\/usu1347\/2020\/10\/libreoffice-150x150.png 150w, https:\/\/agora.xtec.cat\/ceiplledoner\/wp-content\/uploads\/usu1347\/2020\/10\/libreoffice.png 220w\" sizes=\"auto, (max-width: 150px) 100vw, 150px\" \/><\/td>\n<td style=\"width: 128px; height: 76px;\"><strong>LIBREOFFICE<\/strong><\/td>\n<td style=\"width: 182px; height: 76px;\">Paquet de programes d&#8217;edici\u00f3 de text, fulls de c\u00e0lcul i altres<\/td>\n<td style=\"width: 342px; height: 76px;\"><a href=\"https:\/\/www.softcatala.org\/programes\/libreoffice\/\">https:\/\/www.softcatala.org\/programes\/libreoffice\/<\/a><\/td>\n<\/tr>\n<tr style=\"height: 132px;\">\n<td style=\"width: 75px; height: 132px;\"><img loading=\"lazy\" decoding=\"async\" class=\"aligncenter wp-image-6788 size-thumbnail\" src=\"https:\/\/agora.xtec.cat\/ceiplledoner\/wp-content\/uploads\/usu1347\/2020\/10\/linkat-150x150.png\" alt=\"\" width=\"150\" height=\"150\" srcset=\"https:\/\/agora.xtec.cat\/ceiplledoner\/wp-content\/uploads\/usu1347\/2020\/10\/linkat-150x150.png 150w, https:\/\/agora.xtec.cat\/ceiplledoner\/wp-content\/uploads\/usu1347\/2020\/10\/linkat.png 212w\" sizes=\"auto, (max-width: 150px) 100vw, 150px\" \/><\/td>\n<td style=\"width: 128px; height: 132px;\"><strong>LINKAT<\/strong><\/td>\n<td style=\"width: 182px; height: 132px;\">Sistema operatiu<\/td>\n<td style=\"width: 342px; height: 132px;\"><a href=\"http:\/\/linkat.xtec.cat\/portal\/index.php\">http:\/\/linkat.xtec.cat\/portal\/index.php<\/a><\/td>\n<\/tr>\n<tr style=\"height: 132px;\">\n<td style=\"width: 75px; height: 132px;\"><img loading=\"lazy\" decoding=\"async\" class=\"aligncenter wp-image-6789 size-thumbnail\" src=\"https:\/\/agora.xtec.cat\/ceiplledoner\/wp-content\/uploads\/usu1347\/2020\/10\/scratch-150x150.jpg\" alt=\"\" width=\"150\" height=\"150\" \/><\/td>\n<td style=\"width: 128px; height: 132px;\"><strong>SCRATCH<\/strong><\/td>\n<td style=\"width: 182px; height: 132px;\">Entorn de programaci\u00f3 per blocs<\/td>\n<td style=\"width: 342px; height: 132px;\"><a href=\"https:\/\/scratch.mit.edu\/\">https:\/\/scratch.mit.edu\/<\/a><\/td>\n<\/tr>\n<tr>\n<td style=\"width: 75px;\"><img loading=\"lazy\" decoding=\"async\" class=\"aligncenter size-thumbnail wp-image-6845\" src=\"https:\/\/agora.xtec.cat\/ceiplledoner\/wp-content\/uploads\/usu1347\/2020\/11\/TeamViewer-150x150.jpeg\" alt=\"\" width=\"150\" height=\"150\" srcset=\"https:\/\/agora.xtec.cat\/ceiplledoner\/wp-content\/uploads\/usu1347\/2020\/11\/TeamViewer-150x150.jpeg 150w, https:\/\/agora.xtec.cat\/ceiplledoner\/wp-content\/uploads\/usu1347\/2020\/11\/TeamViewer-300x300.jpeg 300w, https:\/\/agora.xtec.cat\/ceiplledoner\/wp-content\/uploads\/usu1347\/2020\/11\/TeamViewer.jpeg 512w\" sizes=\"auto, (max-width: 150px) 100vw, 150px\" \/><\/td>\n<td style=\"width: 128px;\"><strong>TEAM VIEWER<\/strong><\/td>\n<td style=\"width: 182px;\">Gesti\u00f3 remota. Resoluci\u00f3 de problemes<\/td>\n<td style=\"width: 342px;\"><a href=\"https:\/\/www.teamviewer.com\/es\/descarga\/\">https:\/\/www.teamviewer.com\/es\/descarga\/<\/a><\/td>\n<\/tr>\n<\/tbody>\n<\/table>\n","protected":false},"excerpt":{"rendered":"<p>L&#8217;objectiu d&#8217;aquesta p\u00e0gina \u00e9s oferir un seguit d&#8217;enlla\u00e7os a programes i p\u00e0gines web des d&#8217;on accedir a recursos educatius que facilitin el seguiment de les activitats des de casa.<\/p>\n<p>Nom<br \/>\nDescripci\u00f3<br \/>\nEnlla\u00e7<\/p>\n<p>AUDACITY<br \/>\nEditor d&#8217;arxius d&#8217;\u00e0udio<br \/>\n<a href=\"https:\/\/www.audacityteam.org\/\">https:\/\/www.audacityteam.org\/<\/a><\/p>\n<p>AVAST<br \/>\nAntivirus<br \/>\n<a href=\"https:\/\/www.avast.com\/es-es\/index\">https:\/\/www.avast.com\/es-es\/index<\/a><\/p>\n<p>DIDAC<br \/>\nDiccionari de llengua catalana<br \/>\n<a href=\"http:\/\/www.dicdidac.cat\/\">http:\/\/www.dicdidac.cat\/<\/a><\/p>\n<p>GOOGLE CHROME<br \/>\nNavegador<br \/>\n<a href=\"https:\/\/www.google.com\/intl\/ca_ES\/chrome\/\">https:\/\/www.google.com\/intl\/ca_ES\/chrome\/<\/a><\/p>\n<p>GOOGLE EARTH<br \/>\nVisualitzador de mapes<br \/>\n<a href=\"https:\/\/www.google.es\/intl\/es\/earth\/index.html\">https:\/\/www.google.es\/intl\/es\/earth\/index.html<\/a><\/p>\n<p>ILOVEPDF<br \/>\nEditor d&#8217;arxius PDF<br \/>\n<a&hellip;  <a href=\"https:\/\/agora.xtec.cat\/ceiplledoner\/estrategia-digital-de-centre\/culturadigital\/estoig-digital\/\" title=\"Read Estoig digital\">Llegeix m\u00e9s\u00bb<\/a><\/p>\n","protected":false},"author":80,"featured_media":0,"parent":928,"menu_order":0,"comment_status":"closed","ping_status":"closed","template":"page-templates\/side-menu.php","meta":{"_bbp_topic_count":0,"_bbp_reply_count":0,"_bbp_total_topic_count":0,"_bbp_total_reply_count":0,"_bbp_voice_count":0,"_bbp_anonymous_reply_count":0,"_bbp_topic_count_hidden":0,"_bbp_reply_count_hidden":0,"_bbp_forum_subforum_count":0,"footnotes":""},"class_list":["post-6773","page","type-page","status-publish","hentry"],"post_mailing_queue_ids":[],"_links":{"self":[{"href":"https:\/\/agora.xtec.cat\/ceiplledoner\/wp-json\/wp\/v2\/pages\/6773","targetHints":{"allow":["GET"]}}],"collection":[{"href":"https:\/\/agora.xtec.cat\/ceiplledoner\/wp-json\/wp\/v2\/pages"}],"about":[{"href":"https:\/\/agora.xtec.cat\/ceiplledoner\/wp-json\/wp\/v2\/types\/page"}],"author":[{"embeddable":true,"href":"https:\/\/agora.xtec.cat\/ceiplledoner\/wp-json\/wp\/v2\/users\/80"}],"replies":[{"embeddable":true,"href":"https:\/\/agora.xtec.cat\/ceiplledoner\/wp-json\/wp\/v2\/comments?post=6773"}],"version-history":[{"count":3,"href":"https:\/\/agora.xtec.cat\/ceiplledoner\/wp-json\/wp\/v2\/pages\/6773\/revisions"}],"predecessor-version":[{"id":6846,"href":"https:\/\/agora.xtec.cat\/ceiplledoner\/wp-json\/wp\/v2\/pages\/6773\/revisions\/6846"}],"up":[{"embeddable":true,"href":"https:\/\/agora.xtec.cat\/ceiplledoner\/wp-json\/wp\/v2\/pages\/928"}],"wp:attachment":[{"href":"https:\/\/agora.xtec.cat\/ceiplledoner\/wp-json\/wp\/v2\/media?parent=6773"}],"curies":[{"name":"wp","href":"https:\/\/api.w.org\/{rel}","templated":true}]}}