{"id":500,"date":"2016-06-26T15:40:10","date_gmt":"2016-06-26T14:40:10","guid":{"rendered":"http:\/\/agora.xtec.cat\/ceiplledoner\/?page_id=500"},"modified":"2025-02-05T22:15:33","modified_gmt":"2025-02-05T21:15:33","slug":"comissions-mixtes","status":"publish","type":"page","link":"https:\/\/agora.xtec.cat\/ceiplledoner\/comissions-mixtes\/","title":{"rendered":"Comissions Mixtes"},"content":{"rendered":"<p>Les comissions mixtes s\u00f3n espais de treball compartit entre fam\u00edlies i mestres.<\/p>\n<p>Enguany les comissions que tenim s\u00f3n:<\/p>\n<ul>\n<li>Comunicaci\u00f3.<\/li>\n<li>Comissi\u00f3 extraescolars.<\/li>\n<li><span style=\"font-family: inherit; font-size: 1em;\">Decoraci\u00f3 i festes<\/span><\/li>\n<li><span style=\"font-family: inherit; font-size: 1em;\">Pedag\u00f2gica (engloba l&#8217;atenci\u00f3 a la diversitat, les matem\u00e0tiques i la biblioteca).<\/span><\/li>\n<li>G\u00e8nere<\/li>\n<\/ul>\n<p>Si vols participar nom\u00e9s has d&#8217;escriure un email a l&#8217;escola o a la comissi\u00f3 corresponent. Anima&#8217;t!<\/p>\n","protected":false},"excerpt":{"rendered":"<p>Les comissions mixtes s\u00f3n espais de treball compartit entre fam\u00edlies i mestres.<br \/>\nEnguany les comissions que tenim s\u00f3n:<\/p>\n<ul>\n<li>Comunicaci\u00f3.<\/li>\n<li>Comissi\u00f3 extraescolars.<\/li>\n<li>Decoraci\u00f3 i festes<\/li>\n<li>Pedag\u00f2gica (engloba l&#8217;atenci\u00f3 a la diversitat, les matem\u00e0tiques i la biblioteca).<\/li>\n<li>G\u00e8nere<\/li>\n<\/ul>\n<p>Si vols participar nom\u00e9s has d&#8217;escriure un email a l&#8217;escola o a la comissi\u00f3 corresponent. Anima&#8217;t!<\/p>\n","protected":false},"author":1,"featured_media":0,"parent":0,"menu_order":0,"comment_status":"closed","ping_status":"closed","template":"page-templates\/side-menu.php","meta":{"_bbp_topic_count":0,"_bbp_reply_count":0,"_bbp_total_topic_count":0,"_bbp_total_reply_count":0,"_bbp_voice_count":0,"_bbp_anonymous_reply_count":0,"_bbp_topic_count_hidden":0,"_bbp_reply_count_hidden":0,"_bbp_forum_subforum_count":0,"footnotes":""},"class_list":["post-500","page","type-page","status-publish","hentry"],"post_mailing_queue_ids":[],"_links":{"self":[{"href":"https:\/\/agora.xtec.cat\/ceiplledoner\/wp-json\/wp\/v2\/pages\/500","targetHints":{"allow":["GET"]}}],"collection":[{"href":"https:\/\/agora.xtec.cat\/ceiplledoner\/wp-json\/wp\/v2\/pages"}],"about":[{"href":"https:\/\/agora.xtec.cat\/ceiplledoner\/wp-json\/wp\/v2\/types\/page"}],"author":[{"embeddable":true,"href":"https:\/\/agora.xtec.cat\/ceiplledoner\/wp-json\/wp\/v2\/users\/1"}],"replies":[{"embeddable":true,"href":"https:\/\/agora.xtec.cat\/ceiplledoner\/wp-json\/wp\/v2\/comments?post=500"}],"version-history":[{"count":5,"href":"https:\/\/agora.xtec.cat\/ceiplledoner\/wp-json\/wp\/v2\/pages\/500\/revisions"}],"predecessor-version":[{"id":12008,"href":"https:\/\/agora.xtec.cat\/ceiplledoner\/wp-json\/wp\/v2\/pages\/500\/revisions\/12008"}],"wp:attachment":[{"href":"https:\/\/agora.xtec.cat\/ceiplledoner\/wp-json\/wp\/v2\/media?parent=500"}],"curies":[{"name":"wp","href":"https:\/\/api.w.org\/{rel}","templated":true}]}}