{"id":28,"date":"2014-09-18T12:29:35","date_gmt":"2014-09-18T10:29:35","guid":{"rendered":"http:\/\/agora.xtec.cat\/ceiplillet\/?page_id=28"},"modified":"2026-02-23T10:18:57","modified_gmt":"2026-02-23T09:18:57","slug":"consell-escolar","status":"publish","type":"page","link":"https:\/\/agora.xtec.cat\/ceiplillet\/lescola\/consell-escolar\/","title":{"rendered":"Consell escolar"},"content":{"rendered":"<p>Donat el resultat de les eleccions que es van celebrar el passat mes de <strong>desembre de l&#8217;any 2025<\/strong>, el <span style=\"text-decoration: underline;\">Consell Escolar<\/span> queda format pels seg\u00fcents membres:<\/p>\n<ul>\n<li><strong>Presidenta:\u00a0<\/strong>Olga Saus<\/li>\n<li><strong>Secretaria:\u00a0<\/strong>Eli Vilalta<\/li>\n<li><strong>Representants sector mestres:<\/strong>\n<ul>\n<li style=\"list-style-type: none;\">\n<ul>\n<li>Vanessa Duce<\/li>\n<li>Fede Rafael<\/li>\n<li>Laia Le\u00f3n<\/li>\n<li>Teresa Mart\u00ed<\/li>\n<\/ul>\n<\/li>\n<\/ul>\n<\/li>\n<li><strong>Representants sector fam\u00edlies:<\/strong>\n<ul>\n<li style=\"list-style-type: none;\">\n<ul>\n<li>Albert Linares<\/li>\n<li>Vanessa Berrio<\/li>\n<li>Joan Coma<\/li>\n<\/ul>\n<\/li>\n<\/ul>\n<\/li>\n<li><strong>Representant AFA: <\/strong>Joan Massan\u00e9s<\/li>\n<li><strong>Representant PAS:\u00a0<\/strong>S\u00f2nia Mu\u00f1oz<\/li>\n<li><strong>Representant Ajuntament:<\/strong> Toni Mampel<\/li>\n<\/ul>\n","protected":false},"excerpt":{"rendered":"<p>Donat el resultat de les eleccions que es van celebrar el passat mes de desembre de l&#8217;any 2025, el Consell Escolar queda format pels seg\u00fcents membres: Presidenta:\u00a0Olga Saus Secretaria:\u00a0Eli Vilalta Representants sector mestres: Vanessa Duce Fede Rafael Laia Le\u00f3n Teresa Mart\u00ed Representants sector fam\u00edlies: Albert Linares Vanessa Berrio Joan Coma Representant AFA: Joan Massan\u00e9s Representant [&hellip;]<\/p>\n","protected":false},"author":2,"featured_media":0,"parent":22,"menu_order":3,"comment_status":"closed","ping_status":"closed","template":"","meta":{"_bbp_topic_count":0,"_bbp_reply_count":0,"_bbp_total_topic_count":0,"_bbp_total_reply_count":0,"_bbp_voice_count":0,"_bbp_anonymous_reply_count":0,"_bbp_topic_count_hidden":0,"_bbp_reply_count_hidden":0,"_bbp_forum_subforum_count":0,"site-sidebar-layout":"default","site-content-layout":"","ast-site-content-layout":"default","site-content-style":"default","site-sidebar-style":"default","ast-global-header-display":"","ast-banner-title-visibility":"","ast-main-header-display":"","ast-hfb-above-header-display":"","ast-hfb-below-header-display":"","ast-hfb-mobile-header-display":"","site-post-title":"","ast-breadcrumbs-content":"","ast-featured-img":"","footer-sml-layout":"","theme-transparent-header-meta":"","adv-header-id-meta":"","stick-header-meta":"","header-above-stick-meta":"","header-main-stick-meta":"","header-below-stick-meta":"","astra-migrate-meta-layouts":"set","ast-page-background-enabled":"default","ast-page-background-meta":{"desktop":{"background-color":"var(--ast-global-color-4)","background-image":"","background-repeat":"repeat","background-position":"center center","background-size":"auto","background-attachment":"scroll","background-type":"","background-media":"","overlay-type":"","overlay-color":"","overlay-opacity":"","overlay-gradient":""},"tablet":{"background-color":"","background-image":"","background-repeat":"repeat","background-position":"center center","background-size":"auto","background-attachment":"scroll","background-type":"","background-media":"","overlay-type":"","overlay-color":"","overlay-opacity":"","overlay-gradient":""},"mobile":{"background-color":"","background-image":"","background-repeat":"repeat","background-position":"center center","background-size":"auto","background-attachment":"scroll","background-type":"","background-media":"","overlay-type":"","overlay-color":"","overlay-opacity":"","overlay-gradient":""}},"ast-content-background-meta":{"desktop":{"background-color":"var(--ast-global-color-5)","background-image":"","background-repeat":"repeat","background-position":"center center","background-size":"auto","background-attachment":"scroll","background-type":"","background-media":"","overlay-type":"","overlay-color":"","overlay-opacity":"","overlay-gradient":""},"tablet":{"background-color":"var(--ast-global-color-5)","background-image":"","background-repeat":"repeat","background-position":"center center","background-size":"auto","background-attachment":"scroll","background-type":"","background-media":"","overlay-type":"","overlay-color":"","overlay-opacity":"","overlay-gradient":""},"mobile":{"background-color":"var(--ast-global-color-5)","background-image":"","background-repeat":"repeat","background-position":"center center","background-size":"auto","background-attachment":"scroll","background-type":"","background-media":"","overlay-type":"","overlay-color":"","overlay-opacity":"","overlay-gradient":""}},"footnotes":""},"class_list":["post-28","page","type-page","status-publish","hentry"],"post_mailing_queue_ids":[],"_links":{"self":[{"href":"https:\/\/agora.xtec.cat\/ceiplillet\/wp-json\/wp\/v2\/pages\/28","targetHints":{"allow":["GET"]}}],"collection":[{"href":"https:\/\/agora.xtec.cat\/ceiplillet\/wp-json\/wp\/v2\/pages"}],"about":[{"href":"https:\/\/agora.xtec.cat\/ceiplillet\/wp-json\/wp\/v2\/types\/page"}],"author":[{"embeddable":true,"href":"https:\/\/agora.xtec.cat\/ceiplillet\/wp-json\/wp\/v2\/users\/2"}],"replies":[{"embeddable":true,"href":"https:\/\/agora.xtec.cat\/ceiplillet\/wp-json\/wp\/v2\/comments?post=28"}],"version-history":[{"count":5,"href":"https:\/\/agora.xtec.cat\/ceiplillet\/wp-json\/wp\/v2\/pages\/28\/revisions"}],"predecessor-version":[{"id":3073,"href":"https:\/\/agora.xtec.cat\/ceiplillet\/wp-json\/wp\/v2\/pages\/28\/revisions\/3073"}],"up":[{"embeddable":true,"href":"https:\/\/agora.xtec.cat\/ceiplillet\/wp-json\/wp\/v2\/pages\/22"}],"wp:attachment":[{"href":"https:\/\/agora.xtec.cat\/ceiplillet\/wp-json\/wp\/v2\/media?parent=28"}],"curies":[{"name":"wp","href":"https:\/\/api.w.org\/{rel}","templated":true}]}}