{"id":277,"date":"2016-04-03T22:21:45","date_gmt":"2016-04-03T21:21:45","guid":{"rendered":"http:\/\/agora.xtec.cat\/ceiplestelada\/?page_id=277"},"modified":"2025-03-14T14:57:40","modified_gmt":"2025-03-14T13:57:40","slug":"montseny-a-lescola","status":"publish","type":"page","link":"https:\/\/agora.xtec.cat\/ceiplestelada\/projecte-educatiu\/montseny-a-lescola\/","title":{"rendered":"Montseny a l&#8217;escola"},"content":{"rendered":"<p><img decoding=\"async\" src=\"http:\/\/proves.elmontsenyalescola.cat\/wp-content\/uploads\/2013\/10\/Top_general.jpg\" alt=\"\" \/><\/p>\n<p>\u00abEl Montseny a l\u2019escola\u00bb \u00e9s un programa d\u2019educaci\u00f3 ambiental que pret\u00e9n apropar el Parc Natural i Reserva de la Biosfera del Montseny a la poblaci\u00f3 local. S\u2019adre\u00e7a a les escoles d\u2019educaci\u00f3 prim\u00e0ria dels municipis que integren l\u2019espai protegit.<\/p>\n<p>L\u2019objectiu b\u00e0sic del programa \u00e9s crear un recurs educatiu \u00fatil i compatible amb el curr\u00edculum escolar i contribuir al fet que els alumnes de prim\u00e0ria coneguin el seu entorn proper, apreci\u00efn el seu patrimoni, siguin conscients que el medi \u00e9s sensible a l\u2019acci\u00f3 humana i participin activament en la seva conservaci\u00f3 i millora.<\/p>\n<p>Un altre objectiu del programa \u00e9s que pugui servir de plataforma per compartir treballs i experi\u00e8ncies entre escoles dels municipis del Parc, educadors ambientals i els gestors del Parc. Amb aquest recurs tamb\u00e9 es vol fomentar la qualitat dels programes educatius que s\u2019hi desenvolupen.<\/p>\n<p>Aquest programa, tot i que s\u2019ha elaborat perqu\u00e8 qualsevol centre d\u2019educaci\u00f3 prim\u00e0ria pugui utilitzar totalment o parcialment aquest material did\u00e0ctic, s\u2019adre\u00e7a especialment a les escoles de prim\u00e0ria dels municipis que formen el Parc Natural i Reserva de la Biosfera del Montseny. En aquest sentit, per realitzar les activitats les escoles adherides al programa tenen el suport de l\u2019\u00f2rgan gestor del Parc i d\u2019entitats d\u2019educaci\u00f3 ambiental amb una dilatada experi\u00e8ncia educativa en l\u2019\u00e0mbit de l\u2019espai natural protegit.<\/p>\n<p>El programa \u00abEl Montseny a l\u2019escola\u00bb s\u2019ha elaborat a partir d\u2019una fonamentaci\u00f3 pedag\u00f2gica.<\/p>\n<p>Per accedir a m\u00e9s informaci\u00f3 us podeu dirigir a <a href=\"http:\/\/www.elmontsenyalescola.cat\" target=\"_blank\" rel=\"noopener\">www.elmontsenyalescola.cat<\/a><\/p>\n<p>Veure <a href=\"https:\/\/drive.google.com\/file\/d\/16LmQEtd0O_bVJnJUOdCIWuY2FPTZwE4i\/view?usp=sharing\">PROGRAMA<\/a><\/p>\n","protected":false},"excerpt":{"rendered":"<p>\u00abEl Montseny a l\u2019escola\u00bb \u00e9s un programa d\u2019educaci\u00f3 ambiental que pret\u00e9n apropar el Parc Natural i Reserva de la Biosfera del Montseny a la poblaci\u00f3 local. S\u2019adre\u00e7a a les escoles d\u2019educaci\u00f3 prim\u00e0ria dels municipis que integren l\u2019espai protegit. L\u2019objectiu b\u00e0sic del programa \u00e9s crear un recurs educatiu \u00fatil i compatible amb el curr\u00edculum escolar i [&hellip;]<\/p>\n","protected":false},"author":1,"featured_media":0,"parent":64,"menu_order":60,"comment_status":"closed","ping_status":"closed","template":"page-templates\/side-menu.php","meta":{"_bbp_topic_count":0,"_bbp_reply_count":0,"_bbp_total_topic_count":0,"_bbp_total_reply_count":0,"_bbp_voice_count":0,"_bbp_anonymous_reply_count":0,"_bbp_topic_count_hidden":0,"_bbp_reply_count_hidden":0,"_bbp_forum_subforum_count":0,"site-sidebar-layout":"default","site-content-layout":"","ast-site-content-layout":"","site-content-style":"default","site-sidebar-style":"default","ast-global-header-display":"","ast-banner-title-visibility":"","ast-main-header-display":"","ast-hfb-above-header-display":"","ast-hfb-below-header-display":"","ast-hfb-mobile-header-display":"","site-post-title":"","ast-breadcrumbs-content":"","ast-featured-img":"","footer-sml-layout":"","theme-transparent-header-meta":"","adv-header-id-meta":"","stick-header-meta":"","header-above-stick-meta":"","header-main-stick-meta":"","header-below-stick-meta":"","astra-migrate-meta-layouts":"default","ast-page-background-enabled":"default","ast-page-background-meta":{"desktop":{"background-color":"var(--ast-global-color-4)","background-image":"","background-repeat":"repeat","background-position":"center center","background-size":"auto","background-attachment":"scroll","background-type":"","background-media":"","overlay-type":"","overlay-color":"","overlay-opacity":"","overlay-gradient":""},"tablet":{"background-color":"","background-image":"","background-repeat":"repeat","background-position":"center center","background-size":"auto","background-attachment":"scroll","background-type":"","background-media":"","overlay-type":"","overlay-color":"","overlay-opacity":"","overlay-gradient":""},"mobile":{"background-color":"","background-image":"","background-repeat":"repeat","background-position":"center center","background-size":"auto","background-attachment":"scroll","background-type":"","background-media":"","overlay-type":"","overlay-color":"","overlay-opacity":"","overlay-gradient":""}},"ast-content-background-meta":{"desktop":{"background-color":"var(--ast-global-color-5)","background-image":"","background-repeat":"repeat","background-position":"center center","background-size":"auto","background-attachment":"scroll","background-type":"","background-media":"","overlay-type":"","overlay-color":"","overlay-opacity":"","overlay-gradient":""},"tablet":{"background-color":"var(--ast-global-color-5)","background-image":"","background-repeat":"repeat","background-position":"center center","background-size":"auto","background-attachment":"scroll","background-type":"","background-media":"","overlay-type":"","overlay-color":"","overlay-opacity":"","overlay-gradient":""},"mobile":{"background-color":"var(--ast-global-color-5)","background-image":"","background-repeat":"repeat","background-position":"center center","background-size":"auto","background-attachment":"scroll","background-type":"","background-media":"","overlay-type":"","overlay-color":"","overlay-opacity":"","overlay-gradient":""}},"footnotes":""},"class_list":["post-277","page","type-page","status-publish","hentry"],"post_mailing_queue_ids":[],"_links":{"self":[{"href":"https:\/\/agora.xtec.cat\/ceiplestelada\/wp-json\/wp\/v2\/pages\/277","targetHints":{"allow":["GET"]}}],"collection":[{"href":"https:\/\/agora.xtec.cat\/ceiplestelada\/wp-json\/wp\/v2\/pages"}],"about":[{"href":"https:\/\/agora.xtec.cat\/ceiplestelada\/wp-json\/wp\/v2\/types\/page"}],"author":[{"embeddable":true,"href":"https:\/\/agora.xtec.cat\/ceiplestelada\/wp-json\/wp\/v2\/users\/1"}],"replies":[{"embeddable":true,"href":"https:\/\/agora.xtec.cat\/ceiplestelada\/wp-json\/wp\/v2\/comments?post=277"}],"version-history":[{"count":6,"href":"https:\/\/agora.xtec.cat\/ceiplestelada\/wp-json\/wp\/v2\/pages\/277\/revisions"}],"predecessor-version":[{"id":8563,"href":"https:\/\/agora.xtec.cat\/ceiplestelada\/wp-json\/wp\/v2\/pages\/277\/revisions\/8563"}],"up":[{"embeddable":true,"href":"https:\/\/agora.xtec.cat\/ceiplestelada\/wp-json\/wp\/v2\/pages\/64"}],"wp:attachment":[{"href":"https:\/\/agora.xtec.cat\/ceiplestelada\/wp-json\/wp\/v2\/media?parent=277"}],"curies":[{"name":"wp","href":"https:\/\/api.w.org\/{rel}","templated":true}]}}

<p><img decoding="async" src="http://proves.elmontsenyalescola.cat/wp-content/uploads/2013/10/Top_general.jpg" alt="" /></p>
<p>«El Montseny a l’escola» és un programa d’educació ambiental que pretén apropar el Parc Natural i Reserva de la Biosfera del Montseny a la població local. S’adreça a les escoles d’educació primària dels municipis que integren l’espai protegit.</p>
<p>L’objectiu bàsic del programa és crear un recurs educatiu útil i compatible amb el currículum escolar i contribuir al fet que els alumnes de primària coneguin el seu entorn proper, apreciïn el seu patrimoni, siguin conscients que el medi és sensible a l’acció humana i participin activament en la seva conservació i millora.</p>
<p>Un altre objectiu del programa és que pugui servir de plataforma per compartir treballs i experiències entre escoles dels municipis del Parc, educadors ambientals i els gestors del Parc. Amb aquest recurs també es vol fomentar la qualitat dels programes educatius que s’hi desenvolupen.</p>
<p>Aquest programa, tot i que s’ha elaborat perquè qualsevol centre d’educació primària pugui utilitzar totalment o parcialment aquest material didàctic, s’adreça especialment a les escoles de primària dels municipis que formen el Parc Natural i Reserva de la Biosfera del Montseny. En aquest sentit, per realitzar les activitats les escoles adherides al programa tenen el suport de l’òrgan gestor del Parc i d’entitats d’educació ambiental amb una dilatada experiència educativa en l’àmbit de l’espai natural protegit.</p>
<p>El programa «El Montseny a l’escola» s’ha elaborat a partir d’una fonamentació pedagògica.</p>
<p>Per accedir a més informació us podeu dirigir a <a href="http://www.elmontsenyalescola.cat" target="_blank" rel="noopener">www.elmontsenyalescola.cat</a></p>
<p>Veure <a href="https://drive.google.com/file/d/16LmQEtd0O_bVJnJUOdCIWuY2FPTZwE4i/view?usp=sharing">PROGRAMA</a></p>

<p>«El Montseny a l’escola» és un programa d’educació ambiental que pretén apropar el Parc Natural i Reserva de la Biosfera del Montseny a la població local. S’adreça a les escoles d’educació primària dels municipis que integren l’espai protegit. L’objectiu bàsic del programa és crear un recurs educatiu útil i compatible amb el currículum escolar i [&hellip;]</p>
