{"id":271,"date":"2016-04-03T22:19:58","date_gmt":"2016-04-03T21:19:58","guid":{"rendered":"http:\/\/agora.xtec.cat\/ceiplestelada\/?page_id=271"},"modified":"2022-10-23T17:31:54","modified_gmt":"2022-10-23T15:31:54","slug":"projecte-interdisciplinar-descola","status":"publish","type":"page","link":"https:\/\/agora.xtec.cat\/ceiplestelada\/projecte-educatiu\/projecte-interdisciplinar-descola\/","title":{"rendered":"Projecte interdisciplinar d&#8217;escola"},"content":{"rendered":"<p dir=\"ltr\" style=\"line-height: 1.3800000000000001; text-align: justify; margin-top: 0pt; margin-bottom: 10pt;\"><span style=\"font-size: 12pt; font-family: Arial; color: #000000; background-color: transparent; font-weight: 400; font-style: normal; font-variant: normal; text-decoration: none; vertical-align: baseline; white-space: pre-wrap;\">Com cada any a l\u2019Estelada s\u2019engega el projecte interdisciplinari que es dur a terme durant tot el curs i en el que hi participa tot l\u2019alumnat de tots els cursos.\u00a0<\/span><\/p>\n<p dir=\"ltr\" style=\"line-height: 1.3800000000000001; text-align: justify; margin-top: 0pt; margin-bottom: 10pt;\"><span style=\"font-size: 12pt; font-family: Arial; color: #000000; background-color: transparent; font-weight: 400; font-style: normal; font-variant: normal; text-decoration: none; vertical-align: baseline; white-space: pre-wrap;\">Per aquelles fam\u00edlies que s\u2019han incorporat noves al centre, us donem una pinzellada sobre el projecte. Cada any el professorat escull un tema\u00a0 i entorn aquest,\u00a0 l\u2019alumnat tria el nom de la classe.\u00a0 Aquest eix com\u00fa de treball relaciona diferents \u00e0rees d\u2019aprenentatge i fomenta la recerca i l\u2019inter\u00e8s per con\u00e8ixer. Algunes de les festes,com \u00e9s el cas del carnestoltes, gira entorn aquest eix.<\/span><\/p>\n<p dir=\"ltr\" style=\"line-height: 1.3800000000000001; text-align: justify; margin-top: 0pt; margin-bottom: 10pt;\"><span style=\"font-size: 12pt; font-family: Arial; color: #000000; background-color: transparent; font-weight: 400; font-style: normal; font-variant: normal; text-decoration: none; vertical-align: baseline; white-space: pre-wrap;\">Enguany, per tal de fer m\u00e9s part\u00edcip l\u2019alumnat en la vida escolar, ser\u00e0 qui far\u00e0 la\u00a0 proposta del tema com\u00fa.\u00a0 I, tamb\u00e9, com sempre, escollir\u00e0 el nom de la classe.<\/span><\/p>\n<p dir=\"ltr\">El nom de cadascuna de les classes les podeu consultar al seu corresponent blog.<\/p>\n","protected":false},"excerpt":{"rendered":"<p>Com cada any a l\u2019Estelada s\u2019engega el projecte interdisciplinari que es dur a terme durant tot el curs i en el que hi participa tot l\u2019alumnat de tots els cursos.\u00a0 Per aquelles fam\u00edlies que s\u2019han incorporat noves al centre, us donem una pinzellada sobre el projecte. Cada any el professorat escull un tema\u00a0 i entorn [&hellip;]<\/p>\n","protected":false},"author":1,"featured_media":0,"parent":64,"menu_order":30,"comment_status":"closed","ping_status":"closed","template":"page-templates\/side-menu.php","meta":{"_bbp_topic_count":0,"_bbp_reply_count":0,"_bbp_total_topic_count":0,"_bbp_total_reply_count":0,"_bbp_voice_count":0,"_bbp_anonymous_reply_count":0,"_bbp_topic_count_hidden":0,"_bbp_reply_count_hidden":0,"_bbp_forum_subforum_count":0,"site-sidebar-layout":"default","site-content-layout":"","ast-site-content-layout":"","site-content-style":"default","site-sidebar-style":"default","ast-global-header-display":"","ast-banner-title-visibility":"","ast-main-header-display":"","ast-hfb-above-header-display":"","ast-hfb-below-header-display":"","ast-hfb-mobile-header-display":"","site-post-title":"","ast-breadcrumbs-content":"","ast-featured-img":"","footer-sml-layout":"","theme-transparent-header-meta":"","adv-header-id-meta":"","stick-header-meta":"","header-above-stick-meta":"","header-main-stick-meta":"","header-below-stick-meta":"","astra-migrate-meta-layouts":"default","ast-page-background-enabled":"default","ast-page-background-meta":{"desktop":{"background-color":"var(--ast-global-color-4)","background-image":"","background-repeat":"repeat","background-position":"center center","background-size":"auto","background-attachment":"scroll","background-type":"","background-media":"","overlay-type":"","overlay-color":"","overlay-opacity":"","overlay-gradient":""},"tablet":{"background-color":"","background-image":"","background-repeat":"repeat","background-position":"center center","background-size":"auto","background-attachment":"scroll","background-type":"","background-media":"","overlay-type":"","overlay-color":"","overlay-opacity":"","overlay-gradient":""},"mobile":{"background-color":"","background-image":"","background-repeat":"repeat","background-position":"center center","background-size":"auto","background-attachment":"scroll","background-type":"","background-media":"","overlay-type":"","overlay-color":"","overlay-opacity":"","overlay-gradient":""}},"ast-content-background-meta":{"desktop":{"background-color":"var(--ast-global-color-5)","background-image":"","background-repeat":"repeat","background-position":"center center","background-size":"auto","background-attachment":"scroll","background-type":"","background-media":"","overlay-type":"","overlay-color":"","overlay-opacity":"","overlay-gradient":""},"tablet":{"background-color":"var(--ast-global-color-5)","background-image":"","background-repeat":"repeat","background-position":"center center","background-size":"auto","background-attachment":"scroll","background-type":"","background-media":"","overlay-type":"","overlay-color":"","overlay-opacity":"","overlay-gradient":""},"mobile":{"background-color":"var(--ast-global-color-5)","background-image":"","background-repeat":"repeat","background-position":"center center","background-size":"auto","background-attachment":"scroll","background-type":"","background-media":"","overlay-type":"","overlay-color":"","overlay-opacity":"","overlay-gradient":""}},"footnotes":""},"class_list":["post-271","page","type-page","status-publish","hentry"],"post_mailing_queue_ids":[],"_links":{"self":[{"href":"https:\/\/agora.xtec.cat\/ceiplestelada\/wp-json\/wp\/v2\/pages\/271","targetHints":{"allow":["GET"]}}],"collection":[{"href":"https:\/\/agora.xtec.cat\/ceiplestelada\/wp-json\/wp\/v2\/pages"}],"about":[{"href":"https:\/\/agora.xtec.cat\/ceiplestelada\/wp-json\/wp\/v2\/types\/page"}],"author":[{"embeddable":true,"href":"https:\/\/agora.xtec.cat\/ceiplestelada\/wp-json\/wp\/v2\/users\/1"}],"replies":[{"embeddable":true,"href":"https:\/\/agora.xtec.cat\/ceiplestelada\/wp-json\/wp\/v2\/comments?post=271"}],"version-history":[{"count":6,"href":"https:\/\/agora.xtec.cat\/ceiplestelada\/wp-json\/wp\/v2\/pages\/271\/revisions"}],"predecessor-version":[{"id":7010,"href":"https:\/\/agora.xtec.cat\/ceiplestelada\/wp-json\/wp\/v2\/pages\/271\/revisions\/7010"}],"up":[{"embeddable":true,"href":"https:\/\/agora.xtec.cat\/ceiplestelada\/wp-json\/wp\/v2\/pages\/64"}],"wp:attachment":[{"href":"https:\/\/agora.xtec.cat\/ceiplestelada\/wp-json\/wp\/v2\/media?parent=271"}],"curies":[{"name":"wp","href":"https:\/\/api.w.org\/{rel}","templated":true}]}}

<p dir="ltr" style="line-height: 1.3800000000000001; text-align: justify; margin-top: 0pt; margin-bottom: 10pt;"><span style="font-size: 12pt; font-family: Arial; color: #000000; background-color: transparent; font-weight: 400; font-style: normal; font-variant: normal; text-decoration: none; vertical-align: baseline; white-space: pre-wrap;">Com cada any a l’Estelada s’engega el projecte interdisciplinari que es dur a terme durant tot el curs i en el que hi participa tot l’alumnat de tots els cursos. </span></p>
<p dir="ltr" style="line-height: 1.3800000000000001; text-align: justify; margin-top: 0pt; margin-bottom: 10pt;"><span style="font-size: 12pt; font-family: Arial; color: #000000; background-color: transparent; font-weight: 400; font-style: normal; font-variant: normal; text-decoration: none; vertical-align: baseline; white-space: pre-wrap;">Per aquelles famílies que s’han incorporat noves al centre, us donem una pinzellada sobre el projecte. Cada any el professorat escull un tema  i entorn aquest,  l’alumnat tria el nom de la classe.  Aquest eix comú de treball relaciona diferents àrees d’aprenentatge i fomenta la recerca i l’interès per conèixer. Algunes de les festes,com és el cas del carnestoltes, gira entorn aquest eix.</span></p>
<p dir="ltr" style="line-height: 1.3800000000000001; text-align: justify; margin-top: 0pt; margin-bottom: 10pt;"><span style="font-size: 12pt; font-family: Arial; color: #000000; background-color: transparent; font-weight: 400; font-style: normal; font-variant: normal; text-decoration: none; vertical-align: baseline; white-space: pre-wrap;">Enguany, per tal de fer més partícip l’alumnat en la vida escolar, serà qui farà la  proposta del tema comú.  I, també, com sempre, escollirà el nom de la classe.</span></p>
<p dir="ltr">El nom de cadascuna de les classes les podeu consultar al seu corresponent blog.</p>

<p>Com cada any a l’Estelada s’engega el projecte interdisciplinari que es dur a terme durant tot el curs i en el que hi participa tot l’alumnat de tots els cursos.  Per aquelles famílies que s’han incorporat noves al centre, us donem una pinzellada sobre el projecte. Cada any el professorat escull un tema  i entorn [&hellip;]</p>
