{"id":2685,"date":"2019-11-18T11:47:14","date_gmt":"2019-11-18T10:47:14","guid":{"rendered":"http:\/\/agora.xtec.cat\/ceiplestelada\/?page_id=2685"},"modified":"2023-10-19T22:05:54","modified_gmt":"2023-10-19T20:05:54","slug":"organitzacio-escola","status":"publish","type":"page","link":"https:\/\/agora.xtec.cat\/ceiplestelada\/lescola\/organitzacio-escola\/","title":{"rendered":"L&#8217;Equip de l&#8217;Estelada"},"content":{"rendered":"<h5><\/h5>\n<p><a href=\"https:\/\/agora.xtec.cat\/ceiplestelada\/wp-content\/uploads\/usu885\/2020\/07\/ESTELADA_LOGO_NOU.png\"><img loading=\"lazy\" decoding=\"async\" class=\"alignleft size-thumbnail wp-image-3148\" src=\"https:\/\/agora.xtec.cat\/ceiplestelada\/wp-content\/uploads\/usu885\/2020\/07\/ESTELADA_LOGO_NOU-150x150.png\" alt=\"\" width=\"150\" height=\"150\" \/><\/a><\/p>\n<p>&nbsp;<\/p>\n<p>&nbsp;<\/p>\n<p>&nbsp;<\/p>\n<p>&nbsp;<\/p>\n<table style=\"width: 1005px;\">\n<tbody>\n<tr>\n<td style=\"width: 999px; text-align: center;\" colspan=\"3\">\n<h5 style=\"text-align: left;\"><span style=\"color: #993300;\"><strong>EQUIP DIRECTIU<\/strong><\/span><\/h5>\n<\/td>\n<\/tr>\n<tr style=\"background-color: #eb8f0e;\">\n<td style=\"width: 342px;\"><strong>DIRECTOR<\/strong><\/td>\n<td style=\"width: 280px;\"><strong>CAP D&#8217;ESTUDIS<\/strong><\/td>\n<td style=\"width: 373px;\"><strong>SECRET\u00c0RIA<\/strong><\/td>\n<\/tr>\n<tr>\n<td style=\"width: 342px;\"><span style=\"font-weight: 400;\">JES\u00daS QUINTANA\u00a0<\/span><\/td>\n<td style=\"width: 280px;\"><span style=\"font-weight: 400;\">CARME MEMBRIVE\u00a0<\/span><\/td>\n<td style=\"width: 373px;\"><span style=\"font-weight: 400;\">GEMMA GIM\u00c9NEZ\u00a0<\/span><\/td>\n<\/tr>\n<\/tbody>\n<\/table>\n<table style=\"width: 71.6507%; height: 132px;\">\n<tbody>\n<tr style=\"height: 50px;\">\n<td style=\"width: 1003px; text-align: center; height: 50px;\" colspan=\"5\">\n<h5 style=\"text-align: left;\"><span style=\"color: #993300;\"><strong>GRUP DE PETITS<\/strong><\/span><\/h5>\n<\/td>\n<\/tr>\n<tr style=\"background-color: #f2990a;\">\n<td style=\"width: 144px; height: 34px;\"><strong>I3<\/strong><\/td>\n<td style=\"width: 156px; height: 34px;\"><strong>I4<\/strong><\/td>\n<td style=\"width: 177px; height: 34px;\"><strong>I5\u00a0<\/strong><\/td>\n<td style=\"width: 236px; height: 34px;\"><strong>Refor\u00e7<\/strong><\/td>\n<td style=\"width: 282px; height: 34px;\"><\/td>\n<\/tr>\n<tr style=\"height: 49px;\">\n<td style=\"width: 144px; height: 49px;\">S\u00cdLVIA POCURULL<\/td>\n<td style=\"width: 156px; height: 49px;\">MARTA NARRO<\/td>\n<td style=\"width: 177px; height: 49px;\">N\u00daRIA MART\u00cdNEZ (coordinadora)<\/td>\n<td style=\"width: 236px; height: 49px;\"><span style=\"font-weight: 400;\">MONTSE VILLANUEVA<\/span><\/td>\n<td style=\"width: 282px; height: 49px;\"><\/td>\n<\/tr>\n<\/tbody>\n<\/table>\n<table style=\"width: 1000px;\">\n<tbody>\n<tr>\n<td style=\"width: 679px; text-align: center;\" colspan=\"3\">\n<h5 style=\"text-align: left;\"><span style=\"color: #993300;\"><strong>GRUP DE MITJANS<\/strong><\/span><\/h5>\n<\/td>\n<td style=\"width: 313px;\"><\/td>\n<\/tr>\n<tr style=\"background-color: #f79205;\">\n<td style=\"width: 219px;\"><strong>1r<\/strong><\/td>\n<td style=\"width: 247px;\"><b>2n\u00a0<\/b><\/td>\n<td style=\"width: 209px;\"><strong>3r<\/strong><\/td>\n<td style=\"width: 313px;\"><\/td>\n<\/tr>\n<tr>\n<td style=\"width: 219px;\"><span style=\"font-weight: 400;\">DANAE BERTOMEU <\/span><\/p>\n<p>MONTSERRAT SANJOS\u00c9<\/td>\n<td style=\"width: 247px;\"><span style=\"font-weight: 400;\">JUDIT ESPINASA<\/span><\/td>\n<td style=\"width: 209px;\">SARA LAFITA<\/td>\n<td style=\"width: 313px;\"><\/td>\n<\/tr>\n<\/tbody>\n<\/table>\n<p>&nbsp;<\/p>\n<table style=\"height: 173px; width: 69.5154%;\" width=\"788\">\n<tbody>\n<tr>\n<td style=\"width: 98.4648%; text-align: center;\" colspan=\"6\">\n<h5 style=\"text-align: left;\"><span style=\"color: #993300;\"><strong>GRUP DE GRANS<\/strong><\/span><\/h5>\n<\/td>\n<\/tr>\n<tr style=\"background-color: #f58505;\">\n<td style=\"width: 17.2979%;\"><strong>4t<\/strong><\/td>\n<td style=\"width: 19.8804%;\"><strong>5\u00e8<\/strong><\/td>\n<td style=\"width: 20.0957%;\"><strong>6\u00e8 A<\/strong><\/td>\n<td style=\"width: 21.0156%;\"><\/td>\n<td style=\"width: 12.9649%;\"><\/td>\n<td style=\"width: 7.21026%;\"><\/td>\n<\/tr>\n<tr>\n<td style=\"width: 17.2979%;\">CRISTINA MANGLANO<\/td>\n<td style=\"width: 19.8804%;\">MARTA SANTAF\u00c9<\/td>\n<td style=\"width: 20.0957%;\">MAITE ASENCIO<\/td>\n<td style=\"width: 21.0156%;\"><\/td>\n<td style=\"width: 12.9649%;\"><\/td>\n<td style=\"width: 7.21026%;\"><\/td>\n<\/tr>\n<\/tbody>\n<\/table>\n<p>&nbsp;<\/p>\n<table style=\"width: 70.5838%; height: 191px;\">\n<tbody>\n<tr style=\"height: 31px;\">\n<td style=\"width: 991px; height: 31px; text-align: center;\" colspan=\"3\">\n<h5 style=\"text-align: left;\"><span style=\"color: #993300;\"><b>MESTRES ESPECIALISTES\u00a0<\/b><\/span><\/h5>\n<\/td>\n<\/tr>\n<tr style=\"height: 31px;\">\n<td style=\"width: 278px; height: 31px; background-color: #f78205;\"><strong>ANGL\u00c8S<\/strong><\/td>\n<td style=\"width: 243px; height: 31px;\">Infantil i prim\u00e0ria<\/td>\n<td style=\"width: 466px; height: 31px;\"><span style=\"font-weight: 400;\">N\u00daRIA GONZ\u00c1LEZ\u00a0<\/span><\/td>\n<\/tr>\n<tr style=\"height: 88px;\">\n<td style=\"width: 278px; height: 88px; background-color: #f78205;\"><strong>EDUCACI\u00d3 ESPECIAL<\/strong><\/td>\n<td style=\"width: 243px; height: 88px;\"><span style=\"font-weight: 400;\">PETIT<\/span><span style=\"font-weight: 400;\">S<\/span><\/p>\n<p>MITJANS i GRANS<\/td>\n<td style=\"width: 466px; height: 88px;\">&nbsp;<\/p>\n<p><span style=\"font-weight: 400;\">MARTA NARRO<\/span><\/p>\n<p>SARA LAFITA<\/p>\n<p>&nbsp;<\/td>\n<\/tr>\n<tr style=\"height: 31px;\">\n<td style=\"width: 278px; height: 31px; background-color: #f78205;\"><strong>ESPECIALISTES<\/strong><\/td>\n<td style=\"width: 243px; height: 31px;\"><span style=\"font-weight: 400;\">Religi\u00f3<\/span><\/td>\n<td style=\"width: 466px; height: 31px;\"><span style=\"font-weight: 400;\">NOELIA GRANEL<\/span><\/td>\n<\/tr>\n<tr style=\"height: 44px;\">\n<td style=\"width: 278px; height: 10px; background-color: #f78205;\"><\/td>\n<td style=\"width: 243px; height: 10px;\"><\/td>\n<td style=\"width: 466px; height: 10px;\"><\/td>\n<\/tr>\n<\/tbody>\n<\/table>\n<table style=\"width: 997px;\">\n<tbody>\n<tr>\n<td style=\"width: 991px; text-align: center;\" colspan=\"3\">\n<h5 style=\"text-align: left;\"><strong style=\"color: #993300; font-size: 1.125em;\">PERSONAL EXTERN<\/strong><\/h5>\n<\/td>\n<\/tr>\n<tr style=\"height: 31px; background-color: #f29705;\">\n<td style=\"width: 277px; height: 31px;\"><strong>EAP<\/strong><\/td>\n<td style=\"width: 242px; height: 31px;\"><\/td>\n<td style=\"width: 468px; height: 31px;\"><strong>AUXILIAR DE CONVERSA (ANGL\u00c8S)<\/strong><\/td>\n<\/tr>\n<tr style=\"height: 31px;\">\n<td style=\"width: 277px; height: 31px;\"><span style=\"font-weight: 400;\">JASMINA L\u00d3PEZ<\/span><\/td>\n<td style=\"width: 242px; height: 31px;\"><\/td>\n<td style=\"width: 468px; height: 31px;\">LINA RIFI<\/td>\n<\/tr>\n<\/tbody>\n<\/table>\n<table style=\"height: 175px; width: 992px;\">\n<tbody>\n<tr style=\"height: 56px;\">\n<td style=\"height: 56px; width: 986px; text-align: center;\" colspan=\"2\">\n<h5 style=\"text-align: left;\"><span style=\"color: #993300;\"><b>PERSONAL D&#8217;ADMINISTRACI\u00d3 I SERVEIS<\/b><\/span><\/h5>\n<\/td>\n<\/tr>\n<tr style=\"height: 55px; background-color: #f29807;\">\n<td style=\"height: 55px; width: 470px;\"><strong>ADMINISTRATIVA<\/strong><\/td>\n<td style=\"height: 55px; width: 514px;\"><strong> CONSERGE<\/strong><\/td>\n<\/tr>\n<tr style=\"height: 64px;\">\n<td style=\"height: 64px; width: 470px;\"><span style=\"font-weight: 400;\">ANNA PRUNA<\/span><\/td>\n<td style=\"height: 64px; width: 514px;\">ANDREU PARERA<\/td>\n<\/tr>\n<\/tbody>\n<\/table>\n<p>&nbsp;<\/p>\n<p>&nbsp;<\/p>\n","protected":false},"excerpt":{"rendered":"<p>&nbsp; &nbsp; &nbsp; &nbsp; EQUIP DIRECTIU DIRECTOR CAP D&#8217;ESTUDIS SECRET\u00c0RIA JES\u00daS QUINTANA\u00a0 CARME MEMBRIVE\u00a0 GEMMA GIM\u00c9NEZ\u00a0 GRUP DE PETITS I3 I4 I5\u00a0 Refor\u00e7 S\u00cdLVIA POCURULL MARTA NARRO N\u00daRIA MART\u00cdNEZ (coordinadora) MONTSE VILLANUEVA GRUP DE MITJANS 1r 2n\u00a0 3r DANAE BERTOMEU MONTSERRAT SANJOS\u00c9 JUDIT ESPINASA SARA LAFITA &nbsp; GRUP DE GRANS 4t 5\u00e8 6\u00e8 A CRISTINA [&hellip;]<\/p>\n","protected":false},"author":1,"featured_media":0,"parent":22,"menu_order":20,"comment_status":"closed","ping_status":"closed","template":"page-templates\/side-menu.php","meta":{"_bbp_topic_count":0,"_bbp_reply_count":0,"_bbp_total_topic_count":0,"_bbp_total_reply_count":0,"_bbp_voice_count":0,"_bbp_anonymous_reply_count":0,"_bbp_topic_count_hidden":0,"_bbp_reply_count_hidden":0,"_bbp_forum_subforum_count":0,"site-sidebar-layout":"default","site-content-layout":"","ast-site-content-layout":"","site-content-style":"default","site-sidebar-style":"default","ast-global-header-display":"","ast-banner-title-visibility":"","ast-main-header-display":"","ast-hfb-above-header-display":"","ast-hfb-below-header-display":"","ast-hfb-mobile-header-display":"","site-post-title":"","ast-breadcrumbs-content":"","ast-featured-img":"","footer-sml-layout":"","theme-transparent-header-meta":"","adv-header-id-meta":"","stick-header-meta":"","header-above-stick-meta":"","header-main-stick-meta":"","header-below-stick-meta":"","astra-migrate-meta-layouts":"default","ast-page-background-enabled":"default","ast-page-background-meta":{"desktop":{"background-color":"var(--ast-global-color-4)","background-image":"","background-repeat":"repeat","background-position":"center center","background-size":"auto","background-attachment":"scroll","background-type":"","background-media":"","overlay-type":"","overlay-color":"","overlay-opacity":"","overlay-gradient":""},"tablet":{"background-color":"","background-image":"","background-repeat":"repeat","background-position":"center center","background-size":"auto","background-attachment":"scroll","background-type":"","background-media":"","overlay-type":"","overlay-color":"","overlay-opacity":"","overlay-gradient":""},"mobile":{"background-color":"","background-image":"","background-repeat":"repeat","background-position":"center center","background-size":"auto","background-attachment":"scroll","background-type":"","background-media":"","overlay-type":"","overlay-color":"","overlay-opacity":"","overlay-gradient":""}},"ast-content-background-meta":{"desktop":{"background-color":"var(--ast-global-color-5)","background-image":"","background-repeat":"repeat","background-position":"center center","background-size":"auto","background-attachment":"scroll","background-type":"","background-media":"","overlay-type":"","overlay-color":"","overlay-opacity":"","overlay-gradient":""},"tablet":{"background-color":"var(--ast-global-color-5)","background-image":"","background-repeat":"repeat","background-position":"center center","background-size":"auto","background-attachment":"scroll","background-type":"","background-media":"","overlay-type":"","overlay-color":"","overlay-opacity":"","overlay-gradient":""},"mobile":{"background-color":"var(--ast-global-color-5)","background-image":"","background-repeat":"repeat","background-position":"center center","background-size":"auto","background-attachment":"scroll","background-type":"","background-media":"","overlay-type":"","overlay-color":"","overlay-opacity":"","overlay-gradient":""}},"footnotes":""},"class_list":["post-2685","page","type-page","status-publish","hentry"],"post_mailing_queue_ids":[],"_links":{"self":[{"href":"https:\/\/agora.xtec.cat\/ceiplestelada\/wp-json\/wp\/v2\/pages\/2685","targetHints":{"allow":["GET"]}}],"collection":[{"href":"https:\/\/agora.xtec.cat\/ceiplestelada\/wp-json\/wp\/v2\/pages"}],"about":[{"href":"https:\/\/agora.xtec.cat\/ceiplestelada\/wp-json\/wp\/v2\/types\/page"}],"author":[{"embeddable":true,"href":"https:\/\/agora.xtec.cat\/ceiplestelada\/wp-json\/wp\/v2\/users\/1"}],"replies":[{"embeddable":true,"href":"https:\/\/agora.xtec.cat\/ceiplestelada\/wp-json\/wp\/v2\/comments?post=2685"}],"version-history":[{"count":6,"href":"https:\/\/agora.xtec.cat\/ceiplestelada\/wp-json\/wp\/v2\/pages\/2685\/revisions"}],"predecessor-version":[{"id":7885,"href":"https:\/\/agora.xtec.cat\/ceiplestelada\/wp-json\/wp\/v2\/pages\/2685\/revisions\/7885"}],"up":[{"embeddable":true,"href":"https:\/\/agora.xtec.cat\/ceiplestelada\/wp-json\/wp\/v2\/pages\/22"}],"wp:attachment":[{"href":"https:\/\/agora.xtec.cat\/ceiplestelada\/wp-json\/wp\/v2\/media?parent=2685"}],"curies":[{"name":"wp","href":"https:\/\/api.w.org\/{rel}","templated":true}]}}