{"id":22,"date":"2014-09-18T12:19:57","date_gmt":"2014-09-18T11:19:57","guid":{"rendered":"http:\/\/agora.xtec.cat\/ceiplestelada\/?page_id=22"},"modified":"2024-02-10T19:26:08","modified_gmt":"2024-02-10T18:26:08","slug":"lescola","status":"publish","type":"page","link":"https:\/\/agora.xtec.cat\/ceiplestelada\/lescola\/","title":{"rendered":"L&#8217;escola"},"content":{"rendered":"<p><a href=\"http:\/\/agora.xtec.cat\/ceiplestelada\/wp-content\/uploads\/usu885\/2016\/05\/IMG_3240.jpg\"><img loading=\"lazy\" decoding=\"async\" class=\"aligncenter wp-image-393 size-large\" src=\"http:\/\/agora.xtec.cat\/ceiplestelada\/wp-content\/uploads\/usu885\/2016\/05\/IMG_3240-e1462261739725-1024x413.jpg\" alt=\"IMG_3240\" width=\"1024\" height=\"413\" srcset=\"https:\/\/agora.xtec.cat\/ceiplestelada\/wp-content\/uploads\/usu885\/2016\/05\/IMG_3240-e1462261739725-1024x413.jpg 1024w, https:\/\/agora.xtec.cat\/ceiplestelada\/wp-content\/uploads\/usu885\/2016\/05\/IMG_3240-e1462261739725-300x121.jpg 300w\" sizes=\"auto, (max-width: 1024px) 100vw, 1024px\" \/><\/a><\/p>\n<p>L&#8217;escola l&#8217;Estelada est\u00e0 situada al municipi de <strong><a href=\"http:\/\/www.canovesisamalus.cat\/\">C\u00e0noves i Samal\u00fas.<\/a>\u00a0<\/strong>\u00c9s un centre d&#8217;ensenyament d&#8217;Educaci\u00f3 Infantil i Prim\u00e0ria d&#8217;una l\u00ednia.<\/p>\n<p>\u00c9s una <strong>escola p\u00fablica i catalana<\/strong>. El catal\u00e0 \u00e9s la llengua vehicular dins les aules. S&#8217;inicia la llengua castellana a escala curricular a partir de primer de prim\u00e0ria i l&#8217;anglesa al tercer curs del segon cicle d&#8217;educaci\u00f3 infantil.<\/p>\n<p>A l&#8217;escola se celebren les <a href=\"http:\/\/agora.xtec.cat\/ceiplestelada\/projecte-educatiu\/festes-a-lescola\/\"><strong>festes tradicionals i les del nostre poble<\/strong><\/a>. Com a festes tradicionals que es comparteixen amb tota la Comunitat Educativa s\u00f3n Nadal i el Carnaval. Altres festes que se celebren de manera interna s\u00f3n la Castanyada, Sant Jordi i Fi de curs. L&#8217;escola est\u00e0 molt vinculada amb la realitat del poble i participa en els esdeveniments importants com Sant Pon\u00e7 i la Carbonera.<\/p>\n<p>Com a escola <strong>compromesa amb el medi<\/strong>, pret\u00e9n\u00a0que l&#8217;alumnat desenvolupi\u00a0el respecte i l&#8217;arrelament amb el seu entorn a trav\u00e9s de la Teoria de les 3R, \u00a0potenciant l&#8217;\u00fas de les carmanyoles, fomentant la implicaci\u00f3 en l&#8217;<a href=\"http:\/\/agora.xtec.cat\/ceiplestelada\/projecte-educatiu\/hort-escolar\/\">Hort escolar<\/a>, participant en el\u00a0Projecte de la Diputaci\u00f3 del\u00a0<a href=\"http:\/\/agora.xtec.cat\/ceiplestelada\/projecte-educatiu\/montseny-a-lescola\/\">Montseny a l&#8217;escola<\/a>\u00a0i\u00a0sortint del centre per fer\u00a0<a href=\"http:\/\/agora.xtec.cat\/ceiplestelada\/projecte-educatiu\/excursions-pel-montseny-i-rodalies-de-canoves\/\">caminades pel nostre entorn<\/a>.<\/p>\n<p>Una escola <strong>laica <\/strong>que respecta totes les ideologies religioses. Recull les diferents opcions de les fam\u00edlies i en fa la petici\u00f3 al Departament. Actualment, el centre t\u00e9 assignat mitja jornada d&#8217;un mestre de religi\u00f3 cat\u00f2lica. La resta de l&#8217;alumnat treballa Educaci\u00f3 c\u00edvica i en valors.<\/p>\n<p>La<a href=\"http:\/\/painous.com\/ORGANITZACIO_CENTRE.html\" target=\"_blank\" rel=\"noopener noreferrer\"> <strong>bona relaci\u00f3 entre els membres<\/strong><\/a> que formen la comunitat educativa (mestres, alumnes, personal no docent i fam\u00edlies) ha estat sempre un dels trets m\u00e9s caracter\u00edstics, mantenint aix\u00ed aquest <strong>car\u00e0cter familiar<\/strong> que fa l&#8217;ensenyament m\u00e9s proper i assequible.<\/p>\n<p>Les fam\u00edlies participen de forma activa a la vida escolar a trav\u00e9s de l&#8217;<a href=\"http:\/\/ampaescolaestelada.blogspot.com.es\/\" target=\"_blank\" rel=\"noopener noreferrer\">AMPA<\/a>, el Consell Escolar, les festes, en reunions peri\u00f2diques amb tutories i en diferents moments dins les aules.<\/p>\n<p>Partint d&#8217;una constant inquietud pedag\u00f2gica i d&#8217;un equip docent consolidat s&#8217;ha aconseguit crear una l\u00ednia d&#8217;escola amb <strong>projectes de renovaci\u00f3 constant<\/strong>, mantenint el que el temps i l&#8217;experi\u00e8ncia ens han ensenyat.<\/p>\n<p>&nbsp;<\/p>\n","protected":false},"excerpt":{"rendered":"<p>L&#8217;escola l&#8217;Estelada est\u00e0 situada al municipi de C\u00e0noves i Samal\u00fas.\u00a0\u00c9s un centre d&#8217;ensenyament d&#8217;Educaci\u00f3 Infantil i Prim\u00e0ria d&#8217;una l\u00ednia. \u00c9s una escola p\u00fablica i catalana. El catal\u00e0 \u00e9s la llengua vehicular dins les aules. S&#8217;inicia la llengua castellana a escala curricular a partir de primer de prim\u00e0ria i l&#8217;anglesa al tercer curs del segon cicle [&hellip;]<\/p>\n","protected":false},"author":1,"featured_media":0,"parent":0,"menu_order":0,"comment_status":"closed","ping_status":"closed","template":"page-templates\/side-menu.php","meta":{"_bbp_topic_count":0,"_bbp_reply_count":0,"_bbp_total_topic_count":0,"_bbp_total_reply_count":0,"_bbp_voice_count":0,"_bbp_anonymous_reply_count":0,"_bbp_topic_count_hidden":0,"_bbp_reply_count_hidden":0,"_bbp_forum_subforum_count":0,"site-sidebar-layout":"default","site-content-layout":"","ast-site-content-layout":"","site-content-style":"default","site-sidebar-style":"default","ast-global-header-display":"","ast-banner-title-visibility":"","ast-main-header-display":"","ast-hfb-above-header-display":"","ast-hfb-below-header-display":"","ast-hfb-mobile-header-display":"","site-post-title":"","ast-breadcrumbs-content":"","ast-featured-img":"","footer-sml-layout":"","theme-transparent-header-meta":"","adv-header-id-meta":"","stick-header-meta":"","header-above-stick-meta":"","header-main-stick-meta":"","header-below-stick-meta":"","astra-migrate-meta-layouts":"default","ast-page-background-enabled":"default","ast-page-background-meta":{"desktop":{"background-color":"var(--ast-global-color-4)","background-image":"","background-repeat":"repeat","background-position":"center center","background-size":"auto","background-attachment":"scroll","background-type":"","background-media":"","overlay-type":"","overlay-color":"","overlay-opacity":"","overlay-gradient":""},"tablet":{"background-color":"","background-image":"","background-repeat":"repeat","background-position":"center center","background-size":"auto","background-attachment":"scroll","background-type":"","background-media":"","overlay-type":"","overlay-color":"","overlay-opacity":"","overlay-gradient":""},"mobile":{"background-color":"","background-image":"","background-repeat":"repeat","background-position":"center center","background-size":"auto","background-attachment":"scroll","background-type":"","background-media":"","overlay-type":"","overlay-color":"","overlay-opacity":"","overlay-gradient":""}},"ast-content-background-meta":{"desktop":{"background-color":"var(--ast-global-color-5)","background-image":"","background-repeat":"repeat","background-position":"center center","background-size":"auto","background-attachment":"scroll","background-type":"","background-media":"","overlay-type":"","overlay-color":"","overlay-opacity":"","overlay-gradient":""},"tablet":{"background-color":"var(--ast-global-color-5)","background-image":"","background-repeat":"repeat","background-position":"center center","background-size":"auto","background-attachment":"scroll","background-type":"","background-media":"","overlay-type":"","overlay-color":"","overlay-opacity":"","overlay-gradient":""},"mobile":{"background-color":"var(--ast-global-color-5)","background-image":"","background-repeat":"repeat","background-position":"center center","background-size":"auto","background-attachment":"scroll","background-type":"","background-media":"","overlay-type":"","overlay-color":"","overlay-opacity":"","overlay-gradient":""}},"footnotes":""},"class_list":["post-22","page","type-page","status-publish","hentry"],"post_mailing_queue_ids":[],"_links":{"self":[{"href":"https:\/\/agora.xtec.cat\/ceiplestelada\/wp-json\/wp\/v2\/pages\/22","targetHints":{"allow":["GET"]}}],"collection":[{"href":"https:\/\/agora.xtec.cat\/ceiplestelada\/wp-json\/wp\/v2\/pages"}],"about":[{"href":"https:\/\/agora.xtec.cat\/ceiplestelada\/wp-json\/wp\/v2\/types\/page"}],"author":[{"embeddable":true,"href":"https:\/\/agora.xtec.cat\/ceiplestelada\/wp-json\/wp\/v2\/users\/1"}],"replies":[{"embeddable":true,"href":"https:\/\/agora.xtec.cat\/ceiplestelada\/wp-json\/wp\/v2\/comments?post=22"}],"version-history":[{"count":7,"href":"https:\/\/agora.xtec.cat\/ceiplestelada\/wp-json\/wp\/v2\/pages\/22\/revisions"}],"predecessor-version":[{"id":8118,"href":"https:\/\/agora.xtec.cat\/ceiplestelada\/wp-json\/wp\/v2\/pages\/22\/revisions\/8118"}],"wp:attachment":[{"href":"https:\/\/agora.xtec.cat\/ceiplestelada\/wp-json\/wp\/v2\/media?parent=22"}],"curies":[{"name":"wp","href":"https:\/\/api.w.org\/{rel}","templated":true}]}}

<p><a href="http://agora.xtec.cat/ceiplestelada/wp-content/uploads/usu885/2016/05/IMG_3240.jpg"><img loading="lazy" decoding="async" class="aligncenter wp-image-393 size-large" src="http://agora.xtec.cat/ceiplestelada/wp-content/uploads/usu885/2016/05/IMG_3240-e1462261739725-1024x413.jpg" alt="IMG_3240" width="1024" height="413" srcset="https://agora.xtec.cat/ceiplestelada/wp-content/uploads/usu885/2016/05/IMG_3240-e1462261739725-1024x413.jpg 1024w, https://agora.xtec.cat/ceiplestelada/wp-content/uploads/usu885/2016/05/IMG_3240-e1462261739725-300x121.jpg 300w" sizes="auto, (max-width: 1024px) 100vw, 1024px" /></a></p>
<p>L&#8217;escola l&#8217;Estelada està situada al municipi de <strong><a href="http://www.canovesisamalus.cat/">Cànoves i Samalús.</a> </strong>És un centre d&#8217;ensenyament d&#8217;Educació Infantil i Primària d&#8217;una línia.</p>
<p>És una <strong>escola pública i catalana</strong>. El català és la llengua vehicular dins les aules. S&#8217;inicia la llengua castellana a escala curricular a partir de primer de primària i l&#8217;anglesa al tercer curs del segon cicle d&#8217;educació infantil.</p>
<p>A l&#8217;escola se celebren les <a href="http://agora.xtec.cat/ceiplestelada/projecte-educatiu/festes-a-lescola/"><strong>festes tradicionals i les del nostre poble</strong></a>. Com a festes tradicionals que es comparteixen amb tota la Comunitat Educativa són Nadal i el Carnaval. Altres festes que se celebren de manera interna són la Castanyada, Sant Jordi i Fi de curs. L&#8217;escola està molt vinculada amb la realitat del poble i participa en els esdeveniments importants com Sant Ponç i la Carbonera.</p>
<p>Com a escola <strong>compromesa amb el medi</strong>, pretén que l&#8217;alumnat desenvolupi el respecte i l&#8217;arrelament amb el seu entorn a través de la Teoria de les 3R,  potenciant l&#8217;ús de les carmanyoles, fomentant la implicació en l&#8217;<a href="http://agora.xtec.cat/ceiplestelada/projecte-educatiu/hort-escolar/">Hort escolar</a>, participant en el Projecte de la Diputació del <a href="http://agora.xtec.cat/ceiplestelada/projecte-educatiu/montseny-a-lescola/">Montseny a l&#8217;escola</a> i sortint del centre per fer <a href="http://agora.xtec.cat/ceiplestelada/projecte-educatiu/excursions-pel-montseny-i-rodalies-de-canoves/">caminades pel nostre entorn</a>.</p>
<p>Una escola <strong>laica </strong>que respecta totes les ideologies religioses. Recull les diferents opcions de les famílies i en fa la petició al Departament. Actualment, el centre té assignat mitja jornada d&#8217;un mestre de religió catòlica. La resta de l&#8217;alumnat treballa Educació cívica i en valors.</p>
<p>La<a href="http://painous.com/ORGANITZACIO_CENTRE.html" target="_blank" rel="noopener noreferrer"> <strong>bona relació entre els membres</strong></a> que formen la comunitat educativa (mestres, alumnes, personal no docent i famílies) ha estat sempre un dels trets més característics, mantenint així aquest <strong>caràcter familiar</strong> que fa l&#8217;ensenyament més proper i assequible.</p>
<p>Les famílies participen de forma activa a la vida escolar a través de l&#8217;<a href="http://ampaescolaestelada.blogspot.com.es/" target="_blank" rel="noopener noreferrer">AMPA</a>, el Consell Escolar, les festes, en reunions periòdiques amb tutories i en diferents moments dins les aules.</p>
<p>Partint d&#8217;una constant inquietud pedagògica i d&#8217;un equip docent consolidat s&#8217;ha aconseguit crear una línia d&#8217;escola amb <strong>projectes de renovació constant</strong>, mantenint el que el temps i l&#8217;experiència ens han ensenyat.</p>
<p>&nbsp;</p>

<p>L&#8217;escola l&#8217;Estelada està situada al municipi de Cànoves i Samalús. És un centre d&#8217;ensenyament d&#8217;Educació Infantil i Primària d&#8217;una línia. És una escola pública i catalana. El català és la llengua vehicular dins les aules. S&#8217;inicia la llengua castellana a escala curricular a partir de primer de primària i l&#8217;anglesa al tercer curs del segon cicle [&hellip;]</p>
