{"id":225,"date":"2015-07-03T15:53:17","date_gmt":"2015-07-03T13:53:17","guid":{"rendered":"http:\/\/agora.xtec.cat\/ceiplessavines\/?page_id=225"},"modified":"2023-11-25T17:01:23","modified_gmt":"2023-11-25T16:01:23","slug":"ampa","status":"publish","type":"page","link":"https:\/\/agora.xtec.cat\/ceiplessavines\/ampa\/","title":{"rendered":"AFA"},"content":{"rendered":"<p style=\"text-align: left;\"><b><span style=\"font-size: x-large;\"><span style=\"color: #008000;\">QU\u00c8 \u00c9S?\u00a0 \u00a0 \u00a0 \u00a0 \u00a0 \u00a0 \u00a0 \u00a0 \u00a0 \u00a0 \u00a0 \u00a0 <a href=\"https:\/\/agora.xtec.cat\/ceiplessavines\/logo_afa_savines-01\/\"><img loading=\"lazy\" decoding=\"async\" class=\"size-medium wp-image-7915 alignright\" src=\"https:\/\/agora.xtec.cat\/ceiplessavines\/wp-content\/uploads\/usu230\/2023\/11\/LOGO_AFA_SAVINES-01-300x300.jpg\" alt=\"\" width=\"300\" height=\"300\" srcset=\"https:\/\/agora.xtec.cat\/ceiplessavines\/wp-content\/uploads\/usu230\/2023\/11\/LOGO_AFA_SAVINES-01-300x300.jpg 300w, https:\/\/agora.xtec.cat\/ceiplessavines\/wp-content\/uploads\/usu230\/2023\/11\/LOGO_AFA_SAVINES-01-150x150.jpg 150w, https:\/\/agora.xtec.cat\/ceiplessavines\/wp-content\/uploads\/usu230\/2023\/11\/LOGO_AFA_SAVINES-01.jpg 596w\" sizes=\"auto, (max-width: 300px) 100vw, 300px\" \/><\/a><\/span><br \/>\n<\/span><\/b><span style=\"font-size: x-large;\"><span style=\"font-size: large;\">L&#8217;AFA \u00e9s l&#8217;Associaci\u00f3 de fam\u00edlies d&#8217;alumnes.<br \/>\nA l&#8217;Escola Les Savines la formen els pares i mares que tenen fills i filles al centre i que en s\u00f3n socis.<br \/>\n<\/span><\/span><\/p>\n<p><b><span style=\"font-size: x-large;\"><span style=\"color: #008000;\">QU\u00c8 VOL DIR SER SOCI?<\/span><br \/>\n<\/span><\/b><\/p>\n<ul>\n<li><span style=\"font-size: large;\">Participar i col\u00b7laborar en tots els aspectes referents a l&#8217;educaci\u00f3 dels vostres fills\/es.<\/span><\/li>\n<li><span style=\"font-size: large;\">Implicar-se m\u00e9s en la seva formaci\u00f3.<\/span><\/li>\n<li><span style=\"font-size: large;\">Millorar espais, entorn,&#8230;en benefici dels nens i nenes.<\/span><\/li>\n<\/ul>\n<p><b><span style=\"font-size: x-large;\"><span style=\"color: #008000;\">QU\u00c8 CAL FER?<\/span><br \/>\n<\/span><\/b><span style=\"font-size: x-large;\"><span style=\"font-size: large;\">Abonar una quota anual de 30 euros.<\/span><\/span><\/p>\n<p><b><span style=\"font-size: x-large;\"><span style=\"color: #008000;\">QU\u00c8 SE&#8217;N FA DELS DINERS?<\/span><\/span><\/b><\/p>\n<ul>\n<li><span style=\"font-size: large;\">Es contribueix a la millora dels espais del centre.<\/span><\/li>\n<li><span style=\"font-size: large;\">Es compra material did\u00e0ctic per l&#8217;Escola.<\/span><\/li>\n<li><span style=\"font-size: large;\">Es compren llibres per Sant Jordi.<\/span><\/li>\n<li><span style=\"font-size: large;\">Es col\u00b7labora en les diferents festes que s&#8217;organitzen al centre: Nadal, Mona, Final de curs, &#8230;<\/span><\/li>\n<\/ul>\n<p><span style=\"font-size: x-large; color: #008000;\"><b>QUINES ALTRES ACTIVITATS PORTA A TERME?<\/b><\/span><\/p>\n<ul>\n<li><span style=\"font-size: large;\">Es reuneix mensualment amb la direcci\u00f3 del centre.<\/span><\/li>\n<li><span style=\"font-size: large;\">Participa en el Consell Escolar i en el Comit\u00e8 Ambiental.<br \/>\n<\/span><\/li>\n<li><span style=\"font-size: large;\">Participa en les activitats del Pla de l&#8217;Entorn, Pla de l&#8217;Esport, en la comissi\u00f3 d&#8217;escolaritzaci\u00f3, &#8230;<\/span><\/li>\n<li><span style=\"font-size: large;\">Participa en la programaci\u00f3 de xerrades, la festa de final de curs de les AMPAs, &#8230;<\/span><\/li>\n<li><span style=\"font-size: large;\">Organitza l&#8217;acollida al setembre, l&#8217;acollida matinal, les activitats extraescolars del Centre,&#8230; conjuntament amb la direcci\u00f3.<\/span><\/li>\n<li><span style=\"font-size: large;\">Gestiona les quotes del socis i les de les subvencions.<\/span><\/li>\n<li><span style=\"font-size: large;\">Informa als pares en l&#8217;assemblea sobre les seves actuacions.<\/span><\/li>\n<\/ul>\n<p><a href=\"https:\/\/agora.xtec.cat\/ceiplessavines\/ampa\/attachment\/dipticafa_page-0001\/\" rel=\"attachment wp-att-7911\"><img loading=\"lazy\" decoding=\"async\" class=\"alignnone size-full wp-image-7911\" src=\"https:\/\/agora.xtec.cat\/ceiplessavines\/wp-content\/uploads\/usu230\/2023\/11\/dipticAFA_page-0001-scaled.jpg\" alt=\"\" width=\"2560\" height=\"1810\" srcset=\"https:\/\/agora.xtec.cat\/ceiplessavines\/wp-content\/uploads\/usu230\/2023\/11\/dipticAFA_page-0001-scaled.jpg 2560w, https:\/\/agora.xtec.cat\/ceiplessavines\/wp-content\/uploads\/usu230\/2023\/11\/dipticAFA_page-0001-300x212.jpg 300w, https:\/\/agora.xtec.cat\/ceiplessavines\/wp-content\/uploads\/usu230\/2023\/11\/dipticAFA_page-0001-1024x724.jpg 1024w, https:\/\/agora.xtec.cat\/ceiplessavines\/wp-content\/uploads\/usu230\/2023\/11\/dipticAFA_page-0001-768x543.jpg 768w, https:\/\/agora.xtec.cat\/ceiplessavines\/wp-content\/uploads\/usu230\/2023\/11\/dipticAFA_page-0001-1536x1086.jpg 1536w, https:\/\/agora.xtec.cat\/ceiplessavines\/wp-content\/uploads\/usu230\/2023\/11\/dipticAFA_page-0001-2048x1448.jpg 2048w\" sizes=\"auto, (max-width: 2560px) 100vw, 2560px\" \/><\/a><\/p>\n<p><a href=\"https:\/\/agora.xtec.cat\/ceiplessavines\/ampa\/attachment\/dipticafa_page-0002\/\" rel=\"attachment wp-att-7912\"><img loading=\"lazy\" decoding=\"async\" class=\"alignnone size-full wp-image-7912\" src=\"https:\/\/agora.xtec.cat\/ceiplessavines\/wp-content\/uploads\/usu230\/2023\/11\/dipticAFA_page-0002-scaled.jpg\" alt=\"\" width=\"2560\" height=\"1810\" srcset=\"https:\/\/agora.xtec.cat\/ceiplessavines\/wp-content\/uploads\/usu230\/2023\/11\/dipticAFA_page-0002-scaled.jpg 2560w, https:\/\/agora.xtec.cat\/ceiplessavines\/wp-content\/uploads\/usu230\/2023\/11\/dipticAFA_page-0002-300x212.jpg 300w, https:\/\/agora.xtec.cat\/ceiplessavines\/wp-content\/uploads\/usu230\/2023\/11\/dipticAFA_page-0002-1024x724.jpg 1024w, https:\/\/agora.xtec.cat\/ceiplessavines\/wp-content\/uploads\/usu230\/2023\/11\/dipticAFA_page-0002-768x543.jpg 768w, https:\/\/agora.xtec.cat\/ceiplessavines\/wp-content\/uploads\/usu230\/2023\/11\/dipticAFA_page-0002-1536x1086.jpg 1536w, https:\/\/agora.xtec.cat\/ceiplessavines\/wp-content\/uploads\/usu230\/2023\/11\/dipticAFA_page-0002-2048x1448.jpg 2048w\" sizes=\"auto, (max-width: 2560px) 100vw, 2560px\" \/><\/a><\/p>\n<p>&nbsp;<\/p>\n<p><a href=\"https:\/\/drive.google.com\/file\/d\/1UVvL1C8EYubBf6PPM0nDh0on9X5MHqjO\/view?usp=share_link\"><span style=\"font-size: x-large; color: #008000;\"><b>ELS ESTATUTS<\/b><\/span><\/a><\/p>\n<p>&nbsp;<\/p>\n","protected":false},"excerpt":{"rendered":"<p>QU\u00c8 \u00c9S?\u00a0 \u00a0 \u00a0 \u00a0 \u00a0 \u00a0 \u00a0 \u00a0 \u00a0 \u00a0 \u00a0 \u00a0 L&#8217;AFA \u00e9s l&#8217;Associaci\u00f3 de fam\u00edlies d&#8217;alumnes. A l&#8217;Escola Les Savines la formen els pares i mares que tenen fills i filles al centre i que en s\u00f3n socis. QU\u00c8 VOL DIR SER SOCI? Participar i col\u00b7laborar en tots els aspectes referents a [&hellip;]<\/p>\n","protected":false},"author":1,"featured_media":0,"parent":0,"menu_order":0,"comment_status":"closed","ping_status":"closed","template":"","meta":{"_bbp_topic_count":0,"_bbp_reply_count":0,"_bbp_total_topic_count":0,"_bbp_total_reply_count":0,"_bbp_voice_count":0,"_bbp_anonymous_reply_count":0,"_bbp_topic_count_hidden":0,"_bbp_reply_count_hidden":0,"_bbp_forum_subforum_count":0,"site-sidebar-layout":"default","site-content-layout":"","ast-site-content-layout":"","site-content-style":"default","site-sidebar-style":"default","ast-global-header-display":"","ast-banner-title-visibility":"","ast-main-header-display":"","ast-hfb-above-header-display":"","ast-hfb-below-header-display":"","ast-hfb-mobile-header-display":"","site-post-title":"","ast-breadcrumbs-content":"","ast-featured-img":"","footer-sml-layout":"","theme-transparent-header-meta":"","adv-header-id-meta":"","stick-header-meta":"","header-above-stick-meta":"","header-main-stick-meta":"","header-below-stick-meta":"","astra-migrate-meta-layouts":"default","ast-page-background-enabled":"default","ast-page-background-meta":{"desktop":{"background-color":"var(--ast-global-color-4)","background-image":"","background-repeat":"repeat","background-position":"center center","background-size":"auto","background-attachment":"scroll","background-type":"","background-media":"","overlay-type":"","overlay-color":"","overlay-opacity":"","overlay-gradient":""},"tablet":{"background-color":"","background-image":"","background-repeat":"repeat","background-position":"center center","background-size":"auto","background-attachment":"scroll","background-type":"","background-media":"","overlay-type":"","overlay-color":"","overlay-opacity":"","overlay-gradient":""},"mobile":{"background-color":"","background-image":"","background-repeat":"repeat","background-position":"center center","background-size":"auto","background-attachment":"scroll","background-type":"","background-media":"","overlay-type":"","overlay-color":"","overlay-opacity":"","overlay-gradient":""}},"ast-content-background-meta":{"desktop":{"background-color":"var(--ast-global-color-5)","background-image":"","background-repeat":"repeat","background-position":"center center","background-size":"auto","background-attachment":"scroll","background-type":"","background-media":"","overlay-type":"","overlay-color":"","overlay-opacity":"","overlay-gradient":""},"tablet":{"background-color":"var(--ast-global-color-5)","background-image":"","background-repeat":"repeat","background-position":"center center","background-size":"auto","background-attachment":"scroll","background-type":"","background-media":"","overlay-type":"","overlay-color":"","overlay-opacity":"","overlay-gradient":""},"mobile":{"background-color":"var(--ast-global-color-5)","background-image":"","background-repeat":"repeat","background-position":"center center","background-size":"auto","background-attachment":"scroll","background-type":"","background-media":"","overlay-type":"","overlay-color":"","overlay-opacity":"","overlay-gradient":""}},"footnotes":""},"class_list":["post-225","page","type-page","status-publish","hentry"],"post_mailing_queue_ids":[],"_links":{"self":[{"href":"https:\/\/agora.xtec.cat\/ceiplessavines\/wp-json\/wp\/v2\/pages\/225","targetHints":{"allow":["GET"]}}],"collection":[{"href":"https:\/\/agora.xtec.cat\/ceiplessavines\/wp-json\/wp\/v2\/pages"}],"about":[{"href":"https:\/\/agora.xtec.cat\/ceiplessavines\/wp-json\/wp\/v2\/types\/page"}],"author":[{"embeddable":true,"href":"https:\/\/agora.xtec.cat\/ceiplessavines\/wp-json\/wp\/v2\/users\/1"}],"replies":[{"embeddable":true,"href":"https:\/\/agora.xtec.cat\/ceiplessavines\/wp-json\/wp\/v2\/comments?post=225"}],"version-history":[{"count":5,"href":"https:\/\/agora.xtec.cat\/ceiplessavines\/wp-json\/wp\/v2\/pages\/225\/revisions"}],"predecessor-version":[{"id":7918,"href":"https:\/\/agora.xtec.cat\/ceiplessavines\/wp-json\/wp\/v2\/pages\/225\/revisions\/7918"}],"wp:attachment":[{"href":"https:\/\/agora.xtec.cat\/ceiplessavines\/wp-json\/wp\/v2\/media?parent=225"}],"curies":[{"name":"wp","href":"https:\/\/api.w.org\/{rel}","templated":true}]}}

<p style="text-align: left;"><b><span style="font-size: x-large;"><span style="color: #008000;">QUÈ ÉS?                        <a href="https://agora.xtec.cat/ceiplessavines/logo_afa_savines-01/"><img loading="lazy" decoding="async" class="size-medium wp-image-7915 alignright" src="https://agora.xtec.cat/ceiplessavines/wp-content/uploads/usu230/2023/11/LOGO_AFA_SAVINES-01-300x300.jpg" alt="" width="300" height="300" srcset="https://agora.xtec.cat/ceiplessavines/wp-content/uploads/usu230/2023/11/LOGO_AFA_SAVINES-01-300x300.jpg 300w, https://agora.xtec.cat/ceiplessavines/wp-content/uploads/usu230/2023/11/LOGO_AFA_SAVINES-01-150x150.jpg 150w, https://agora.xtec.cat/ceiplessavines/wp-content/uploads/usu230/2023/11/LOGO_AFA_SAVINES-01.jpg 596w" sizes="auto, (max-width: 300px) 100vw, 300px" /></a></span><br />
</span></b><span style="font-size: x-large;"><span style="font-size: large;">L&#8217;AFA és l&#8217;Associació de famílies d&#8217;alumnes.<br />
A l&#8217;Escola Les Savines la formen els pares i mares que tenen fills i filles al centre i que en són socis.<br />
</span></span></p>
<p><b><span style="font-size: x-large;"><span style="color: #008000;">QUÈ VOL DIR SER SOCI?</span><br />
</span></b></p>
<ul>
<li><span style="font-size: large;">Participar i col·laborar en tots els aspectes referents a l&#8217;educació dels vostres fills/es.</span></li>
<li><span style="font-size: large;">Implicar-se més en la seva formació.</span></li>
<li><span style="font-size: large;">Millorar espais, entorn,&#8230;en benefici dels nens i nenes.</span></li>
</ul>
<p><b><span style="font-size: x-large;"><span style="color: #008000;">QUÈ CAL FER?</span><br />
</span></b><span style="font-size: x-large;"><span style="font-size: large;">Abonar una quota anual de 30 euros.</span></span></p>
<p><b><span style="font-size: x-large;"><span style="color: #008000;">QUÈ SE&#8217;N FA DELS DINERS?</span></span></b></p>
<ul>
<li><span style="font-size: large;">Es contribueix a la millora dels espais del centre.</span></li>
<li><span style="font-size: large;">Es compra material didàctic per l&#8217;Escola.</span></li>
<li><span style="font-size: large;">Es compren llibres per Sant Jordi.</span></li>
<li><span style="font-size: large;">Es col·labora en les diferents festes que s&#8217;organitzen al centre: Nadal, Mona, Final de curs, &#8230;</span></li>
</ul>
<p><span style="font-size: x-large; color: #008000;"><b>QUINES ALTRES ACTIVITATS PORTA A TERME?</b></span></p>
<ul>
<li><span style="font-size: large;">Es reuneix mensualment amb la direcció del centre.</span></li>
<li><span style="font-size: large;">Participa en el Consell Escolar i en el Comitè Ambiental.<br />
</span></li>
<li><span style="font-size: large;">Participa en les activitats del Pla de l&#8217;Entorn, Pla de l&#8217;Esport, en la comissió d&#8217;escolarització, &#8230;</span></li>
<li><span style="font-size: large;">Participa en la programació de xerrades, la festa de final de curs de les AMPAs, &#8230;</span></li>
<li><span style="font-size: large;">Organitza l&#8217;acollida al setembre, l&#8217;acollida matinal, les activitats extraescolars del Centre,&#8230; conjuntament amb la direcció.</span></li>
<li><span style="font-size: large;">Gestiona les quotes del socis i les de les subvencions.</span></li>
<li><span style="font-size: large;">Informa als pares en l&#8217;assemblea sobre les seves actuacions.</span></li>
</ul>
<p><a href="https://agora.xtec.cat/ceiplessavines/ampa/attachment/dipticafa_page-0001/" rel="attachment wp-att-7911"><img loading="lazy" decoding="async" class="alignnone size-full wp-image-7911" src="https://agora.xtec.cat/ceiplessavines/wp-content/uploads/usu230/2023/11/dipticAFA_page-0001-scaled.jpg" alt="" width="2560" height="1810" srcset="https://agora.xtec.cat/ceiplessavines/wp-content/uploads/usu230/2023/11/dipticAFA_page-0001-scaled.jpg 2560w, https://agora.xtec.cat/ceiplessavines/wp-content/uploads/usu230/2023/11/dipticAFA_page-0001-300x212.jpg 300w, https://agora.xtec.cat/ceiplessavines/wp-content/uploads/usu230/2023/11/dipticAFA_page-0001-1024x724.jpg 1024w, https://agora.xtec.cat/ceiplessavines/wp-content/uploads/usu230/2023/11/dipticAFA_page-0001-768x543.jpg 768w, https://agora.xtec.cat/ceiplessavines/wp-content/uploads/usu230/2023/11/dipticAFA_page-0001-1536x1086.jpg 1536w, https://agora.xtec.cat/ceiplessavines/wp-content/uploads/usu230/2023/11/dipticAFA_page-0001-2048x1448.jpg 2048w" sizes="auto, (max-width: 2560px) 100vw, 2560px" /></a></p>
<p><a href="https://agora.xtec.cat/ceiplessavines/ampa/attachment/dipticafa_page-0002/" rel="attachment wp-att-7912"><img loading="lazy" decoding="async" class="alignnone size-full wp-image-7912" src="https://agora.xtec.cat/ceiplessavines/wp-content/uploads/usu230/2023/11/dipticAFA_page-0002-scaled.jpg" alt="" width="2560" height="1810" srcset="https://agora.xtec.cat/ceiplessavines/wp-content/uploads/usu230/2023/11/dipticAFA_page-0002-scaled.jpg 2560w, https://agora.xtec.cat/ceiplessavines/wp-content/uploads/usu230/2023/11/dipticAFA_page-0002-300x212.jpg 300w, https://agora.xtec.cat/ceiplessavines/wp-content/uploads/usu230/2023/11/dipticAFA_page-0002-1024x724.jpg 1024w, https://agora.xtec.cat/ceiplessavines/wp-content/uploads/usu230/2023/11/dipticAFA_page-0002-768x543.jpg 768w, https://agora.xtec.cat/ceiplessavines/wp-content/uploads/usu230/2023/11/dipticAFA_page-0002-1536x1086.jpg 1536w, https://agora.xtec.cat/ceiplessavines/wp-content/uploads/usu230/2023/11/dipticAFA_page-0002-2048x1448.jpg 2048w" sizes="auto, (max-width: 2560px) 100vw, 2560px" /></a></p>
<p>&nbsp;</p>
<p><a href="https://drive.google.com/file/d/1UVvL1C8EYubBf6PPM0nDh0on9X5MHqjO/view?usp=share_link"><span style="font-size: x-large; color: #008000;"><b>ELS ESTATUTS</b></span></a></p>
<p>&nbsp;</p>

<p>QUÈ ÉS?                        L&#8217;AFA és l&#8217;Associació de famílies d&#8217;alumnes. A l&#8217;Escola Les Savines la formen els pares i mares que tenen fills i filles al centre i que en són socis. QUÈ VOL DIR SER SOCI? Participar i col·laborar en tots els aspectes referents a [&hellip;]</p>
