{"id":26,"date":"2014-09-18T12:24:32","date_gmt":"2014-09-18T11:24:32","guid":{"rendered":"http:\/\/agora.xtec.cat\/ceiplesqueix\/?page_id=26"},"modified":"2024-04-30T13:33:41","modified_gmt":"2024-04-30T11:33:41","slug":"historia","status":"publish","type":"page","link":"https:\/\/agora.xtec.cat\/ceiplesqueix\/lescola\/historia\/","title":{"rendered":"Qui som"},"content":{"rendered":"<p>A l&#8217;escola <b>L&#8217;Esqueix<\/b> hi venen nens i nenes d&#8217;Educaci\u00f3 Infantil i Prim\u00e0ria. Formem part de la <b>ZER El Moian\u00e8s Ponent<\/b> juntament amb les escoles de Calders, Mura i Cabrianes amb qui compartim el mateix projecte educatiu, aix\u00ed com els mestres especialistes d&#8217;educaci\u00f3 f\u00edsica, m\u00fasica i educaci\u00f3 especial.<\/p>\n<p style=\"font-weight: 400;\">Creiem en una educaci\u00f3 laica, democr\u00e0tica, coeducativa, integradora, arrelada al pa\u00eds i oberta a la societat a qui serveix. El projecte educatiu de la nostra escola i de la nostra ZER pret\u00e9n ser obert i, per tant, integrador. Potenciem totes les activitats que tendeixen a crear un projecte educatiu global, per la qual cosa treballem conjuntament amb la Llar d&#8217;Infants Municipal i mantenim el contacte amb l\u2019Institut Miquel Bosch i Jover d\u2019Art\u00e9s, receptor dels nostres alumnes al final de l\u2019etapa de Prim\u00e0ria.<\/p>\n<p style=\"font-weight: 400;\"><strong>PRINCIPIS QUE REGEIXEN LA NOSTRA PR\u00c0CTICA EDUCATIVA<\/strong><\/p>\n<ul>\n<li>Ens basem en <u>l\u2019aprenentatge significatiu<\/u>, on els alumnes tenen un paper actiu en el proc\u00e9s. Es parteix de l\u2019experimentaci\u00f3, manipulaci\u00f3 i descobriment lliure i guiat. Es tenen en compte els coneixements previs, i la motivaci\u00f3 i l\u2019esfor\u00e7 s\u00f3n aspectes claus per dur-ho a terme.<\/li>\n<li>Es t\u00e9 en compte <u>l\u2019estadi evolutiu<\/u> en qu\u00e8 es troba l\u2019alumnat per tal d\u2019afavorir el seu desenvolupament integral i harm\u00f2nic, assegurant un nucli de coneixements i habilitats b\u00e0siques que li permeti preparar-se per les etapes posteriors i per a la seva vida adulta.<\/li>\n<li>El <u>llenguatge oral<\/u>\u00a0\u00e9s el mitj\u00e0 fonamental per aprendre a aprendre.<\/li>\n<li>La <u>diversificaci\u00f3 de les formes d\u2019organitzaci\u00f3 i agrupaments dels alumnes<\/u>\u00a0ens permet potenciar les activitats cooperatives entre nivells i amb continu\u00eftat al llarg de tota l\u2019escolaritat.<\/li>\n<li>L\u2019<u>avaluaci\u00f3<\/u> \u00e9s una condici\u00f3 indispensable i\u00a0<u>element b\u00e0sic de reflexi\u00f3<\/u>\u00a0per a la millora de la pr\u00e0ctica docent i del proc\u00e9s de l\u2019alumnat.<\/li>\n<li>Som una <u>escola oberta a l\u2019entorn<\/u>\u00a0i a la comunitat educativa, aprofitant els recursos del nostre entorn social, natural i cultural.<\/li>\n<li>Pretenem una <u>comunicaci\u00f3 propera i flu\u00efda<\/u> amb les fam\u00edlies per involucrar-les en la vida di\u00e0ria del centre.<\/li>\n<li>Entre tots hem d\u2019educar els nens i nenes en aspectes com: solidaritat, toler\u00e0ncia i respecte envers als altres i a un mateix; sense discriminar a ning\u00fa per raons de g\u00e8nere, cultura, ideologia&#8230;<\/li>\n<\/ul>\n","protected":false},"excerpt":{"rendered":"<p>A l&#8217;escola L&#8217;Esqueix hi venen nens i nenes d&#8217;Educaci\u00f3 Infantil i Prim\u00e0ria. Formem part de la ZER El Moian\u00e8s Ponent juntament amb les escoles de Calders, Mura i Cabrianes amb qui compartim el mateix projecte educatiu, aix\u00ed com els mestres especialistes d&#8217;educaci\u00f3 f\u00edsica, m\u00fasica i&hellip;  <a href=\"https:\/\/agora.xtec.cat\/ceiplesqueix\/lescola\/historia\/\" title=\"Read Qui som\">Llegeix m\u00e9s\u00bb<\/a><\/p>\n","protected":false},"author":1,"featured_media":0,"parent":22,"menu_order":20,"comment_status":"closed","ping_status":"closed","template":"page-templates\/side-menu.php","meta":{"footnotes":""},"class_list":["post-26","page","type-page","status-publish","hentry"],"post_mailing_queue_ids":[],"_links":{"self":[{"href":"https:\/\/agora.xtec.cat\/ceiplesqueix\/wp-json\/wp\/v2\/pages\/26","targetHints":{"allow":["GET"]}}],"collection":[{"href":"https:\/\/agora.xtec.cat\/ceiplesqueix\/wp-json\/wp\/v2\/pages"}],"about":[{"href":"https:\/\/agora.xtec.cat\/ceiplesqueix\/wp-json\/wp\/v2\/types\/page"}],"author":[{"embeddable":true,"href":"https:\/\/agora.xtec.cat\/ceiplesqueix\/wp-json\/wp\/v2\/users\/1"}],"replies":[{"embeddable":true,"href":"https:\/\/agora.xtec.cat\/ceiplesqueix\/wp-json\/wp\/v2\/comments?post=26"}],"version-history":[{"count":3,"href":"https:\/\/agora.xtec.cat\/ceiplesqueix\/wp-json\/wp\/v2\/pages\/26\/revisions"}],"predecessor-version":[{"id":548,"href":"https:\/\/agora.xtec.cat\/ceiplesqueix\/wp-json\/wp\/v2\/pages\/26\/revisions\/548"}],"up":[{"embeddable":true,"href":"https:\/\/agora.xtec.cat\/ceiplesqueix\/wp-json\/wp\/v2\/pages\/22"}],"wp:attachment":[{"href":"https:\/\/agora.xtec.cat\/ceiplesqueix\/wp-json\/wp\/v2\/media?parent=26"}],"curies":[{"name":"wp","href":"https:\/\/api.w.org\/{rel}","templated":true}]}}