{"id":71,"date":"2014-09-18T12:44:56","date_gmt":"2014-09-18T11:44:56","guid":{"rendered":"http:\/\/agora.xtec.cat\/ceiplesmoreres\/?page_id=71"},"modified":"2023-05-25T14:13:10","modified_gmt":"2023-05-25T12:13:10","slug":"serveis-digitals","status":"publish","type":"page","link":"https:\/\/agora.xtec.cat\/ceiplesmoreres\/serveis-de-lescola\/serveis-digitals\/","title":{"rendered":"Serveis digitals"},"content":{"rendered":"<p>La nostra escola ofereix els seg\u00fcents <strong>serveis digitals:<\/strong><\/p>\n<p>El nostre canal de comunicaci\u00f3 amb les fam\u00edlies \u00e9s mitjan\u00e7ant l&#8217;aplicaci\u00f3 <a href=\"https:\/\/drive.google.com\/file\/d\/1p9qUYwGjgZWALww6iffaRonNK1DPocFV\/view\">TOKAPP<\/a>. Per comunicar-vos amb la direcci\u00f3 del centre el correu \u00e9s lesmoreres<span class=\"\">@lesmoreres.cat<\/span><\/p>\n<p>Estem presents a les xarxes socials des d&#8217;<a href=\"https:\/\/www.instagram.com\/\">Instagram<\/a> privat.<\/p>\n<p>Per poder contactar directament amb el tutor\/a de fill\/a cada curs disposa d&#8217;un correu electr\u00f2nic:<\/p>\n<p>cinfantil@lesmoreres.cat<\/p>\n<p>primer@lesmoreres.cat<\/p>\n<p>segon@lesmoreres.cat<\/p>\n<p>tercer@lesmoreres.cat<\/p>\n<p>quart@lesmoreres.cat<\/p>\n<p>cinque@lesmoreres.cat<\/p>\n<p>sise@lesmoreres.cat<\/p>\n<p>Tot l&#8217;alumnat des de primer de prim\u00e0ria fins a sis\u00e8 tenen un correu corporatiu del centre, treballen a partir del <a href=\"https:\/\/edu.google.com\/intl\/ca\/workspace-for-education\/classroom\/\">CLASSROOM<\/a> i la resta d&#8217;aplicacions google segons curs i edat.<\/p>\n<p>Altres aplicacions utilitzades per l&#8217;alumnat del centre:<\/p>\n<p><a href=\"https:\/\/www.innovamat.com\/\">Appinnovamat<\/a><\/p>\n<p><a href=\"https:\/\/dictapp.cat\/\">Dictapp<\/a><\/p>\n<p>App d&#8217;angl\u00e8s<\/p>\n","protected":false},"excerpt":{"rendered":"<p>La nostra escola ofereix els seg\u00fcents serveis digitals:<br \/>\nEl nostre canal de comunicaci\u00f3 amb les fam\u00edlies \u00e9s mitjan\u00e7ant l&#8217;aplicaci\u00f3 <a href=\"https:\/\/drive.google.com\/file\/d\/1p9qUYwGjgZWALww6iffaRonNK1DPocFV\/view\">TOKAPP<\/a>. Per comunicar-vos amb la direcci\u00f3 del centre el correu \u00e9s lesmoreres@lesmoreres.cat<br \/>\nEstem presents a les xarxes socials des d&#8217;<a href=\"https:\/\/www.instagram.com\/\">Instagram<\/a> privat.<br \/>\nPer poder contactar directament amb el&hellip;  <a href=\"https:\/\/agora.xtec.cat\/ceiplesmoreres\/serveis-de-lescola\/serveis-digitals\/\" title=\"Read Serveis digitals\">Llegeix m\u00e9s\u00bb<\/a><\/p>\n","protected":false},"author":1,"featured_media":0,"parent":699,"menu_order":0,"comment_status":"closed","ping_status":"closed","template":"page-templates\/side-menu.php","meta":{"_bbp_topic_count":0,"_bbp_reply_count":0,"_bbp_total_topic_count":0,"_bbp_total_reply_count":0,"_bbp_voice_count":0,"_bbp_anonymous_reply_count":0,"_bbp_topic_count_hidden":0,"_bbp_reply_count_hidden":0,"_bbp_forum_subforum_count":0,"footnotes":""},"class_list":["post-71","page","type-page","status-publish","hentry"],"post_mailing_queue_ids":[],"_links":{"self":[{"href":"https:\/\/agora.xtec.cat\/ceiplesmoreres\/wp-json\/wp\/v2\/pages\/71","targetHints":{"allow":["GET"]}}],"collection":[{"href":"https:\/\/agora.xtec.cat\/ceiplesmoreres\/wp-json\/wp\/v2\/pages"}],"about":[{"href":"https:\/\/agora.xtec.cat\/ceiplesmoreres\/wp-json\/wp\/v2\/types\/page"}],"author":[{"embeddable":true,"href":"https:\/\/agora.xtec.cat\/ceiplesmoreres\/wp-json\/wp\/v2\/users\/1"}],"replies":[{"embeddable":true,"href":"https:\/\/agora.xtec.cat\/ceiplesmoreres\/wp-json\/wp\/v2\/comments?post=71"}],"version-history":[{"count":3,"href":"https:\/\/agora.xtec.cat\/ceiplesmoreres\/wp-json\/wp\/v2\/pages\/71\/revisions"}],"predecessor-version":[{"id":4107,"href":"https:\/\/agora.xtec.cat\/ceiplesmoreres\/wp-json\/wp\/v2\/pages\/71\/revisions\/4107"}],"up":[{"embeddable":true,"href":"https:\/\/agora.xtec.cat\/ceiplesmoreres\/wp-json\/wp\/v2\/pages\/699"}],"wp:attachment":[{"href":"https:\/\/agora.xtec.cat\/ceiplesmoreres\/wp-json\/wp\/v2\/media?parent=71"}],"curies":[{"name":"wp","href":"https:\/\/api.w.org\/{rel}","templated":true}]}}