{"id":668,"date":"2020-02-25T13:55:22","date_gmt":"2020-02-25T12:55:22","guid":{"rendered":"https:\/\/agora.xtec.cat\/ceiplesmoreres\/?page_id=668"},"modified":"2020-10-21T16:29:27","modified_gmt":"2020-10-21T14:29:27","slug":"escola","status":"publish","type":"page","link":"https:\/\/agora.xtec.cat\/ceiplesmoreres\/escola\/","title":{"rendered":"La nostra escola"},"content":{"rendered":"<p>La nostra <span style=\"font-weight: 400;\">\u00a0\u00e9s una petita escola de poble i comptem amb els alumnes de Fla\u00e7\u00e0, Sant Joan de Mollet i Sant Lloren\u00e7 de les Arenes. Ocupem un vell i bonic edifici, constru\u00eft al temps de la Rep\u00fablica, pel prestigi\u00f3s arquitecte racionalista giron\u00ed Emili Blanc. L\u2019edifici consta de dues plantes. A l\u2019any 1989 hi va haver una ampliaci\u00f3 i es van fer el menjador, la cuina i dues aules m\u00e9s. Posteriorment a l\u2019any 2005 es va cobrir el porxo que serveix de gimn\u00e0s i des del curs 2007-08 tenim dues aules prefabricades al pati. El pati \u00e9s molt assolellat, cara sud, que permet que tinguem varietat d&#8217;arbres que ens ofereixen ombra a l&#8217;estiu.\u00a0\u00a0<\/span><\/p>\n","protected":false},"excerpt":{"rendered":"<p>La nostra \u00a0\u00e9s una petita escola de poble i comptem amb els alumnes de Fla\u00e7\u00e0, Sant Joan de Mollet i Sant Lloren\u00e7 de les Arenes. Ocupem un vell i bonic edifici, constru\u00eft al temps de la Rep\u00fablica, pel prestigi\u00f3s arquitecte racionalista giron\u00ed Emili Blanc. L\u2019edifici&hellip;  <a href=\"https:\/\/agora.xtec.cat\/ceiplesmoreres\/escola\/\" title=\"Read La nostra escola\">Llegeix m\u00e9s\u00bb<\/a><\/p>\n","protected":false},"author":1,"featured_media":0,"parent":0,"menu_order":0,"comment_status":"closed","ping_status":"closed","template":"page-templates\/side-menu.php","meta":{"_bbp_topic_count":0,"_bbp_reply_count":0,"_bbp_total_topic_count":0,"_bbp_total_reply_count":0,"_bbp_voice_count":0,"_bbp_anonymous_reply_count":0,"_bbp_topic_count_hidden":0,"_bbp_reply_count_hidden":0,"_bbp_forum_subforum_count":0,"footnotes":""},"class_list":["post-668","page","type-page","status-publish","hentry"],"post_mailing_queue_ids":[],"_links":{"self":[{"href":"https:\/\/agora.xtec.cat\/ceiplesmoreres\/wp-json\/wp\/v2\/pages\/668","targetHints":{"allow":["GET"]}}],"collection":[{"href":"https:\/\/agora.xtec.cat\/ceiplesmoreres\/wp-json\/wp\/v2\/pages"}],"about":[{"href":"https:\/\/agora.xtec.cat\/ceiplesmoreres\/wp-json\/wp\/v2\/types\/page"}],"author":[{"embeddable":true,"href":"https:\/\/agora.xtec.cat\/ceiplesmoreres\/wp-json\/wp\/v2\/users\/1"}],"replies":[{"embeddable":true,"href":"https:\/\/agora.xtec.cat\/ceiplesmoreres\/wp-json\/wp\/v2\/comments?post=668"}],"version-history":[{"count":3,"href":"https:\/\/agora.xtec.cat\/ceiplesmoreres\/wp-json\/wp\/v2\/pages\/668\/revisions"}],"predecessor-version":[{"id":711,"href":"https:\/\/agora.xtec.cat\/ceiplesmoreres\/wp-json\/wp\/v2\/pages\/668\/revisions\/711"}],"wp:attachment":[{"href":"https:\/\/agora.xtec.cat\/ceiplesmoreres\/wp-json\/wp\/v2\/media?parent=668"}],"curies":[{"name":"wp","href":"https:\/\/api.w.org\/{rel}","templated":true}]}}