{"id":573,"date":"2020-02-13T17:26:22","date_gmt":"2020-02-13T16:26:22","guid":{"rendered":"https:\/\/agora.xtec.cat\/ceiplesmoreres\/?page_id=573"},"modified":"2023-05-30T13:52:47","modified_gmt":"2023-05-30T11:52:47","slug":"aprenem-plegats","status":"publish","type":"page","link":"https:\/\/agora.xtec.cat\/ceiplesmoreres\/fem-escola\/aprenem-plegats\/","title":{"rendered":"Aprenem plegats"},"content":{"rendered":"<p><span style=\"font-weight: 400;\">Portem a terme un projecte d\u2019aprenentatge a partir de diferents agrupacions d&#8217;alumnes per fomentar el treball en equip, despertar la curiositat de l\u2019alumnat, l\u2019aprenentatge per desenvolupament pr\u00f2xim i, d&#8217;aquesta manera, adquirir les compet\u00e8ncies b\u00e0siques.\u00a0\u00a0<\/span><\/p>\n<p>Ens organitzem fent\u00a0tallers, ambients, capsetes, intercicles&#8230;<\/p>\n","protected":false},"excerpt":{"rendered":"<p>Portem a terme un projecte d\u2019aprenentatge a partir de diferents agrupacions d&#8217;alumnes per fomentar el treball en equip, despertar la curiositat de l\u2019alumnat, l\u2019aprenentatge per desenvolupament pr\u00f2xim i, d&#8217;aquesta manera, adquirir les compet\u00e8ncies b\u00e0siques.\u00a0\u00a0<br \/>\nEns organitzem fent\u00a0tallers, ambients, capsetes, intercicles&#8230;<\/p>\n","protected":false},"author":1,"featured_media":0,"parent":694,"menu_order":0,"comment_status":"closed","ping_status":"closed","template":"page-templates\/side-menu.php","meta":{"_bbp_topic_count":0,"_bbp_reply_count":0,"_bbp_total_topic_count":0,"_bbp_total_reply_count":0,"_bbp_voice_count":0,"_bbp_anonymous_reply_count":0,"_bbp_topic_count_hidden":0,"_bbp_reply_count_hidden":0,"_bbp_forum_subforum_count":0,"footnotes":""},"class_list":["post-573","page","type-page","status-publish","hentry"],"post_mailing_queue_ids":[],"_links":{"self":[{"href":"https:\/\/agora.xtec.cat\/ceiplesmoreres\/wp-json\/wp\/v2\/pages\/573","targetHints":{"allow":["GET"]}}],"collection":[{"href":"https:\/\/agora.xtec.cat\/ceiplesmoreres\/wp-json\/wp\/v2\/pages"}],"about":[{"href":"https:\/\/agora.xtec.cat\/ceiplesmoreres\/wp-json\/wp\/v2\/types\/page"}],"author":[{"embeddable":true,"href":"https:\/\/agora.xtec.cat\/ceiplesmoreres\/wp-json\/wp\/v2\/users\/1"}],"replies":[{"embeddable":true,"href":"https:\/\/agora.xtec.cat\/ceiplesmoreres\/wp-json\/wp\/v2\/comments?post=573"}],"version-history":[{"count":3,"href":"https:\/\/agora.xtec.cat\/ceiplesmoreres\/wp-json\/wp\/v2\/pages\/573\/revisions"}],"predecessor-version":[{"id":591,"href":"https:\/\/agora.xtec.cat\/ceiplesmoreres\/wp-json\/wp\/v2\/pages\/573\/revisions\/591"}],"up":[{"embeddable":true,"href":"https:\/\/agora.xtec.cat\/ceiplesmoreres\/wp-json\/wp\/v2\/pages\/694"}],"wp:attachment":[{"href":"https:\/\/agora.xtec.cat\/ceiplesmoreres\/wp-json\/wp\/v2\/media?parent=573"}],"curies":[{"name":"wp","href":"https:\/\/api.w.org\/{rel}","templated":true}]}}