{"id":36,"date":"2014-09-18T12:33:11","date_gmt":"2014-09-18T11:33:11","guid":{"rendered":"http:\/\/agora.xtec.cat\/ceiplesmoreres\/?page_id=36"},"modified":"2025-09-17T17:14:48","modified_gmt":"2025-09-17T15:14:48","slug":"material-escolar","status":"publish","type":"page","link":"https:\/\/agora.xtec.cat\/ceiplesmoreres\/escola\/material-escolar\/","title":{"rendered":"Equip docent i personal 25-26"},"content":{"rendered":"<p><span style=\"font-weight: 400;\"><b>EQUIP 2025-2026<\/b><\/span><\/p>\n<p><span style=\"font-weight: 400;\"><b>Infantil petits <\/b>Laura Citores\/ X\u00e8nia Campos, <b>Infantil grans <\/b>Merc\u00e8 Jim\u00e9nez\/ X\u00e8nia Campos, <b>1r <\/b>N\u00faria Ayats,\u00a0 <b>2n\u00a0 \u00a0<\/b>Bet Bonany (Secret\u00e0ria) , <b>3r <\/b>Imma Sabench , <strong>4t<\/strong> Jordi Barniol, <strong>5\u00e8<\/strong> Cristina Cayuela, <strong>6\u00e8<\/strong> Olga Oliver i Anna Falg\u00e0s, <strong>M\u00fasica<\/strong> Rosa M. Oliveras, <strong>Angl\u00e8s<\/strong> Laura Cabello i Alba Mitjavila, <strong>Ed. Especial<\/strong> Cristina Serra i Montse Clar, <strong>Ed. F\u00edsica <\/strong>M\u00edriam Planas, <strong>Religi\u00f3<\/strong> Dolors Reverter, <strong>Administrativa<\/strong> Maria Martinez, <strong>Vetlladora<\/strong> Susana Estruch<\/span><\/p>\n<p><strong>EQUIP DIRECTIU\u00a0<\/strong><\/p>\n<p><strong>Directora<\/strong>: Anna Falg\u00e0s\u00a0 <strong>Cap d&#8217;estudis<\/strong>: Montse Clar\u00a0 <strong>Secret\u00e0ria<\/strong>: Bet Bonany<\/p>\n<p><strong>EQUIP MONITORATGE<\/strong><\/p>\n<p><a href=\"https:\/\/agora.xtec.cat\/ceiplesmoreres\/img_4450\/\"><img loading=\"lazy\" decoding=\"async\" class=\"alignleft wp-image-5463\" src=\"https:\/\/agora.xtec.cat\/ceiplesmoreres\/wp-content\/uploads\/usu1690\/2025\/09\/IMG_4450-300x228.jpeg\" alt=\"\" width=\"479\" height=\"364\" srcset=\"https:\/\/agora.xtec.cat\/ceiplesmoreres\/wp-content\/uploads\/usu1690\/2025\/09\/IMG_4450-300x228.jpeg 300w, https:\/\/agora.xtec.cat\/ceiplesmoreres\/wp-content\/uploads\/usu1690\/2025\/09\/IMG_4450-1024x779.jpeg 1024w, https:\/\/agora.xtec.cat\/ceiplesmoreres\/wp-content\/uploads\/usu1690\/2025\/09\/IMG_4450-768x584.jpeg 768w, https:\/\/agora.xtec.cat\/ceiplesmoreres\/wp-content\/uploads\/usu1690\/2025\/09\/IMG_4450-1536x1168.jpeg 1536w, https:\/\/agora.xtec.cat\/ceiplesmoreres\/wp-content\/uploads\/usu1690\/2025\/09\/IMG_4450.jpeg 1920w\" sizes=\"auto, (max-width: 479px) 100vw, 479px\" \/><\/a><\/p>\n<p>&nbsp;<\/p>\n<p>&nbsp;<\/p>\n<p>&nbsp;<\/p>\n<p>&nbsp;<\/p>\n","protected":false},"excerpt":{"rendered":"<p>EQUIP 2025-2026<br \/>\nInfantil petits Laura Citores\/ X\u00e8nia Campos, Infantil grans Merc\u00e8 Jim\u00e9nez\/ X\u00e8nia Campos, 1r N\u00faria Ayats,\u00a0 2n\u00a0 \u00a0Bet Bonany (Secret\u00e0ria) , 3r Imma Sabench , 4t Jordi Barniol, 5\u00e8 Cristina Cayuela, 6\u00e8 Olga Oliver i Anna Falg\u00e0s, M\u00fasica Rosa M. Oliveras, Angl\u00e8s Laura Cabello i&hellip;  <a href=\"https:\/\/agora.xtec.cat\/ceiplesmoreres\/escola\/material-escolar\/\" title=\"Read Equip docent i personal 25-26\">Llegeix m\u00e9s\u00bb<\/a><\/p>\n","protected":false},"author":1,"featured_media":0,"parent":668,"menu_order":70,"comment_status":"closed","ping_status":"closed","template":"page-templates\/side-menu.php","meta":{"_bbp_topic_count":0,"_bbp_reply_count":0,"_bbp_total_topic_count":0,"_bbp_total_reply_count":0,"_bbp_voice_count":0,"_bbp_anonymous_reply_count":0,"_bbp_topic_count_hidden":0,"_bbp_reply_count_hidden":0,"_bbp_forum_subforum_count":0,"footnotes":""},"class_list":["post-36","page","type-page","status-publish","hentry"],"post_mailing_queue_ids":[],"_links":{"self":[{"href":"https:\/\/agora.xtec.cat\/ceiplesmoreres\/wp-json\/wp\/v2\/pages\/36","targetHints":{"allow":["GET"]}}],"collection":[{"href":"https:\/\/agora.xtec.cat\/ceiplesmoreres\/wp-json\/wp\/v2\/pages"}],"about":[{"href":"https:\/\/agora.xtec.cat\/ceiplesmoreres\/wp-json\/wp\/v2\/types\/page"}],"author":[{"embeddable":true,"href":"https:\/\/agora.xtec.cat\/ceiplesmoreres\/wp-json\/wp\/v2\/users\/1"}],"replies":[{"embeddable":true,"href":"https:\/\/agora.xtec.cat\/ceiplesmoreres\/wp-json\/wp\/v2\/comments?post=36"}],"version-history":[{"count":6,"href":"https:\/\/agora.xtec.cat\/ceiplesmoreres\/wp-json\/wp\/v2\/pages\/36\/revisions"}],"predecessor-version":[{"id":5475,"href":"https:\/\/agora.xtec.cat\/ceiplesmoreres\/wp-json\/wp\/v2\/pages\/36\/revisions\/5475"}],"up":[{"embeddable":true,"href":"https:\/\/agora.xtec.cat\/ceiplesmoreres\/wp-json\/wp\/v2\/pages\/668"}],"wp:attachment":[{"href":"https:\/\/agora.xtec.cat\/ceiplesmoreres\/wp-json\/wp\/v2\/media?parent=36"}],"curies":[{"name":"wp","href":"https:\/\/api.w.org\/{rel}","templated":true}]}}