{"id":687,"date":"2016-08-11T10:48:32","date_gmt":"2016-08-11T08:48:32","guid":{"rendered":"http:\/\/agora.xtec.cat\/ceiplesmimoses\/?page_id=687"},"modified":"2026-01-19T16:07:37","modified_gmt":"2026-01-19T15:07:37","slug":"ampa","status":"publish","type":"page","link":"https:\/\/agora.xtec.cat\/ceiplesmimoses\/ampa\/","title":{"rendered":"AFA"},"content":{"rendered":"<p style=\"text-align: justify;\">L\u2019Associaci\u00f3 de fam\u00edlies d&#8217;alumnes (AFA) de l\u2019escola Les Mimoses, \u00e9s una organitzaci\u00f3 sense \u00e0nim de lucre formada pels pares, mares o tutors, tutores, dels alumnes i les alumnes del centre. L\u2019AFA treballa pel bon funcionament de diferents aspectes de l\u2019escola fora de l\u2019\u00e0mbit pr\u00f2piament lectiu. Assisteix als pares i mares d\u2019alumnes en tot all\u00f2 que concerneix a l\u2019educaci\u00f3 dels seus fills i transmet les seves opinions i reflexions sobre temes educatius i del funcionament de l\u2019escola a trav\u00e9s de la seva cooperaci\u00f3 en el Consell Escolar, on participa en l\u2019elaboraci\u00f3 de directrius. Organitza activitats extra curriculars, esportives, formatives i festives per als alumnes, i d\u2019altres activitats que faciliten la conciliaci\u00f3 de la vida laboral i familiar.<\/p>\n<p style=\"text-align: justify;\">Els ingressos que t\u00e9 l\u2019associaci\u00f3 provenen de la quota dels socis, de les subvencions de l\u2019administraci\u00f3 i d\u2019aportacions extraordin\u00e0ries. Aquests ingressos es destinen a les activitats esmentades o a altres coses priorit\u00e0ries que manquen a l\u2019escola i que beneficien a l&#8217;alumnat. L\u2019AFA es regeix per uns <a href=\"https:\/\/agora.xtec.cat\/ceiplesmimoses\/wp-content\/uploads\/usu1435\/2025\/03\/estatuts-definitius-pdf.pdf\">estatuts definitius pdf<\/a>\u00a0i \u00e9s la Junta Directiva de l\u2019associaci\u00f3 qui es responsabilitza d\u2019organitzar, a trav\u00e9s de les seves comissions de treball, el dia a dia de les activitats i accions que es duen a terme.<\/p>\n<p>L&#8217;enlla\u00e7 del <strong>BLOC<\/strong> \u00e9s:\u00a0 <a href=\"https:\/\/ampalesmimoses.home.blog\/\">https:\/\/ampalesmimoses.home.blog<\/a><\/p>\n<p>El correu electr\u00f2nic \u00e9s: ampalesmimoses@gmail.com<\/p>\n\n\n<p><\/p>\n","protected":false},"excerpt":{"rendered":"<p>L\u2019Associaci\u00f3 de fam\u00edlies d&#8217;alumnes (AFA) de l\u2019escola Les Mimoses, \u00e9s una organitzaci\u00f3 sense \u00e0nim de lucre formada pels pares, mares o tutors, tutores, dels alumnes i les alumnes del centre. L\u2019AFA treballa pel bon funcionament de diferents aspectes de l\u2019escola fora de l\u2019\u00e0mbit pr\u00f2piament lectiu. Assisteix als pares i mares d\u2019alumnes en tot all\u00f2 que [&hellip;]<\/p>\n","protected":false},"author":1,"featured_media":0,"parent":0,"menu_order":0,"comment_status":"closed","ping_status":"closed","template":"","meta":{"_bbp_topic_count":0,"_bbp_reply_count":0,"_bbp_total_topic_count":0,"_bbp_total_reply_count":0,"_bbp_voice_count":0,"_bbp_anonymous_reply_count":0,"_bbp_topic_count_hidden":0,"_bbp_reply_count_hidden":0,"_bbp_forum_subforum_count":0,"site-sidebar-layout":"default","site-content-layout":"","ast-site-content-layout":"default","site-content-style":"default","site-sidebar-style":"default","ast-global-header-display":"","ast-banner-title-visibility":"","ast-main-header-display":"","ast-hfb-above-header-display":"","ast-hfb-below-header-display":"","ast-hfb-mobile-header-display":"","site-post-title":"","ast-breadcrumbs-content":"","ast-featured-img":"","footer-sml-layout":"","theme-transparent-header-meta":"","adv-header-id-meta":"","stick-header-meta":"","header-above-stick-meta":"","header-main-stick-meta":"","header-below-stick-meta":"","astra-migrate-meta-layouts":"set","ast-page-background-enabled":"default","ast-page-background-meta":{"desktop":{"background-color":"var(--ast-global-color-4)","background-image":"","background-repeat":"repeat","background-position":"center center","background-size":"auto","background-attachment":"scroll","background-type":"","background-media":"","overlay-type":"","overlay-color":"","overlay-opacity":"","overlay-gradient":""},"tablet":{"background-color":"","background-image":"","background-repeat":"repeat","background-position":"center center","background-size":"auto","background-attachment":"scroll","background-type":"","background-media":"","overlay-type":"","overlay-color":"","overlay-opacity":"","overlay-gradient":""},"mobile":{"background-color":"","background-image":"","background-repeat":"repeat","background-position":"center center","background-size":"auto","background-attachment":"scroll","background-type":"","background-media":"","overlay-type":"","overlay-color":"","overlay-opacity":"","overlay-gradient":""}},"ast-content-background-meta":{"desktop":{"background-color":"var(--ast-global-color-5)","background-image":"","background-repeat":"repeat","background-position":"center center","background-size":"auto","background-attachment":"scroll","background-type":"","background-media":"","overlay-type":"","overlay-color":"","overlay-opacity":"","overlay-gradient":""},"tablet":{"background-color":"var(--ast-global-color-5)","background-image":"","background-repeat":"repeat","background-position":"center center","background-size":"auto","background-attachment":"scroll","background-type":"","background-media":"","overlay-type":"","overlay-color":"","overlay-opacity":"","overlay-gradient":""},"mobile":{"background-color":"var(--ast-global-color-5)","background-image":"","background-repeat":"repeat","background-position":"center center","background-size":"auto","background-attachment":"scroll","background-type":"","background-media":"","overlay-type":"","overlay-color":"","overlay-opacity":"","overlay-gradient":""}},"footnotes":""},"class_list":["post-687","page","type-page","status-publish","hentry"],"post_mailing_queue_ids":[],"_links":{"self":[{"href":"https:\/\/agora.xtec.cat\/ceiplesmimoses\/wp-json\/wp\/v2\/pages\/687","targetHints":{"allow":["GET"]}}],"collection":[{"href":"https:\/\/agora.xtec.cat\/ceiplesmimoses\/wp-json\/wp\/v2\/pages"}],"about":[{"href":"https:\/\/agora.xtec.cat\/ceiplesmimoses\/wp-json\/wp\/v2\/types\/page"}],"author":[{"embeddable":true,"href":"https:\/\/agora.xtec.cat\/ceiplesmimoses\/wp-json\/wp\/v2\/users\/1"}],"replies":[{"embeddable":true,"href":"https:\/\/agora.xtec.cat\/ceiplesmimoses\/wp-json\/wp\/v2\/comments?post=687"}],"version-history":[{"count":5,"href":"https:\/\/agora.xtec.cat\/ceiplesmimoses\/wp-json\/wp\/v2\/pages\/687\/revisions"}],"predecessor-version":[{"id":11216,"href":"https:\/\/agora.xtec.cat\/ceiplesmimoses\/wp-json\/wp\/v2\/pages\/687\/revisions\/11216"}],"wp:attachment":[{"href":"https:\/\/agora.xtec.cat\/ceiplesmimoses\/wp-json\/wp\/v2\/media?parent=687"}],"curies":[{"name":"wp","href":"https:\/\/api.w.org\/{rel}","templated":true}]}}