{"id":38,"date":"2014-09-18T12:34:08","date_gmt":"2014-09-18T11:34:08","guid":{"rendered":"http:\/\/agora.xtec.cat\/ceiplesmimoses\/?page_id=38"},"modified":"2026-01-19T16:03:48","modified_gmt":"2026-01-19T15:03:48","slug":"salut","status":"publish","type":"page","link":"https:\/\/agora.xtec.cat\/ceiplesmimoses\/lescola\/salut\/","title":{"rendered":"Salut"},"content":{"rendered":"<ul>\n<li style=\"text-align: justify;\"><strong>Medicaments<\/strong><\/li>\n<\/ul>\n<p style=\"text-align: justify;\">A l&#8217;escola <span style=\"text-decoration: underline;\"><strong>no es pot donar medicaments<\/strong><\/span> a cap alumne en horari escolar. No obstant i si es fa imprescindible per q\u00fcestions hor\u00e0ries, es podran donar sempre que porteu la recepta m\u00e8dica amb la posologia i la pertinent autoritzaci\u00f3 signada.<\/p>\n<p style=\"text-align: justify;\">En el cas de febre, l&#8217;escola <strong><span style=\"text-decoration: underline;\">nom\u00e9s<\/span><\/strong> podr\u00e0 administrar paracetamol si la febre supera en aquell moment els 38\u00ba de temperatura i els pares han signat l&#8217;autoritzaci\u00f3 a tal efecte.<\/p>\n<p style=\"text-align: justify;\">En qualsevol dels casos, s&#8217;avisar\u00e0 a la familia per tal que vinguin a recollir a l&#8217;infant, donat que <strong><span style=\"text-decoration: underline;\">un infant amb febre no pot romandre a l&#8217;escola<\/span>.<\/strong> En el cas de febre, \u00e9s molt important que els infants no retornin al centre fins que no faci<strong> 24h que hagin estat sense febre<\/strong>.<\/p>\n<ul style=\"text-align: justify;\">\n<li><strong>Al\u00b7l\u00e8rgies<\/strong><\/li>\n<\/ul>\n<p style=\"text-align: justify;\">En el cas que un nen o nena pateixi alguna al\u00b7l\u00e8rgia, cal que informeu a l&#8217;escola per a evitar intoxicacions.<\/p>\n<ul style=\"text-align: justify;\">\n<li><strong>Par\u00e0sits<\/strong><\/li>\n<\/ul>\n<p style=\"text-align: justify;\">En el cas que es detectin par\u00e0sits (polls), s&#8217;informar\u00e0 de manera general a les fam\u00edlies per tal que pugueu examinar el vostre fill o filla i posar-hi remei si en t\u00e9.<\/p>\n<p style=\"text-align: justify;\">Si en detecteu a casa, comuniqueu-ho a l&#8217;escola com m\u00e9s aviat millor, per tal d&#8217;alertar a la resta de fam\u00edlies.<\/p>\n<p style=\"text-align: justify;\">Els nens que presentin polls, <strong>hauran de restar a casa fins que s&#8217;hagi fet el tractament i es verifiqui que ja no en tenen<\/strong>, per tal d&#8217;evitar la propagaci\u00f3.<\/p>\n","protected":false},"excerpt":{"rendered":"<p>Medicaments A l&#8217;escola no es pot donar medicaments a cap alumne en horari escolar. No obstant i si es fa imprescindible per q\u00fcestions hor\u00e0ries, es podran donar sempre que porteu la recepta m\u00e8dica amb la posologia i la pertinent autoritzaci\u00f3 signada. En el cas de febre, l&#8217;escola nom\u00e9s podr\u00e0 administrar paracetamol si la febre supera [&hellip;]<\/p>\n","protected":false},"author":1,"featured_media":0,"parent":693,"menu_order":80,"comment_status":"closed","ping_status":"closed","template":"","meta":{"_bbp_topic_count":0,"_bbp_reply_count":0,"_bbp_total_topic_count":0,"_bbp_total_reply_count":0,"_bbp_voice_count":0,"_bbp_anonymous_reply_count":0,"_bbp_topic_count_hidden":0,"_bbp_reply_count_hidden":0,"_bbp_forum_subforum_count":0,"site-sidebar-layout":"default","site-content-layout":"","ast-site-content-layout":"default","site-content-style":"default","site-sidebar-style":"default","ast-global-header-display":"","ast-banner-title-visibility":"","ast-main-header-display":"","ast-hfb-above-header-display":"","ast-hfb-below-header-display":"","ast-hfb-mobile-header-display":"","site-post-title":"","ast-breadcrumbs-content":"","ast-featured-img":"","footer-sml-layout":"","theme-transparent-header-meta":"","adv-header-id-meta":"","stick-header-meta":"","header-above-stick-meta":"","header-main-stick-meta":"","header-below-stick-meta":"","astra-migrate-meta-layouts":"set","ast-page-background-enabled":"default","ast-page-background-meta":{"desktop":{"background-color":"var(--ast-global-color-4)","background-image":"","background-repeat":"repeat","background-position":"center center","background-size":"auto","background-attachment":"scroll","background-type":"","background-media":"","overlay-type":"","overlay-color":"","overlay-opacity":"","overlay-gradient":""},"tablet":{"background-color":"","background-image":"","background-repeat":"repeat","background-position":"center center","background-size":"auto","background-attachment":"scroll","background-type":"","background-media":"","overlay-type":"","overlay-color":"","overlay-opacity":"","overlay-gradient":""},"mobile":{"background-color":"","background-image":"","background-repeat":"repeat","background-position":"center center","background-size":"auto","background-attachment":"scroll","background-type":"","background-media":"","overlay-type":"","overlay-color":"","overlay-opacity":"","overlay-gradient":""}},"ast-content-background-meta":{"desktop":{"background-color":"var(--ast-global-color-5)","background-image":"","background-repeat":"repeat","background-position":"center center","background-size":"auto","background-attachment":"scroll","background-type":"","background-media":"","overlay-type":"","overlay-color":"","overlay-opacity":"","overlay-gradient":""},"tablet":{"background-color":"var(--ast-global-color-5)","background-image":"","background-repeat":"repeat","background-position":"center center","background-size":"auto","background-attachment":"scroll","background-type":"","background-media":"","overlay-type":"","overlay-color":"","overlay-opacity":"","overlay-gradient":""},"mobile":{"background-color":"var(--ast-global-color-5)","background-image":"","background-repeat":"repeat","background-position":"center center","background-size":"auto","background-attachment":"scroll","background-type":"","background-media":"","overlay-type":"","overlay-color":"","overlay-opacity":"","overlay-gradient":""}},"footnotes":""},"class_list":["post-38","page","type-page","status-publish","hentry"],"post_mailing_queue_ids":[],"_links":{"self":[{"href":"https:\/\/agora.xtec.cat\/ceiplesmimoses\/wp-json\/wp\/v2\/pages\/38","targetHints":{"allow":["GET"]}}],"collection":[{"href":"https:\/\/agora.xtec.cat\/ceiplesmimoses\/wp-json\/wp\/v2\/pages"}],"about":[{"href":"https:\/\/agora.xtec.cat\/ceiplesmimoses\/wp-json\/wp\/v2\/types\/page"}],"author":[{"embeddable":true,"href":"https:\/\/agora.xtec.cat\/ceiplesmimoses\/wp-json\/wp\/v2\/users\/1"}],"replies":[{"embeddable":true,"href":"https:\/\/agora.xtec.cat\/ceiplesmimoses\/wp-json\/wp\/v2\/comments?post=38"}],"version-history":[{"count":6,"href":"https:\/\/agora.xtec.cat\/ceiplesmimoses\/wp-json\/wp\/v2\/pages\/38\/revisions"}],"predecessor-version":[{"id":11211,"href":"https:\/\/agora.xtec.cat\/ceiplesmimoses\/wp-json\/wp\/v2\/pages\/38\/revisions\/11211"}],"up":[{"embeddable":true,"href":"https:\/\/agora.xtec.cat\/ceiplesmimoses\/wp-json\/wp\/v2\/pages\/693"}],"wp:attachment":[{"href":"https:\/\/agora.xtec.cat\/ceiplesmimoses\/wp-json\/wp\/v2\/media?parent=38"}],"curies":[{"name":"wp","href":"https:\/\/api.w.org\/{rel}","templated":true}]}}