{"id":34,"date":"2014-09-18T12:32:18","date_gmt":"2014-09-18T11:32:18","guid":{"rendered":"http:\/\/agora.xtec.cat\/ceiplesmimoses\/?page_id=34"},"modified":"2026-01-19T16:03:21","modified_gmt":"2026-01-19T15:03:21","slug":"oferta-educativa","status":"publish","type":"page","link":"https:\/\/agora.xtec.cat\/ceiplesmimoses\/lescola\/oferta-educativa\/","title":{"rendered":"Oferta educativa"},"content":{"rendered":"<ul>\n<li>\u00a0L&#8217;escola \u00e9s de <strong>titularitat p\u00fablica<\/strong> i ofereix educaci\u00f3 des de P3 fins a 6\u00e8 de prim\u00e0ria.<\/li>\n<li>Una vegada al mes disposem de Servei d&#8217;Atenci\u00f3 Psicopedag\u00f2gica per part de<strong> l&#8217;EAP.<\/strong><\/li>\n<li>Els nostres alumnes en finalitzar l&#8217;Educaci\u00f3 Prim\u00e0ria, estan adscrits a l&#8217;Institut d&#8217;Ensenyament Secundari &#8220;Alba del Vall\u00e8s&#8221; de Sant Fost de Campsentelles.<\/li>\n<\/ul>\n<p><a href=\"https:\/\/agora.xtec.cat\/ceiplesmimoses\/wp-content\/uploads\/usu1435\/2022\/08\/Oferta-Educativa-1.jpg\"><img loading=\"lazy\" decoding=\"async\" class=\"aligncenter  wp-image-8542\" src=\"https:\/\/agora.xtec.cat\/ceiplesmimoses\/wp-content\/uploads\/usu1435\/2022\/08\/Oferta-Educativa-1-1024x1024.jpg\" alt=\"\" width=\"448\" height=\"448\" srcset=\"https:\/\/agora.xtec.cat\/ceiplesmimoses\/wp-content\/uploads\/usu1435\/2022\/08\/Oferta-Educativa-1-1024x1024.jpg 1024w, https:\/\/agora.xtec.cat\/ceiplesmimoses\/wp-content\/uploads\/usu1435\/2022\/08\/Oferta-Educativa-1-300x300.jpg 300w, https:\/\/agora.xtec.cat\/ceiplesmimoses\/wp-content\/uploads\/usu1435\/2022\/08\/Oferta-Educativa-1-150x150.jpg 150w, https:\/\/agora.xtec.cat\/ceiplesmimoses\/wp-content\/uploads\/usu1435\/2022\/08\/Oferta-Educativa-1-768x768.jpg 768w, https:\/\/agora.xtec.cat\/ceiplesmimoses\/wp-content\/uploads\/usu1435\/2022\/08\/Oferta-Educativa-1.jpg 1080w\" sizes=\"auto, (max-width: 448px) 100vw, 448px\" \/><\/a><\/p>\n<table style=\"border-collapse: collapse; width: 100%;\">\n<tbody>\n<tr>\n<td style=\"width: 50%;\"><a href=\"https:\/\/agora.xtec.cat\/ceiplesmimoses\/wp-content\/uploads\/usu1435\/2022\/02\/1.jpg\"><img loading=\"lazy\" decoding=\"async\" class=\"aligncenter size-large wp-image-7734\" src=\"https:\/\/agora.xtec.cat\/ceiplesmimoses\/wp-content\/uploads\/usu1435\/2022\/02\/1-1024x1024.jpg\" alt=\"\" width=\"1024\" height=\"1024\" srcset=\"https:\/\/agora.xtec.cat\/ceiplesmimoses\/wp-content\/uploads\/usu1435\/2022\/02\/1-1024x1024.jpg 1024w, https:\/\/agora.xtec.cat\/ceiplesmimoses\/wp-content\/uploads\/usu1435\/2022\/02\/1-300x300.jpg 300w, https:\/\/agora.xtec.cat\/ceiplesmimoses\/wp-content\/uploads\/usu1435\/2022\/02\/1-150x150.jpg 150w, https:\/\/agora.xtec.cat\/ceiplesmimoses\/wp-content\/uploads\/usu1435\/2022\/02\/1-768x768.jpg 768w, https:\/\/agora.xtec.cat\/ceiplesmimoses\/wp-content\/uploads\/usu1435\/2022\/02\/1.jpg 1080w\" sizes=\"auto, (max-width: 1024px) 100vw, 1024px\" \/><\/a><\/td>\n<td style=\"width: 50%;\"><a href=\"https:\/\/agora.xtec.cat\/ceiplesmimoses\/wp-content\/uploads\/usu1435\/2022\/02\/2.jpg\"><img loading=\"lazy\" decoding=\"async\" class=\"aligncenter size-large wp-image-7733\" src=\"https:\/\/agora.xtec.cat\/ceiplesmimoses\/wp-content\/uploads\/usu1435\/2022\/02\/2-1024x1024.jpg\" alt=\"\" width=\"1024\" height=\"1024\" srcset=\"https:\/\/agora.xtec.cat\/ceiplesmimoses\/wp-content\/uploads\/usu1435\/2022\/02\/2-1024x1024.jpg 1024w, https:\/\/agora.xtec.cat\/ceiplesmimoses\/wp-content\/uploads\/usu1435\/2022\/02\/2-300x300.jpg 300w, https:\/\/agora.xtec.cat\/ceiplesmimoses\/wp-content\/uploads\/usu1435\/2022\/02\/2-150x150.jpg 150w, https:\/\/agora.xtec.cat\/ceiplesmimoses\/wp-content\/uploads\/usu1435\/2022\/02\/2-768x768.jpg 768w, https:\/\/agora.xtec.cat\/ceiplesmimoses\/wp-content\/uploads\/usu1435\/2022\/02\/2.jpg 1080w\" sizes=\"auto, (max-width: 1024px) 100vw, 1024px\" \/><\/a><\/td>\n<\/tr>\n<\/tbody>\n<\/table>\n","protected":false},"excerpt":{"rendered":"<p>\u00a0L&#8217;escola \u00e9s de titularitat p\u00fablica i ofereix educaci\u00f3 des de P3 fins a 6\u00e8 de prim\u00e0ria. Una vegada al mes disposem de Servei d&#8217;Atenci\u00f3 Psicopedag\u00f2gica per part de l&#8217;EAP. Els nostres alumnes en finalitzar l&#8217;Educaci\u00f3 Prim\u00e0ria, estan adscrits a l&#8217;Institut d&#8217;Ensenyament Secundari &#8220;Alba del Vall\u00e8s&#8221; de Sant Fost de Campsentelles.<\/p>\n","protected":false},"author":1,"featured_media":0,"parent":693,"menu_order":60,"comment_status":"closed","ping_status":"closed","template":"","meta":{"_bbp_topic_count":0,"_bbp_reply_count":0,"_bbp_total_topic_count":0,"_bbp_total_reply_count":0,"_bbp_voice_count":0,"_bbp_anonymous_reply_count":0,"_bbp_topic_count_hidden":0,"_bbp_reply_count_hidden":0,"_bbp_forum_subforum_count":0,"site-sidebar-layout":"default","site-content-layout":"","ast-site-content-layout":"default","site-content-style":"default","site-sidebar-style":"default","ast-global-header-display":"","ast-banner-title-visibility":"","ast-main-header-display":"","ast-hfb-above-header-display":"","ast-hfb-below-header-display":"","ast-hfb-mobile-header-display":"","site-post-title":"","ast-breadcrumbs-content":"","ast-featured-img":"","footer-sml-layout":"","theme-transparent-header-meta":"","adv-header-id-meta":"","stick-header-meta":"","header-above-stick-meta":"","header-main-stick-meta":"","header-below-stick-meta":"","astra-migrate-meta-layouts":"set","ast-page-background-enabled":"default","ast-page-background-meta":{"desktop":{"background-color":"var(--ast-global-color-4)","background-image":"","background-repeat":"repeat","background-position":"center center","background-size":"auto","background-attachment":"scroll","background-type":"","background-media":"","overlay-type":"","overlay-color":"","overlay-opacity":"","overlay-gradient":""},"tablet":{"background-color":"","background-image":"","background-repeat":"repeat","background-position":"center center","background-size":"auto","background-attachment":"scroll","background-type":"","background-media":"","overlay-type":"","overlay-color":"","overlay-opacity":"","overlay-gradient":""},"mobile":{"background-color":"","background-image":"","background-repeat":"repeat","background-position":"center center","background-size":"auto","background-attachment":"scroll","background-type":"","background-media":"","overlay-type":"","overlay-color":"","overlay-opacity":"","overlay-gradient":""}},"ast-content-background-meta":{"desktop":{"background-color":"var(--ast-global-color-5)","background-image":"","background-repeat":"repeat","background-position":"center center","background-size":"auto","background-attachment":"scroll","background-type":"","background-media":"","overlay-type":"","overlay-color":"","overlay-opacity":"","overlay-gradient":""},"tablet":{"background-color":"var(--ast-global-color-5)","background-image":"","background-repeat":"repeat","background-position":"center center","background-size":"auto","background-attachment":"scroll","background-type":"","background-media":"","overlay-type":"","overlay-color":"","overlay-opacity":"","overlay-gradient":""},"mobile":{"background-color":"var(--ast-global-color-5)","background-image":"","background-repeat":"repeat","background-position":"center center","background-size":"auto","background-attachment":"scroll","background-type":"","background-media":"","overlay-type":"","overlay-color":"","overlay-opacity":"","overlay-gradient":""}},"footnotes":""},"class_list":["post-34","page","type-page","status-publish","hentry"],"post_mailing_queue_ids":[],"_links":{"self":[{"href":"https:\/\/agora.xtec.cat\/ceiplesmimoses\/wp-json\/wp\/v2\/pages\/34","targetHints":{"allow":["GET"]}}],"collection":[{"href":"https:\/\/agora.xtec.cat\/ceiplesmimoses\/wp-json\/wp\/v2\/pages"}],"about":[{"href":"https:\/\/agora.xtec.cat\/ceiplesmimoses\/wp-json\/wp\/v2\/types\/page"}],"author":[{"embeddable":true,"href":"https:\/\/agora.xtec.cat\/ceiplesmimoses\/wp-json\/wp\/v2\/users\/1"}],"replies":[{"embeddable":true,"href":"https:\/\/agora.xtec.cat\/ceiplesmimoses\/wp-json\/wp\/v2\/comments?post=34"}],"version-history":[{"count":3,"href":"https:\/\/agora.xtec.cat\/ceiplesmimoses\/wp-json\/wp\/v2\/pages\/34\/revisions"}],"predecessor-version":[{"id":11209,"href":"https:\/\/agora.xtec.cat\/ceiplesmimoses\/wp-json\/wp\/v2\/pages\/34\/revisions\/11209"}],"up":[{"embeddable":true,"href":"https:\/\/agora.xtec.cat\/ceiplesmimoses\/wp-json\/wp\/v2\/pages\/693"}],"wp:attachment":[{"href":"https:\/\/agora.xtec.cat\/ceiplesmimoses\/wp-json\/wp\/v2\/media?parent=34"}],"curies":[{"name":"wp","href":"https:\/\/api.w.org\/{rel}","templated":true}]}}

<ul>
<li> L&#8217;escola és de <strong>titularitat pública</strong> i ofereix educació des de P3 fins a 6è de primària.</li>
<li>Una vegada al mes disposem de Servei d&#8217;Atenció Psicopedagògica per part de<strong> l&#8217;EAP.</strong></li>
<li>Els nostres alumnes en finalitzar l&#8217;Educació Primària, estan adscrits a l&#8217;Institut d&#8217;Ensenyament Secundari &#8220;Alba del Vallès&#8221; de Sant Fost de Campsentelles.</li>
</ul>
<p><a href="https://agora.xtec.cat/ceiplesmimoses/wp-content/uploads/usu1435/2022/08/Oferta-Educativa-1.jpg"><img loading="lazy" decoding="async" class="aligncenter  wp-image-8542" src="https://agora.xtec.cat/ceiplesmimoses/wp-content/uploads/usu1435/2022/08/Oferta-Educativa-1-1024x1024.jpg" alt="" width="448" height="448" srcset="https://agora.xtec.cat/ceiplesmimoses/wp-content/uploads/usu1435/2022/08/Oferta-Educativa-1-1024x1024.jpg 1024w, https://agora.xtec.cat/ceiplesmimoses/wp-content/uploads/usu1435/2022/08/Oferta-Educativa-1-300x300.jpg 300w, https://agora.xtec.cat/ceiplesmimoses/wp-content/uploads/usu1435/2022/08/Oferta-Educativa-1-150x150.jpg 150w, https://agora.xtec.cat/ceiplesmimoses/wp-content/uploads/usu1435/2022/08/Oferta-Educativa-1-768x768.jpg 768w, https://agora.xtec.cat/ceiplesmimoses/wp-content/uploads/usu1435/2022/08/Oferta-Educativa-1.jpg 1080w" sizes="auto, (max-width: 448px) 100vw, 448px" /></a></p>
<table style="border-collapse: collapse; width: 100%;">
<tbody>
<tr>
<td style="width: 50%;"><a href="https://agora.xtec.cat/ceiplesmimoses/wp-content/uploads/usu1435/2022/02/1.jpg"><img loading="lazy" decoding="async" class="aligncenter size-large wp-image-7734" src="https://agora.xtec.cat/ceiplesmimoses/wp-content/uploads/usu1435/2022/02/1-1024x1024.jpg" alt="" width="1024" height="1024" srcset="https://agora.xtec.cat/ceiplesmimoses/wp-content/uploads/usu1435/2022/02/1-1024x1024.jpg 1024w, https://agora.xtec.cat/ceiplesmimoses/wp-content/uploads/usu1435/2022/02/1-300x300.jpg 300w, https://agora.xtec.cat/ceiplesmimoses/wp-content/uploads/usu1435/2022/02/1-150x150.jpg 150w, https://agora.xtec.cat/ceiplesmimoses/wp-content/uploads/usu1435/2022/02/1-768x768.jpg 768w, https://agora.xtec.cat/ceiplesmimoses/wp-content/uploads/usu1435/2022/02/1.jpg 1080w" sizes="auto, (max-width: 1024px) 100vw, 1024px" /></a></td>
<td style="width: 50%;"><a href="https://agora.xtec.cat/ceiplesmimoses/wp-content/uploads/usu1435/2022/02/2.jpg"><img loading="lazy" decoding="async" class="aligncenter size-large wp-image-7733" src="https://agora.xtec.cat/ceiplesmimoses/wp-content/uploads/usu1435/2022/02/2-1024x1024.jpg" alt="" width="1024" height="1024" srcset="https://agora.xtec.cat/ceiplesmimoses/wp-content/uploads/usu1435/2022/02/2-1024x1024.jpg 1024w, https://agora.xtec.cat/ceiplesmimoses/wp-content/uploads/usu1435/2022/02/2-300x300.jpg 300w, https://agora.xtec.cat/ceiplesmimoses/wp-content/uploads/usu1435/2022/02/2-150x150.jpg 150w, https://agora.xtec.cat/ceiplesmimoses/wp-content/uploads/usu1435/2022/02/2-768x768.jpg 768w, https://agora.xtec.cat/ceiplesmimoses/wp-content/uploads/usu1435/2022/02/2.jpg 1080w" sizes="auto, (max-width: 1024px) 100vw, 1024px" /></a></td>
</tr>
</tbody>
</table>

<p> L&#8217;escola és de titularitat pública i ofereix educació des de P3 fins a 6è de primària. Una vegada al mes disposem de Servei d&#8217;Atenció Psicopedagògica per part de l&#8217;EAP. Els nostres alumnes en finalitzar l&#8217;Educació Primària, estan adscrits a l&#8217;Institut d&#8217;Ensenyament Secundari &#8220;Alba del Vallès&#8221; de Sant Fost de Campsentelles.</p>
