{"id":28,"date":"2014-09-18T12:29:35","date_gmt":"2014-09-18T11:29:35","guid":{"rendered":"http:\/\/agora.xtec.cat\/ceiplesmimoses\/?page_id=28"},"modified":"2026-01-30T15:50:27","modified_gmt":"2026-01-30T14:50:27","slug":"consell-escolar","status":"publish","type":"page","link":"https:\/\/agora.xtec.cat\/ceiplesmimoses\/lescola\/consell-escolar\/","title":{"rendered":"Consell escolar"},"content":{"rendered":"<ul>\n<li style=\"text-align: justify;\"><strong>Consell Escolar<br \/>\n<\/strong>\u00c9s qui pren els acords i les decisions que marquen el funcionament general de l\u2019escola. Hi ha representants de les fam\u00edlies, dels mestres, de l\u2019AMPA, de l\u2019Ajuntament i del personal no docent. Corresponen al consell escolar les funcions establertes a la Llei 12\/2009, de 10 de juliol, d\u2019educaci\u00f3.<\/li>\n<li style=\"text-align: justify;\"><strong>Participaci\u00f3 de les fam\u00edlies <\/strong>Els pares i mares formen part de la din\u00e0mica de l\u2019escola participant activament en el proc\u00e9s educatiu dels seus fills a trav\u00e9s del Consell Escolar, de l\u2019AMPA i sobretot amb el contacte peri\u00f2dic amb els\/les mestres dels seus fills i filles.<\/li>\n<li style=\"text-align: justify;\"><strong>Funcions del consell escolar dels centres p\u00fablics:<\/strong><br \/>\na) Aprovar el projecte educatiu i les modificacions corresponents per una majoria de tres cinquenes parts dels membres.<br \/>\nb) Aprovar la programaci\u00f3 general anual del centre i avaluar-ne el desenvolupament i els resultats.<br \/>\nc) Aprovar les propostes d\u2019acords de co-responsabilitat, convenis i altres acords de col\u00b7\u0097col\u00b7laboraci\u00f3 del centre amb entitats o institucions.<br \/>\nd) Aprovar les normes d\u2019organitzaci\u00f3 i funcionament i les modificacions corresponents.<br \/>\ne) Aprovar la carta de comprom\u00eds educatiu.<br \/>\nf) Aprovar el pressupost del centre i el rendiment de comptes.<br \/>\ng) Intervenir en el procediment d\u2019admissi\u00f3 d\u2019alumnes.<br \/>\nh) Participar en el procediment de selecci\u00f3 i en la proposta de cessament del director o directora.<br \/>\ni) Intervenir en la resoluci\u00f3 dels conflictes i, si escau, revisar les sancions als alumnes.<br \/>\nj) Aprovar les directrius per a la programaci\u00f3 d\u2019activitats escolars complement\u00e0ries i d\u2019activitats extraescolars, i avaluar-ne el desenvolupament.<br \/>\nk) Participar en les an\u00e0lisis i les avaluacions del funcionament general del centre i con\u00e8ixer l\u2019evoluci\u00f3 del rendiment escolar.<br \/>\nl) Aprovar els criteris de col\u00b7laboraci\u00f3 amb altres centres i amb l\u2019entorn.<br \/>\nm) Qualsevol altra que li sigui atribu\u00efda per les normes legals o reglament\u00e0ries.<\/li>\n<li>Resums i acords dels diversos Consells Escolars:\n<ul>\n<li>CURS 21-22\n<ul>\n<li><a href=\"https:\/\/agora.xtec.cat\/ceiplesmimoses\/wp-content\/uploads\/usu1435\/2024\/07\/RESUM-DEL-CONSELL-ESCOLAR-Data-04042022.jpg\">4 d&#8217;abril del 2022<\/a><\/li>\n<li><a href=\"https:\/\/agora.xtec.cat\/ceiplesmimoses\/wp-content\/uploads\/usu1435\/2024\/07\/CE-290622.jpg\">29 de juny de 2022<\/a><\/li>\n<\/ul>\n<\/li>\n<li>CURS 22-23\n<ul>\n<li><a href=\"https:\/\/agora.xtec.cat\/ceiplesmimoses\/wp-content\/uploads\/usu1435\/2024\/07\/CE-6_10_22.jpg\">6 d&#8217;octubre de 2022<\/a><\/li>\n<li><a href=\"https:\/\/agora.xtec.cat\/ceiplesmimoses\/wp-content\/uploads\/usu1435\/2024\/07\/CE-31_01_23.jpg\">31 de gener de 2023<\/a><\/li>\n<li><a href=\"https:\/\/agora.xtec.cat\/ceiplesmimoses\/wp-content\/uploads\/usu1435\/2024\/07\/CE-03072023.jpg\">3 de juliol de 2023<\/a><\/li>\n<\/ul>\n<\/li>\n<li>CURS 23-24\n<ul>\n<li><a href=\"https:\/\/agora.xtec.cat\/ceiplesmimoses\/wp-content\/uploads\/usu1435\/2024\/07\/CE-04_10_23.jpg\">4 d&#8217;octubre de 2023<\/a><\/li>\n<li><a href=\"https:\/\/agora.xtec.cat\/ceiplesmimoses\/wp-content\/uploads\/usu1435\/2024\/07\/CE-04_12_23.jpg\">4 de desembre del 2023<\/a><\/li>\n<li><a href=\"https:\/\/agora.xtec.cat\/ceiplesmimoses\/wp-content\/uploads\/usu1435\/2024\/07\/CE-24_01_24.jpg\">24 de gener de 2024<\/a><\/li>\n<li><a href=\"https:\/\/agora.xtec.cat\/ceiplesmimoses\/wp-content\/uploads\/usu1435\/2024\/07\/CEE-18_03_24.jpg\">18 de mar\u00e7 de 2024<\/a><\/li>\n<li><a href=\"https:\/\/agora.xtec.cat\/ceiplesmimoses\/wp-content\/uploads\/usu1435\/2024\/07\/CE-250624.jpg\">25 de juny de 2024<\/a><\/li>\n<\/ul>\n<\/li>\n<li>CURS 24-25\n<ul>\n<li><a href=\"https:\/\/agora.xtec.cat\/ceiplesmimoses\/wp-content\/uploads\/usu1435\/2024\/10\/CE-101024.pdf\">10 d&#8217;octubre de 2024<\/a><\/li>\n<li><a href=\"https:\/\/agora.xtec.cat\/ceiplesmimoses\/wp-content\/uploads\/usu1435\/2025\/02\/CE-250624.pdf\">30 de gener de 2025<\/a><\/li>\n<li><a href=\"https:\/\/agora.xtec.cat\/ceiplesmimoses\/wp-content\/uploads\/usu1435\/2025\/05\/CE-250624.pdf\">18 de mar\u00e7 de 2025<\/a><\/li>\n<li><a href=\"https:\/\/agora.xtec.cat\/ceiplesmimoses\/wp-content\/uploads\/usu1435\/2025\/05\/CE-270525.jpg\">27 de maig de 2025<\/a><\/li>\n<li><a href=\"https:\/\/agora.xtec.cat\/ceiplesmimoses\/wp-content\/uploads\/usu1435\/2025\/07\/CE-270525.jpg\">1 de juliol de 2025<\/a><\/li>\n<\/ul>\n<\/li>\n<li>CURS 25-26\n<ul>\n<li><a href=\"https:\/\/agora.xtec.cat\/ceiplesmimoses\/wp-content\/uploads\/usu1435\/2025\/10\/CE-141025.jpg\">14 d&#8217;octubre de 2025<\/a><\/li>\n<li><a href=\"https:\/\/agora.xtec.cat\/ceiplesmimoses\/wp-content\/uploads\/usu1435\/2025\/12\/CE-141025.pdf\">2 de desembre de 2025<\/a><\/li>\n<li><a href=\"https:\/\/agora.xtec.cat\/ceiplesmimoses\/wp-content\/uploads\/usu1435\/2026\/01\/CE-20012026.jpg\">20 de gener de 2026<\/a><\/li>\n<\/ul>\n<\/li>\n<\/ul>\n<\/li>\n<\/ul>\n","protected":false},"excerpt":{"rendered":"<p>Consell Escolar \u00c9s qui pren els acords i les decisions que marquen el funcionament general de l\u2019escola. Hi ha representants de les fam\u00edlies, dels mestres, de l\u2019AMPA, de l\u2019Ajuntament i del personal no docent. Corresponen al consell escolar les funcions establertes a la Llei 12\/2009, de 10 de juliol, d\u2019educaci\u00f3. Participaci\u00f3 de les fam\u00edlies Els [&hellip;]<\/p>\n","protected":false},"author":1,"featured_media":0,"parent":693,"menu_order":30,"comment_status":"closed","ping_status":"closed","template":"","meta":{"_bbp_topic_count":0,"_bbp_reply_count":0,"_bbp_total_topic_count":0,"_bbp_total_reply_count":0,"_bbp_voice_count":0,"_bbp_anonymous_reply_count":0,"_bbp_topic_count_hidden":0,"_bbp_reply_count_hidden":0,"_bbp_forum_subforum_count":0,"site-sidebar-layout":"default","site-content-layout":"","ast-site-content-layout":"default","site-content-style":"default","site-sidebar-style":"default","ast-global-header-display":"","ast-banner-title-visibility":"","ast-main-header-display":"","ast-hfb-above-header-display":"","ast-hfb-below-header-display":"","ast-hfb-mobile-header-display":"","site-post-title":"","ast-breadcrumbs-content":"","ast-featured-img":"","footer-sml-layout":"","theme-transparent-header-meta":"","adv-header-id-meta":"","stick-header-meta":"","header-above-stick-meta":"","header-main-stick-meta":"","header-below-stick-meta":"","astra-migrate-meta-layouts":"set","ast-page-background-enabled":"default","ast-page-background-meta":{"desktop":{"background-color":"var(--ast-global-color-4)","background-image":"","background-repeat":"repeat","background-position":"center center","background-size":"auto","background-attachment":"scroll","background-type":"","background-media":"","overlay-type":"","overlay-color":"","overlay-opacity":"","overlay-gradient":""},"tablet":{"background-color":"","background-image":"","background-repeat":"repeat","background-position":"center center","background-size":"auto","background-attachment":"scroll","background-type":"","background-media":"","overlay-type":"","overlay-color":"","overlay-opacity":"","overlay-gradient":""},"mobile":{"background-color":"","background-image":"","background-repeat":"repeat","background-position":"center center","background-size":"auto","background-attachment":"scroll","background-type":"","background-media":"","overlay-type":"","overlay-color":"","overlay-opacity":"","overlay-gradient":""}},"ast-content-background-meta":{"desktop":{"background-color":"var(--ast-global-color-5)","background-image":"","background-repeat":"repeat","background-position":"center center","background-size":"auto","background-attachment":"scroll","background-type":"","background-media":"","overlay-type":"","overlay-color":"","overlay-opacity":"","overlay-gradient":""},"tablet":{"background-color":"var(--ast-global-color-5)","background-image":"","background-repeat":"repeat","background-position":"center center","background-size":"auto","background-attachment":"scroll","background-type":"","background-media":"","overlay-type":"","overlay-color":"","overlay-opacity":"","overlay-gradient":""},"mobile":{"background-color":"var(--ast-global-color-5)","background-image":"","background-repeat":"repeat","background-position":"center center","background-size":"auto","background-attachment":"scroll","background-type":"","background-media":"","overlay-type":"","overlay-color":"","overlay-opacity":"","overlay-gradient":""}},"footnotes":""},"class_list":["post-28","page","type-page","status-publish","hentry"],"post_mailing_queue_ids":[],"_links":{"self":[{"href":"https:\/\/agora.xtec.cat\/ceiplesmimoses\/wp-json\/wp\/v2\/pages\/28","targetHints":{"allow":["GET"]}}],"collection":[{"href":"https:\/\/agora.xtec.cat\/ceiplesmimoses\/wp-json\/wp\/v2\/pages"}],"about":[{"href":"https:\/\/agora.xtec.cat\/ceiplesmimoses\/wp-json\/wp\/v2\/types\/page"}],"author":[{"embeddable":true,"href":"https:\/\/agora.xtec.cat\/ceiplesmimoses\/wp-json\/wp\/v2\/users\/1"}],"replies":[{"embeddable":true,"href":"https:\/\/agora.xtec.cat\/ceiplesmimoses\/wp-json\/wp\/v2\/comments?post=28"}],"version-history":[{"count":6,"href":"https:\/\/agora.xtec.cat\/ceiplesmimoses\/wp-json\/wp\/v2\/pages\/28\/revisions"}],"predecessor-version":[{"id":11482,"href":"https:\/\/agora.xtec.cat\/ceiplesmimoses\/wp-json\/wp\/v2\/pages\/28\/revisions\/11482"}],"up":[{"embeddable":true,"href":"https:\/\/agora.xtec.cat\/ceiplesmimoses\/wp-json\/wp\/v2\/pages\/693"}],"wp:attachment":[{"href":"https:\/\/agora.xtec.cat\/ceiplesmimoses\/wp-json\/wp\/v2\/media?parent=28"}],"curies":[{"name":"wp","href":"https:\/\/api.w.org\/{rel}","templated":true}]}}

<ul>
<li style="text-align: justify;"><strong>Consell Escolar<br />
</strong>És qui pren els acords i les decisions que marquen el funcionament general de l’escola. Hi ha representants de les famílies, dels mestres, de l’AMPA, de l’Ajuntament i del personal no docent. Corresponen al consell escolar les funcions establertes a la Llei 12/2009, de 10 de juliol, d’educació.</li>
<li style="text-align: justify;"><strong>Participació de les famílies </strong>Els pares i mares formen part de la dinàmica de l’escola participant activament en el procés educatiu dels seus fills a través del Consell Escolar, de l’AMPA i sobretot amb el contacte periòdic amb els/les mestres dels seus fills i filles.</li>
<li style="text-align: justify;"><strong>Funcions del consell escolar dels centres públics:</strong><br />
a) Aprovar el projecte educatiu i les modificacions corresponents per una majoria de tres cinquenes parts dels membres.<br />
b) Aprovar la programació general anual del centre i avaluar-ne el desenvolupament i els resultats.<br />
c) Aprovar les propostes d’acords de co-responsabilitat, convenis i altres acords de col·col·laboració del centre amb entitats o institucions.<br />
d) Aprovar les normes d’organització i funcionament i les modificacions corresponents.<br />
e) Aprovar la carta de compromís educatiu.<br />
f) Aprovar el pressupost del centre i el rendiment de comptes.<br />
g) Intervenir en el procediment d’admissió d’alumnes.<br />
h) Participar en el procediment de selecció i en la proposta de cessament del director o directora.<br />
i) Intervenir en la resolució dels conflictes i, si escau, revisar les sancions als alumnes.<br />
j) Aprovar les directrius per a la programació d’activitats escolars complementàries i d’activitats extraescolars, i avaluar-ne el desenvolupament.<br />
k) Participar en les anàlisis i les avaluacions del funcionament general del centre i conèixer l’evolució del rendiment escolar.<br />
l) Aprovar els criteris de col·laboració amb altres centres i amb l’entorn.<br />
m) Qualsevol altra que li sigui atribuïda per les normes legals o reglamentàries.</li>
<li>Resums i acords dels diversos Consells Escolars:
<ul>
<li>CURS 21-22
<ul>
<li><a href="https://agora.xtec.cat/ceiplesmimoses/wp-content/uploads/usu1435/2024/07/RESUM-DEL-CONSELL-ESCOLAR-Data-04042022.jpg">4 d&#8217;abril del 2022</a></li>
<li><a href="https://agora.xtec.cat/ceiplesmimoses/wp-content/uploads/usu1435/2024/07/CE-290622.jpg">29 de juny de 2022</a></li>
</ul>
</li>
<li>CURS 22-23
<ul>
<li><a href="https://agora.xtec.cat/ceiplesmimoses/wp-content/uploads/usu1435/2024/07/CE-6_10_22.jpg">6 d&#8217;octubre de 2022</a></li>
<li><a href="https://agora.xtec.cat/ceiplesmimoses/wp-content/uploads/usu1435/2024/07/CE-31_01_23.jpg">31 de gener de 2023</a></li>
<li><a href="https://agora.xtec.cat/ceiplesmimoses/wp-content/uploads/usu1435/2024/07/CE-03072023.jpg">3 de juliol de 2023</a></li>
</ul>
</li>
<li>CURS 23-24
<ul>
<li><a href="https://agora.xtec.cat/ceiplesmimoses/wp-content/uploads/usu1435/2024/07/CE-04_10_23.jpg">4 d&#8217;octubre de 2023</a></li>
<li><a href="https://agora.xtec.cat/ceiplesmimoses/wp-content/uploads/usu1435/2024/07/CE-04_12_23.jpg">4 de desembre del 2023</a></li>
<li><a href="https://agora.xtec.cat/ceiplesmimoses/wp-content/uploads/usu1435/2024/07/CE-24_01_24.jpg">24 de gener de 2024</a></li>
<li><a href="https://agora.xtec.cat/ceiplesmimoses/wp-content/uploads/usu1435/2024/07/CEE-18_03_24.jpg">18 de març de 2024</a></li>
<li><a href="https://agora.xtec.cat/ceiplesmimoses/wp-content/uploads/usu1435/2024/07/CE-250624.jpg">25 de juny de 2024</a></li>
</ul>
</li>
<li>CURS 24-25
<ul>
<li><a href="https://agora.xtec.cat/ceiplesmimoses/wp-content/uploads/usu1435/2024/10/CE-101024.pdf">10 d&#8217;octubre de 2024</a></li>
<li><a href="https://agora.xtec.cat/ceiplesmimoses/wp-content/uploads/usu1435/2025/02/CE-250624.pdf">30 de gener de 2025</a></li>
<li><a href="https://agora.xtec.cat/ceiplesmimoses/wp-content/uploads/usu1435/2025/05/CE-250624.pdf">18 de març de 2025</a></li>
<li><a href="https://agora.xtec.cat/ceiplesmimoses/wp-content/uploads/usu1435/2025/05/CE-270525.jpg">27 de maig de 2025</a></li>
<li><a href="https://agora.xtec.cat/ceiplesmimoses/wp-content/uploads/usu1435/2025/07/CE-270525.jpg">1 de juliol de 2025</a></li>
</ul>
</li>
<li>CURS 25-26
<ul>
<li><a href="https://agora.xtec.cat/ceiplesmimoses/wp-content/uploads/usu1435/2025/10/CE-141025.jpg">14 d&#8217;octubre de 2025</a></li>
<li><a href="https://agora.xtec.cat/ceiplesmimoses/wp-content/uploads/usu1435/2025/12/CE-141025.pdf">2 de desembre de 2025</a></li>
<li><a href="https://agora.xtec.cat/ceiplesmimoses/wp-content/uploads/usu1435/2026/01/CE-20012026.jpg">20 de gener de 2026</a></li>
</ul>
</li>
</ul>
</li>
</ul>

<p>Consell Escolar És qui pren els acords i les decisions que marquen el funcionament general de l’escola. Hi ha representants de les famílies, dels mestres, de l’AMPA, de l’Ajuntament i del personal no docent. Corresponen al consell escolar les funcions establertes a la Llei 12/2009, de 10 de juliol, d’educació. Participació de les famílies Els [&hellip;]</p>
