{"id":879,"date":"2022-02-09T13:02:58","date_gmt":"2022-02-09T12:02:58","guid":{"rendered":"https:\/\/agora.xtec.cat\/ceiplesfonts\/?page_id=879"},"modified":"2022-02-09T15:05:37","modified_gmt":"2022-02-09T14:05:37","slug":"projecte-educatiu","status":"publish","type":"page","link":"https:\/\/agora.xtec.cat\/ceiplesfonts\/projecte-educatiu\/projecte-educatiu\/","title":{"rendered":"Projecte educatiu"},"content":{"rendered":"<p>&nbsp;<\/p>\n<p>L\u2019<b>escola Les Fonts<\/b><span style=\"font-weight: 400;\">\u00a0som una escola que entenem l\u2019educaci\u00f3 com una tasca i responsabilitat compartida fam\u00edlia-escola i entorn, amb el comprom\u00eds de mestres, pares i mares i, amb l\u2019esfor\u00e7 dels alumnes per aprendre.\u00a0<\/span><\/p>\n<p><span style=\"font-weight: 400;\">Compartim un Projecte Educatiu, basat en uns principis a partir dels quals es desenvolupa el proc\u00e9s d\u2019ensenyament aprenentatge:\u00a0<\/span><\/p>\n<ul>\n<li style=\"font-weight: 400;\" aria-level=\"1\"><span style=\"font-weight: 400;\">Escola p\u00fablica, depenent del Departament d\u2019Ensenyament de la Generalitat de Catalunya, i com a tal, laica i aconfessional, oberta i plural.\u00a0<\/span><\/li>\n<li style=\"font-weight: 400;\" aria-level=\"1\"><span style=\"font-weight: 400;\">Escola catalana, arrelada al medi.\u00a0<\/span><\/li>\n<li style=\"font-weight: 400;\" aria-level=\"1\"><span style=\"font-weight: 400;\">Escola inclusiva, que at\u00e9n a la diversitat.<\/span><\/li>\n<li style=\"font-weight: 400;\" aria-level=\"1\"><span style=\"font-weight: 400;\">Escola plural i democr\u00e0tica, que parteix de la no discriminaci\u00f3 per cap ra\u00f3, ja sigui religiosa, de g\u00e8nere, econ\u00f2mica o cultural, tot fomentant els valors de la societat en la que estem immersos.\u00a0<\/span><\/li>\n<li style=\"font-weight: 400;\" aria-level=\"1\"><span style=\"font-weight: 400;\">Escola solidaria i tolerant, socialitzadora, i dialogant.\u00a0<\/span><\/li>\n<li style=\"font-weight: 400;\" aria-level=\"1\"><span style=\"font-weight: 400;\">Escola d\u2019educaci\u00f3 integral, cercant el desenvolupament de la personalitat mitjan\u00e7ant una educaci\u00f3 des de tots els aspectes de la formaci\u00f3: intel\u00b7lectual, art\u00edstica, f\u00edsica, psicol\u00f2gica i l\u00fadica.\u00a0<\/span><\/li>\n<li style=\"font-weight: 400;\" aria-level=\"1\"><span style=\"font-weight: 400;\">Escola innovadora, que pret\u00e9n incorporar en l\u2019acci\u00f3 educativa aquelles millores que esdevenen amb els nous coneixements i les noves tecnologies, a trav\u00e9s del treball en equip i de la formaci\u00f3.\u00a0<\/span><\/li>\n<li style=\"font-weight: 400;\" aria-level=\"1\"><span style=\"font-weight: 400;\">Escola verda, fomentant la sostenibilitat i el respecte al medi ambient\u00a0<\/span><\/li>\n<\/ul>\n<p><strong>VALORS: <\/strong><span style=\"font-family: inherit; font-size: 1em;\">L\u2019<\/span><b style=\"font-family: inherit; font-size: 1em;\">escola Les Fonts <\/b><span style=\"font-family: inherit; font-size: 1em;\">volem transmetre els seg\u00fcents valors:<\/span><\/p>\n<ul>\n<li><span style=\"font-weight: 400;\">Valors personals: Responsabilitat, esfor\u00e7, esperit cr\u00edtic, inter\u00e8s pel treball ben fet, respecte, autonomia, autoestima, comprom\u00eds amb els acords,&#8230;.<\/span><\/li>\n<li><span style=\"font-weight: 400;\">Valors de centre: Inclusi\u00f3, cohesi\u00f3, participaci\u00f3, cooperaci\u00f3, comprom\u00eds social, igualtat, confidencialitat , innovaci\u00f3 i canvi, transpar\u00e8ncia i honestedat,&#8230;.<\/span><\/li>\n<li>Valors orientats a l\u2019entorn social: respecte pel medi ambient i l\u2019entorn, sostenibilitat, cultura de la Pau i la democr\u00e0cia, solidaritat, di\u00e0leg, respecte pels drets individuals i col\u00b7lectius, pluralitat, toler\u00e0ncia, i coresponsabilitat de tota la comunitat educativa en la tasca educativa.<\/li>\n<\/ul>\n<p><strong>VISI\u00d3: <\/strong><span style=\"font-weight: 400;\">L\u2019<b>escola Les Fonts <\/b>\u00e9<\/span><span style=\"font-weight: 400;\">s un centre que apr\u00e8n i ensenya, assolint les compet\u00e8ncies b\u00e0siques per part de l&#8217;alumnat, esdevenint un centre amb prestigi institucional i social, cercant la implicaci\u00f3 i el comprom\u00eds, aix\u00ed com la satisfacci\u00f3 individual i col\u00b7lectiva de tota la comunitat.\u00a0<\/span><\/p>\n<p><span style=\"font-weight: 400;\">El nostre Projecte Educatiu t\u00e9 com a objectiu la formaci\u00f3 integral dels infants com a persones. Treballem perqu\u00e8 en acabar l\u2019etapa de Prim\u00e0ria els alumnes a<\/span><span style=\"font-weight: 400;\">ssoleixen l\u2019autonomia pr\u00f2pia de la seva edat, d<\/span><span style=\"font-weight: 400;\">isposin dels coneixements i dels recursos per continuar aprenent i t<\/span><span style=\"font-weight: 400;\">inguin un comportament d\u2019acord amb valors \u00e8tics i socials.<\/span><\/p>\n<p><a href=\"https:\/\/agora.xtec.cat\/ceiplesfonts\/wp-content\/uploads\/usu2928\/2022\/02\/VOLEM-FORMAR-PERSONES.png\"><img loading=\"lazy\" decoding=\"async\" class=\"wp-image-848 aligncenter\" src=\"https:\/\/agora.xtec.cat\/ceiplesfonts\/wp-content\/uploads\/usu2928\/2022\/02\/VOLEM-FORMAR-PERSONES.png\" alt=\"\" width=\"446\" height=\"362\" srcset=\"https:\/\/agora.xtec.cat\/ceiplesfonts\/wp-content\/uploads\/usu2928\/2022\/02\/VOLEM-FORMAR-PERSONES.png 495w, https:\/\/agora.xtec.cat\/ceiplesfonts\/wp-content\/uploads\/usu2928\/2022\/02\/VOLEM-FORMAR-PERSONES-300x243.png 300w\" sizes=\"auto, (max-width: 446px) 100vw, 446px\" \/><\/a><\/p>\n<p>&nbsp;<\/p>\n<p>&nbsp;<\/p>\n","protected":false},"excerpt":{"rendered":"<p>&nbsp;<br \/>\nL\u2019escola Les Fonts\u00a0som una escola que entenem l\u2019educaci\u00f3 com una tasca i responsabilitat compartida fam\u00edlia-escola i entorn, amb el comprom\u00eds de mestres, pares i mares i, amb l\u2019esfor\u00e7 dels alumnes per aprendre.\u00a0<br \/>\nCompartim un Projecte Educatiu, basat en uns principis a partir dels quals es desenvolupa&hellip;  <a href=\"https:\/\/agora.xtec.cat\/ceiplesfonts\/projecte-educatiu\/projecte-educatiu\/\" title=\"Read Projecte educatiu\">Llegeix m\u00e9s\u00bb<\/a><\/p>\n","protected":false},"author":1,"featured_media":0,"parent":64,"menu_order":1,"comment_status":"closed","ping_status":"closed","template":"page-templates\/side-menu.php","meta":{"_bbp_topic_count":0,"_bbp_reply_count":0,"_bbp_total_topic_count":0,"_bbp_total_reply_count":0,"_bbp_voice_count":0,"_bbp_anonymous_reply_count":0,"_bbp_topic_count_hidden":0,"_bbp_reply_count_hidden":0,"_bbp_forum_subforum_count":0,"footnotes":""},"class_list":["post-879","page","type-page","status-publish","hentry"],"post_mailing_queue_ids":[],"_links":{"self":[{"href":"https:\/\/agora.xtec.cat\/ceiplesfonts\/wp-json\/wp\/v2\/pages\/879","targetHints":{"allow":["GET"]}}],"collection":[{"href":"https:\/\/agora.xtec.cat\/ceiplesfonts\/wp-json\/wp\/v2\/pages"}],"about":[{"href":"https:\/\/agora.xtec.cat\/ceiplesfonts\/wp-json\/wp\/v2\/types\/page"}],"author":[{"embeddable":true,"href":"https:\/\/agora.xtec.cat\/ceiplesfonts\/wp-json\/wp\/v2\/users\/1"}],"replies":[{"embeddable":true,"href":"https:\/\/agora.xtec.cat\/ceiplesfonts\/wp-json\/wp\/v2\/comments?post=879"}],"version-history":[{"count":1,"href":"https:\/\/agora.xtec.cat\/ceiplesfonts\/wp-json\/wp\/v2\/pages\/879\/revisions"}],"predecessor-version":[{"id":880,"href":"https:\/\/agora.xtec.cat\/ceiplesfonts\/wp-json\/wp\/v2\/pages\/879\/revisions\/880"}],"up":[{"embeddable":true,"href":"https:\/\/agora.xtec.cat\/ceiplesfonts\/wp-json\/wp\/v2\/pages\/64"}],"wp:attachment":[{"href":"https:\/\/agora.xtec.cat\/ceiplesfonts\/wp-json\/wp\/v2\/media?parent=879"}],"curies":[{"name":"wp","href":"https:\/\/api.w.org\/{rel}","templated":true}]}}

<p>&nbsp;</p>
<p>L’<b>escola Les Fonts</b><span style="font-weight: 400;"> som una escola que entenem l’educació com una tasca i responsabilitat compartida família-escola i entorn, amb el compromís de mestres, pares i mares i, amb l’esforç dels alumnes per aprendre. </span></p>
<p><span style="font-weight: 400;">Compartim un Projecte Educatiu, basat en uns principis a partir dels quals es desenvolupa el procés d’ensenyament aprenentatge: </span></p>
<ul>
<li style="font-weight: 400;" aria-level="1"><span style="font-weight: 400;">Escola pública, depenent del Departament d’Ensenyament de la Generalitat de Catalunya, i com a tal, laica i aconfessional, oberta i plural. </span></li>
<li style="font-weight: 400;" aria-level="1"><span style="font-weight: 400;">Escola catalana, arrelada al medi. </span></li>
<li style="font-weight: 400;" aria-level="1"><span style="font-weight: 400;">Escola inclusiva, que atén a la diversitat.</span></li>
<li style="font-weight: 400;" aria-level="1"><span style="font-weight: 400;">Escola plural i democràtica, que parteix de la no discriminació per cap raó, ja sigui religiosa, de gènere, econòmica o cultural, tot fomentant els valors de la societat en la que estem immersos. </span></li>
<li style="font-weight: 400;" aria-level="1"><span style="font-weight: 400;">Escola solidaria i tolerant, socialitzadora, i dialogant. </span></li>
<li style="font-weight: 400;" aria-level="1"><span style="font-weight: 400;">Escola d’educació integral, cercant el desenvolupament de la personalitat mitjançant una educació des de tots els aspectes de la formació: intel·lectual, artística, física, psicològica i lúdica. </span></li>
<li style="font-weight: 400;" aria-level="1"><span style="font-weight: 400;">Escola innovadora, que pretén incorporar en l’acció educativa aquelles millores que esdevenen amb els nous coneixements i les noves tecnologies, a través del treball en equip i de la formació. </span></li>
<li style="font-weight: 400;" aria-level="1"><span style="font-weight: 400;">Escola verda, fomentant la sostenibilitat i el respecte al medi ambient </span></li>
</ul>
<p><strong>VALORS: </strong><span style="font-family: inherit; font-size: 1em;">L’</span><b style="font-family: inherit; font-size: 1em;">escola Les Fonts </b><span style="font-family: inherit; font-size: 1em;">volem transmetre els següents valors:</span></p>
<ul>
<li><span style="font-weight: 400;">Valors personals: Responsabilitat, esforç, esperit crític, interès pel treball ben fet, respecte, autonomia, autoestima, compromís amb els acords,&#8230;.</span></li>
<li><span style="font-weight: 400;">Valors de centre: Inclusió, cohesió, participació, cooperació, compromís social, igualtat, confidencialitat , innovació i canvi, transparència i honestedat,&#8230;.</span></li>
<li>Valors orientats a l’entorn social: respecte pel medi ambient i l’entorn, sostenibilitat, cultura de la Pau i la democràcia, solidaritat, diàleg, respecte pels drets individuals i col·lectius, pluralitat, tolerància, i coresponsabilitat de tota la comunitat educativa en la tasca educativa.</li>
</ul>
<p><strong>VISIÓ: </strong><span style="font-weight: 400;">L’<b>escola Les Fonts </b>é</span><span style="font-weight: 400;">s un centre que aprèn i ensenya, assolint les competències bàsiques per part de l&#8217;alumnat, esdevenint un centre amb prestigi institucional i social, cercant la implicació i el compromís, així com la satisfacció individual i col·lectiva de tota la comunitat. </span></p>
<p><span style="font-weight: 400;">El nostre Projecte Educatiu té com a objectiu la formació integral dels infants com a persones. Treballem perquè en acabar l’etapa de Primària els alumnes a</span><span style="font-weight: 400;">ssoleixen l’autonomia pròpia de la seva edat, d</span><span style="font-weight: 400;">isposin dels coneixements i dels recursos per continuar aprenent i t</span><span style="font-weight: 400;">inguin un comportament d’acord amb valors ètics i socials.</span></p>
<p><a href="https://agora.xtec.cat/ceiplesfonts/wp-content/uploads/usu2928/2022/02/VOLEM-FORMAR-PERSONES.png"><img loading="lazy" decoding="async" class="wp-image-848 aligncenter" src="https://agora.xtec.cat/ceiplesfonts/wp-content/uploads/usu2928/2022/02/VOLEM-FORMAR-PERSONES.png" alt="" width="446" height="362" srcset="https://agora.xtec.cat/ceiplesfonts/wp-content/uploads/usu2928/2022/02/VOLEM-FORMAR-PERSONES.png 495w, https://agora.xtec.cat/ceiplesfonts/wp-content/uploads/usu2928/2022/02/VOLEM-FORMAR-PERSONES-300x243.png 300w" sizes="auto, (max-width: 446px) 100vw, 446px" /></a></p>
<p>&nbsp;</p>
<p>&nbsp;</p>

<p>&nbsp;<br />
L’escola Les Fonts som una escola que entenem l’educació com una tasca i responsabilitat compartida família-escola i entorn, amb el compromís de mestres, pares i mares i, amb l’esforç dels alumnes per aprendre. <br />
Compartim un Projecte Educatiu, basat en uns principis a partir dels quals es desenvolupa&hellip;  <a href="https://agora.xtec.cat/ceiplesfonts/projecte-educatiu/projecte-educatiu/" title="Read Projecte educatiu">Llegeix més»</a></p>
