{"id":867,"date":"2022-02-08T12:04:56","date_gmt":"2022-02-08T11:04:56","guid":{"rendered":"https:\/\/agora.xtec.cat\/ceiplesfonts\/?page_id=867"},"modified":"2025-03-17T11:07:18","modified_gmt":"2025-03-17T10:07:18","slug":"pla-destrategia-digital-de-centre","status":"publish","type":"page","link":"https:\/\/agora.xtec.cat\/ceiplesfonts\/projecte-educatiu\/pla-destrategia-digital-de-centre\/","title":{"rendered":"Pla d&#8217;Estrat\u00e8gia Digital de Centre"},"content":{"rendered":"<p><span style=\"font-weight: 400;\">Compromesos amb la prioritat establerta pel Departament d\u2019Educaci\u00f3 hem de definir una estrat\u00e8gia pr\u00f2pia del centre per posar en funcionament entorns virtuals d\u2019aprenentatge, concretar el curr\u00edculum de les diferents \u00e0rees en el marc digital, definir les compet\u00e8ncies digitals dels alumnes en acabar l\u2019etapa de prim\u00e0ria i ajudar els docents a disposar de la seva compet\u00e8ncia.<\/span><\/p>\n<p>Per saber-ne m\u00e9s, clica a la imatge per redirigir-te a la web digital.<\/p>\n<p><span style=\"font-weight: 400;\"><a href=\"https:\/\/sites.google.com\/xtec.cat\/escolalesfonts\/presentaci%C3%B3-de-ledc\"><img loading=\"lazy\" decoding=\"async\" class=\"aligncenter size-full wp-image-2287\" src=\"https:\/\/agora.xtec.cat\/ceiplesfonts\/wp-content\/uploads\/usu2928\/2023\/12\/edc.png\" alt=\"\" width=\"961\" height=\"271\" srcset=\"https:\/\/agora.xtec.cat\/ceiplesfonts\/wp-content\/uploads\/usu2928\/2023\/12\/edc.png 961w, https:\/\/agora.xtec.cat\/ceiplesfonts\/wp-content\/uploads\/usu2928\/2023\/12\/edc-300x85.png 300w, https:\/\/agora.xtec.cat\/ceiplesfonts\/wp-content\/uploads\/usu2928\/2023\/12\/edc-768x217.png 768w\" sizes=\"auto, (max-width: 961px) 100vw, 961px\" \/><\/a><\/span><\/p>\n","protected":false},"excerpt":{"rendered":"<p>Compromesos amb la prioritat establerta pel Departament d\u2019Educaci\u00f3 hem de definir una estrat\u00e8gia pr\u00f2pia del centre per posar en funcionament entorns virtuals d\u2019aprenentatge, concretar el curr\u00edculum de les diferents \u00e0rees en el marc digital, definir les compet\u00e8ncies digitals dels alumnes en acabar l\u2019etapa de prim\u00e0ria&hellip;  <a href=\"https:\/\/agora.xtec.cat\/ceiplesfonts\/projecte-educatiu\/pla-destrategia-digital-de-centre\/\" title=\"Read Pla d&#8217;Estrat\u00e8gia Digital de Centre\">Llegeix m\u00e9s\u00bb<\/a><\/p>\n","protected":false},"author":1,"featured_media":0,"parent":64,"menu_order":2,"comment_status":"closed","ping_status":"closed","template":"page-templates\/side-menu.php","meta":{"_bbp_topic_count":0,"_bbp_reply_count":0,"_bbp_total_topic_count":0,"_bbp_total_reply_count":0,"_bbp_voice_count":0,"_bbp_anonymous_reply_count":0,"_bbp_topic_count_hidden":0,"_bbp_reply_count_hidden":0,"_bbp_forum_subforum_count":0,"footnotes":""},"class_list":["post-867","page","type-page","status-publish","hentry"],"post_mailing_queue_ids":[],"_links":{"self":[{"href":"https:\/\/agora.xtec.cat\/ceiplesfonts\/wp-json\/wp\/v2\/pages\/867","targetHints":{"allow":["GET"]}}],"collection":[{"href":"https:\/\/agora.xtec.cat\/ceiplesfonts\/wp-json\/wp\/v2\/pages"}],"about":[{"href":"https:\/\/agora.xtec.cat\/ceiplesfonts\/wp-json\/wp\/v2\/types\/page"}],"author":[{"embeddable":true,"href":"https:\/\/agora.xtec.cat\/ceiplesfonts\/wp-json\/wp\/v2\/users\/1"}],"replies":[{"embeddable":true,"href":"https:\/\/agora.xtec.cat\/ceiplesfonts\/wp-json\/wp\/v2\/comments?post=867"}],"version-history":[{"count":4,"href":"https:\/\/agora.xtec.cat\/ceiplesfonts\/wp-json\/wp\/v2\/pages\/867\/revisions"}],"predecessor-version":[{"id":2997,"href":"https:\/\/agora.xtec.cat\/ceiplesfonts\/wp-json\/wp\/v2\/pages\/867\/revisions\/2997"}],"up":[{"embeddable":true,"href":"https:\/\/agora.xtec.cat\/ceiplesfonts\/wp-json\/wp\/v2\/pages\/64"}],"wp:attachment":[{"href":"https:\/\/agora.xtec.cat\/ceiplesfonts\/wp-json\/wp\/v2\/media?parent=867"}],"curies":[{"name":"wp","href":"https:\/\/api.w.org\/{rel}","templated":true}]}}

Pla d&#8217;Estratègia Digital de Centre

<p><span style="font-weight: 400;">Compromesos amb la prioritat establerta pel Departament d’Educació hem de definir una estratègia pròpia del centre per posar en funcionament entorns virtuals d’aprenentatge, concretar el currículum de les diferents àrees en el marc digital, definir les competències digitals dels alumnes en acabar l’etapa de primària i ajudar els docents a disposar de la seva competència.</span></p>
<p>Per saber-ne més, clica a la imatge per redirigir-te a la web digital.</p>
<p><span style="font-weight: 400;"><a href="https://sites.google.com/xtec.cat/escolalesfonts/presentaci%C3%B3-de-ledc"><img loading="lazy" decoding="async" class="aligncenter size-full wp-image-2287" src="https://agora.xtec.cat/ceiplesfonts/wp-content/uploads/usu2928/2023/12/edc.png" alt="" width="961" height="271" srcset="https://agora.xtec.cat/ceiplesfonts/wp-content/uploads/usu2928/2023/12/edc.png 961w, https://agora.xtec.cat/ceiplesfonts/wp-content/uploads/usu2928/2023/12/edc-300x85.png 300w, https://agora.xtec.cat/ceiplesfonts/wp-content/uploads/usu2928/2023/12/edc-768x217.png 768w" sizes="auto, (max-width: 961px) 100vw, 961px" /></a></span></p>

<p>Compromesos amb la prioritat establerta pel Departament d’Educació hem de definir una estratègia pròpia del centre per posar en funcionament entorns virtuals d’aprenentatge, concretar el currículum de les diferents àrees en el marc digital, definir les competències digitals dels alumnes en acabar l’etapa de primària&hellip;  <a href="https://agora.xtec.cat/ceiplesfonts/projecte-educatiu/pla-destrategia-digital-de-centre/" title="Read Pla d&#8217;Estratègia Digital de Centre">Llegeix més»</a></p>
