{"id":861,"date":"2022-02-08T10:35:41","date_gmt":"2022-02-08T09:35:41","guid":{"rendered":"https:\/\/agora.xtec.cat\/ceiplesfonts\/?page_id=861"},"modified":"2026-03-02T10:10:19","modified_gmt":"2026-03-02T09:10:19","slug":"programa-dinnovacio-pedagogica-araart","status":"publish","type":"page","link":"https:\/\/agora.xtec.cat\/ceiplesfonts\/projecte-educatiu\/programa-dinnovacio-pedagogica-araart\/","title":{"rendered":"Programa d&#8217;innovaci\u00f3 AraArt"},"content":{"rendered":"<p style=\"text-align: justify;\"><a href=\"https:\/\/agora.xtec.cat\/ceiplesfonts\/wp-content\/uploads\/usu2928\/2022\/02\/Captura-de-pantalla-2022-02-13-a-les-20.09.21.png\"><img loading=\"lazy\" decoding=\"async\" class=\"wp-image-990 alignleft\" src=\"https:\/\/agora.xtec.cat\/ceiplesfonts\/wp-content\/uploads\/usu2928\/2022\/02\/Captura-de-pantalla-2022-02-13-a-les-20.09.21.png\" alt=\"\" width=\"217\" height=\"102\" srcset=\"https:\/\/agora.xtec.cat\/ceiplesfonts\/wp-content\/uploads\/usu2928\/2022\/02\/Captura-de-pantalla-2022-02-13-a-les-20.09.21.png 620w, https:\/\/agora.xtec.cat\/ceiplesfonts\/wp-content\/uploads\/usu2928\/2022\/02\/Captura-de-pantalla-2022-02-13-a-les-20.09.21-300x141.png 300w\" sizes=\"auto, (max-width: 217px) 100vw, 217px\" \/><\/a>T\u00e9 com objectiu potenciar les arts per millorar les capacitats, les compet\u00e8ncies b\u00e0siques de l&#8217;alumnat i contribuir a estructurar el seu pensament. El <strong>4Cordes<\/strong> es va iniciar a Les Fonts el curs 2017-2018 i desde el curs 2020-2021 est\u00e0 tutelat pel programa d&#8217;innovaci\u00f3 pedag\u00f2gica <strong>araArt<\/strong> del <strong>Departament d&#8217;Educaci\u00f3<\/strong> de la Generalitat de Catalunya.<\/p>\n<p style=\"text-align: justify;\">En el\u00a0 projecte <strong>4Cordes<\/strong> els infants de 3r, 4t i 5\u00e8 de prim\u00e0ria aprenen a tocar <strong>el viol\u00ed i el violoncel<\/strong>. Es realitza una sessi\u00f3 setmanal amb cada grup classe.<br \/>\nDurant aquesta sessi\u00f3 setmanal es combinen diferents activitats musicals i d\u2019altres tipus per generar sin\u00e8rgies que contribueixen al canvi social i la cohesi\u00f3. Les activitats es duen a terme amb l\u2019especialista de m\u00fasica i dos professors de la\u00a0<strong>Cooperativa Musicoop<\/strong>, dins l\u2019aula i en horari lectiu. L&#8217;<strong>AFA de l&#8217;escola<\/strong> i <strong>l&#8217;Ajuntament d&#8217;Argentona<\/strong> donen el seu suport per tal de que el projecte sigui una realitat.<\/p>\n<p><a href=\"https:\/\/agora.xtec.cat\/ceiplesfonts\/wp-content\/uploads\/usu2928\/2022\/02\/dofi_i_la_lluna_lesfonts2019.jpeg\"><img loading=\"lazy\" decoding=\"async\" class=\"wp-image-983 aligncenter\" src=\"https:\/\/agora.xtec.cat\/ceiplesfonts\/wp-content\/uploads\/usu2928\/2022\/02\/dofi_i_la_lluna_lesfonts2019-e1644773439118-1024x672.jpeg\" alt=\"\" width=\"683\" height=\"448\" srcset=\"https:\/\/agora.xtec.cat\/ceiplesfonts\/wp-content\/uploads\/usu2928\/2022\/02\/dofi_i_la_lluna_lesfonts2019-e1644773439118-1024x672.jpeg 1024w, https:\/\/agora.xtec.cat\/ceiplesfonts\/wp-content\/uploads\/usu2928\/2022\/02\/dofi_i_la_lluna_lesfonts2019-e1644773439118-300x197.jpeg 300w, https:\/\/agora.xtec.cat\/ceiplesfonts\/wp-content\/uploads\/usu2928\/2022\/02\/dofi_i_la_lluna_lesfonts2019-e1644773439118-768x504.jpeg 768w, https:\/\/agora.xtec.cat\/ceiplesfonts\/wp-content\/uploads\/usu2928\/2022\/02\/dofi_i_la_lluna_lesfonts2019-e1644773439118.jpeg 1097w\" sizes=\"auto, (max-width: 683px) 100vw, 683px\" \/><\/a><\/p>\n<p><strong>-Com l&#8217;educaci\u00f3 art\u00edstica afavoreix la connexi\u00f3 de tots els \u00e0mbits curriculars?<\/strong><\/p>\n<p style=\"text-align: justify;\"><a href=\"https:\/\/agora.xtec.cat\/ceiplesfonts\/wp-content\/uploads\/usu2928\/2026\/03\/Gc2z8rNXsAAIFOB.jpg\"><img loading=\"lazy\" decoding=\"async\" class=\"wp-image-3652 alignleft\" src=\"https:\/\/agora.xtec.cat\/ceiplesfonts\/wp-content\/uploads\/usu2928\/2026\/03\/Gc2z8rNXsAAIFOB-1024x682.jpg\" alt=\"\" width=\"620\" height=\"413\" srcset=\"https:\/\/agora.xtec.cat\/ceiplesfonts\/wp-content\/uploads\/usu2928\/2026\/03\/Gc2z8rNXsAAIFOB-1024x682.jpg 1024w, https:\/\/agora.xtec.cat\/ceiplesfonts\/wp-content\/uploads\/usu2928\/2026\/03\/Gc2z8rNXsAAIFOB-300x200.jpg 300w, https:\/\/agora.xtec.cat\/ceiplesfonts\/wp-content\/uploads\/usu2928\/2026\/03\/Gc2z8rNXsAAIFOB-768x512.jpg 768w, https:\/\/agora.xtec.cat\/ceiplesfonts\/wp-content\/uploads\/usu2928\/2026\/03\/Gc2z8rNXsAAIFOB.jpg 1502w\" sizes=\"auto, (max-width: 620px) 100vw, 620px\" \/><\/a>Tal com ens apropa el curr\u00edculum, l\u2019educaci\u00f3 art\u00edstica t\u00e9 una pres\u00e8ncia constant en l\u2019entorn i en la vida dels alumnes i esdev\u00e9 un espai de relaci\u00f3 en el qual flueixen experi\u00e8ncies, significats, emocions, idees i pensaments. L\u2019educaci\u00f3 art\u00edstica afavoreix l\u2019estructuraci\u00f3 del pensament de l\u2019alumnat en tant que analitza la realitat, ajuda a comprendre i respondre, a sentir i distingir, a pensar i construir.<br \/>\nL\u2019\u00e0rea d\u2019educaci\u00f3 art\u00edstica pret\u00e9n desenvolupar en els infants la percepci\u00f3 i l\u2019expressi\u00f3 est\u00e8tica amb l\u2019objectiu que adquireixin una formaci\u00f3 que els permeti comprendre el m\u00f3n art\u00edstic i cultural, i de manera molt especial els del seu entorn m\u00e9s proper i participar-hi.<br \/>\nEls objectius i els continguts de l\u2019educaci\u00f3 art\u00edstica pretenen que les nenes i els nens adquireixin la capacitat d\u2019interpretar i representar el m\u00f3n: aprendre a percebre, per\u00f2 tamb\u00e9 a produir a partir del coneixement i de la comprensi\u00f3 de si mateix i del seu entorn i a entendre les imatges com una representaci\u00f3 de la realitat.<br \/>\nL\u2019educaci\u00f3 musical per definici\u00f3 \u00e9s una disciplina que abra\u00e7a tots els \u00e0mbits del curr\u00edculum (sobretot fent \u00e8mfasi al propi \u00e0mbit art\u00edstic, aprendre a aprendre i autonomia, iniciativa personal i emprenedoria) essent globalitzadora i socioeducativa. A m\u00e9s a m\u00e9s, la m\u00fasica \u00e9s capa\u00e7 de connectar els dos hemisferis del cervell i activar alhora diferents \u00e0rees d\u2019aquest; generant un efecte positiu en les funcions cognitives.<br \/>\nEl <strong>projecte 4Cordes<\/strong> fomenta la iniciativa, l\u2019esperit cr\u00edtic, la creativitat i el gust per aprendre, sent l\u2019alumnat el protagonista del seu aprenentatge. Tamb\u00e9 desenvolupa les compet\u00e8ncies personals i socials al realitzar diferents activitats on es promou el treball a partir de l\u2019orquestra. L\u2019activitat que es desenvolupa \u00e9s competencial formadora i formativa.<\/p>\n<p><a href=\"https:\/\/agora.xtec.cat\/ceiplesfonts\/wp-content\/uploads\/usu2928\/2022\/02\/LOGO-4-CORDES.png\"><img loading=\"lazy\" decoding=\"async\" class=\"wp-image-986 aligncenter\" src=\"https:\/\/agora.xtec.cat\/ceiplesfonts\/wp-content\/uploads\/usu2928\/2022\/02\/LOGO-4-CORDES-1024x177.png\" alt=\"\" width=\"498\" height=\"86\" srcset=\"https:\/\/agora.xtec.cat\/ceiplesfonts\/wp-content\/uploads\/usu2928\/2022\/02\/LOGO-4-CORDES-1024x177.png 1024w, https:\/\/agora.xtec.cat\/ceiplesfonts\/wp-content\/uploads\/usu2928\/2022\/02\/LOGO-4-CORDES-300x52.png 300w, https:\/\/agora.xtec.cat\/ceiplesfonts\/wp-content\/uploads\/usu2928\/2022\/02\/LOGO-4-CORDES-768x133.png 768w, https:\/\/agora.xtec.cat\/ceiplesfonts\/wp-content\/uploads\/usu2928\/2022\/02\/LOGO-4-CORDES-1536x266.png 1536w, https:\/\/agora.xtec.cat\/ceiplesfonts\/wp-content\/uploads\/usu2928\/2022\/02\/LOGO-4-CORDES-2048x355.png 2048w\" sizes=\"auto, (max-width: 498px) 100vw, 498px\" \/><\/a><\/p>\n<p style=\"text-align: justify;\"><strong>-Com el programa araArt \u00e9s una oportunitat per incloure tots els alumnes i afavorir l\u2019equitat?<\/strong><br \/>\nEl projecte propicia un clima de treball agradable, confortable, positiu, en el qual s\u2019afavoreix que tothom senti que t\u00e9 el seu lloc, totes les idees i propostes siguin escoltades i benvingudes, on puguem aprendre entre tots i vincular el projecte 4cordes dins l\u2019escola i el seu model metodol\u00f2gic i educatiu.<br \/>\nEl <strong>projecte 4cordes<\/strong> pot llegir-se des de tres grans dimensions que ajuden a orientar la practica \u00edntegrament. Pel que fa a la dimensi\u00f3 funcional, es consideren els beneficis de la pr\u00f2pia experi\u00e8ncia est\u00e8tica pel plaer i l\u2019aprentatge que genera. Pel que fa a l\u2019apreciaci\u00f3 simb\u00f2lica, 4cordes t\u00e9 connotacions socials i d\u2019identitat. Finalment, l\u2019esfera emocional inclou les viv\u00e8ncies relacionades amb episodis historics, emotius i personals.<\/p>\n<p style=\"text-align: justify;\"><a href=\"https:\/\/agora.xtec.cat\/ceiplesfonts\/wp-content\/uploads\/usu2928\/2026\/03\/IMG_20260129_121551-2-scaled.jpg\"><img loading=\"lazy\" decoding=\"async\" class=\"wp-image-3653 alignleft\" src=\"https:\/\/agora.xtec.cat\/ceiplesfonts\/wp-content\/uploads\/usu2928\/2026\/03\/IMG_20260129_121551-2-1024x576.jpg\" alt=\"\" width=\"551\" height=\"310\" srcset=\"https:\/\/agora.xtec.cat\/ceiplesfonts\/wp-content\/uploads\/usu2928\/2026\/03\/IMG_20260129_121551-2-1024x576.jpg 1024w, https:\/\/agora.xtec.cat\/ceiplesfonts\/wp-content\/uploads\/usu2928\/2026\/03\/IMG_20260129_121551-2-300x169.jpg 300w, https:\/\/agora.xtec.cat\/ceiplesfonts\/wp-content\/uploads\/usu2928\/2026\/03\/IMG_20260129_121551-2-768x432.jpg 768w, https:\/\/agora.xtec.cat\/ceiplesfonts\/wp-content\/uploads\/usu2928\/2026\/03\/IMG_20260129_121551-2-1536x864.jpg 1536w, https:\/\/agora.xtec.cat\/ceiplesfonts\/wp-content\/uploads\/usu2928\/2026\/03\/IMG_20260129_121551-2-2048x1153.jpg 2048w\" sizes=\"auto, (max-width: 551px) 100vw, 551px\" \/><\/a>El projecte pot descriure segons el seu valor social i educatiu com un component din\u00e0mic que inclou en la seva g\u00e8nesi altres valors que cal considerar:<br \/>\n&#8211; Valor d\u2019exist\u00e8ncia: l\u2019eduaci\u00f3 art\u00edstica \u00e9s un b\u00e9 que beneficia aquells alumnes que participen directament al projecte i a aquells que encara no ho fan, donat que porta impl\u00edcit la construcci\u00f3 d\u2019un horitz\u00f3 lligat a aquesta iniciativa.<br \/>\n&#8211; Valor d\u2019educaci\u00f3 i innovaci\u00f3: t\u00e9 en compte la contribuci\u00f3 de l\u2019art i de la cultura en el desenvolupament estrat\u00e8gic i cognitiu dels alumnes, i fomenta l\u2019esperit cr\u00edtic i creatiu per refor\u00e7ar el capital cultural.<br \/>\n&#8211; Valor de prestigi: participar al 4Cordes acredita i dona reputaci\u00f3 als integrants del projecte, independentment del propi context escolar i del bagatge individual de cadascun dels membres que l\u2019integren.<br \/>\n&#8211; Valor d\u2019identitat i cohesi\u00f3: 4Cordes consolida els vincles afectius i de pertinen\u00e7a dels seus membres i crea una major autoestima col\u00b7lectiva alhora que al seu torn fomenta la cohesi\u00f3 social.<br \/>\nD\u2019altra banda, no nom\u00e9s e\u015b un projecte art\u00edstic sin\u00f3 que basa la seva metodologia en el desenvolupament de les capacitats i habilitats socials, relacionals i comunicatives a partir de l\u2019educaci\u00f3 emocional i la comunicaci\u00f3 no violenta entre els participants i l\u2019equip de professorat.<\/p>\n<p style=\"text-align: justify;\"><strong>-Com el programa araArt millora la conviv\u00e8ncia iel sentiment de comunitat?<\/strong><br \/>\nEs tracta d\u2019incorporar el projecte com a part de l\u2019escola i oferir la possibilitat que hi hagi m\u00e9s relaci\u00f3 entre els centres educatius d\u2019un mateix municipi i els agents socials de l\u2019entorn.<br \/>\nL\u2019escola ha d\u2019afavorir l\u2019acci\u00f3 conjunta de l\u2019educaci\u00f3 de tot l\u2019alumnat amb el recolzament de les seves fam\u00edlies, dels diferents agents socials i\/o entitats, tot fomentant i mantenint la comunicaci\u00f3 en un marc de professionalitat.<br \/>\nEl factor com\u00fa de la comunicaci\u00f3 i participaci\u00f3 presents en la vida de la nostra escola ha de ser el treball en equip, un repte sempre present que vertebra el clima de participaci\u00f3 i de reflexi\u00f3. L\u2019equip hum\u00e0 ha de treballar cohesionat per poder transmetre a la comunitat els valors del respecte vers l\u2019altre, del di\u00e0leg com a forma de relaci\u00f3 i de l\u2019entesa per a prendre decisions col\u00b7lectives.<\/p>\n<p><a href=\"https:\/\/agora.xtec.cat\/ceiplesfonts\/wp-content\/uploads\/usu2928\/2026\/03\/IMG-20251016-WA0016-scaled.jpg\"><img loading=\"lazy\" decoding=\"async\" class=\"wp-image-3654 alignleft\" src=\"https:\/\/agora.xtec.cat\/ceiplesfonts\/wp-content\/uploads\/usu2928\/2026\/03\/IMG-20251016-WA0016-1024x683.jpg\" alt=\"\" width=\"483\" height=\"322\" srcset=\"https:\/\/agora.xtec.cat\/ceiplesfonts\/wp-content\/uploads\/usu2928\/2026\/03\/IMG-20251016-WA0016-1024x683.jpg 1024w, https:\/\/agora.xtec.cat\/ceiplesfonts\/wp-content\/uploads\/usu2928\/2026\/03\/IMG-20251016-WA0016-300x200.jpg 300w, https:\/\/agora.xtec.cat\/ceiplesfonts\/wp-content\/uploads\/usu2928\/2026\/03\/IMG-20251016-WA0016-768x512.jpg 768w, https:\/\/agora.xtec.cat\/ceiplesfonts\/wp-content\/uploads\/usu2928\/2026\/03\/IMG-20251016-WA0016-1536x1024.jpg 1536w, https:\/\/agora.xtec.cat\/ceiplesfonts\/wp-content\/uploads\/usu2928\/2026\/03\/IMG-20251016-WA0016-2048x1365.jpg 2048w\" sizes=\"auto, (max-width: 483px) 100vw, 483px\" \/><\/a><strong>OBJECTIUS 4Cordes<\/strong><br \/>\n1. Oferir nous recursos per abordar les realitats de l&#8217;entorn de nens i joves per mitj\u00e0 de la capacitaci\u00f3 art\u00edstica i l&#8217;empoderament personal.<br \/>\n2. Crear un espai de reflexi\u00f3 personal i foment de l&#8217;esperit cr\u00edtic per a contribuir positivament al creixement i cohesi\u00f3 del grup mitjan\u00e7ant accions de cooperaci\u00f3 i intercanvi d&#8217;experi\u00e8ncies.<br \/>\n3. Fer extensible el proc\u00e9s i el resultat final del projecte en el municipi on es desenvolupa, aix\u00ed com contribuir a la millora de la percepci\u00f3 i projecci\u00f3 p\u00fablica de l&#8217;escola de prim\u00e0ria.<br \/>\n4. Consolidar el projecte als municipis on es desenvolupa i ampliar la xarxa d&#8217;abast del projecte en altres punts geogr\u00e0fics amb la finalitat de possibilitar de forma equitativa la participaci\u00f3 de nenes i nens en un proc\u00e9s de creaci\u00f3 musical comunit\u00e0ria que reforci l&#8217;autoconfian\u00e7a i la identitat col\u00b7lectiva.<\/p>\n<p><a href=\"https:\/\/agora.xtec.cat\/ceiplesfonts\/wp-content\/uploads\/usu2928\/2025\/01\/LOGOS-2025.png\"><img loading=\"lazy\" decoding=\"async\" class=\"aligncenter size-full wp-image-2824\" src=\"https:\/\/agora.xtec.cat\/ceiplesfonts\/wp-content\/uploads\/usu2928\/2025\/01\/LOGOS-2025.png\" alt=\"\" width=\"3572\" height=\"490\" srcset=\"https:\/\/agora.xtec.cat\/ceiplesfonts\/wp-content\/uploads\/usu2928\/2025\/01\/LOGOS-2025.png 3572w, https:\/\/agora.xtec.cat\/ceiplesfonts\/wp-content\/uploads\/usu2928\/2025\/01\/LOGOS-2025-300x41.png 300w, https:\/\/agora.xtec.cat\/ceiplesfonts\/wp-content\/uploads\/usu2928\/2025\/01\/LOGOS-2025-1024x140.png 1024w, https:\/\/agora.xtec.cat\/ceiplesfonts\/wp-content\/uploads\/usu2928\/2025\/01\/LOGOS-2025-768x105.png 768w, https:\/\/agora.xtec.cat\/ceiplesfonts\/wp-content\/uploads\/usu2928\/2025\/01\/LOGOS-2025-1536x211.png 1536w, https:\/\/agora.xtec.cat\/ceiplesfonts\/wp-content\/uploads\/usu2928\/2025\/01\/LOGOS-2025-2048x281.png 2048w\" sizes=\"auto, (max-width: 3572px) 100vw, 3572px\" \/><\/a><\/p>\n","protected":false},"excerpt":{"rendered":"<p><a href=\"https:\/\/agora.xtec.cat\/ceiplesfonts\/wp-content\/uploads\/usu2928\/2022\/02\/Captura-de-pantalla-2022-02-13-a-les-20.09.21.png\"><\/a>T\u00e9 com objectiu potenciar les arts per millorar les capacitats, les compet\u00e8ncies b\u00e0siques de l&#8217;alumnat i contribuir a estructurar el seu pensament. El 4Cordes es va iniciar a Les Fonts el curs 2017-2018 i desde el curs 2020-2021 est\u00e0 tutelat pel programa d&#8217;innovaci\u00f3 pedag\u00f2gica&hellip;  <a href=\"https:\/\/agora.xtec.cat\/ceiplesfonts\/projecte-educatiu\/programa-dinnovacio-pedagogica-araart\/\" title=\"Read Programa d&#8217;innovaci\u00f3 AraArt\">Llegeix m\u00e9s\u00bb<\/a><\/p>\n","protected":false},"author":1,"featured_media":0,"parent":64,"menu_order":9,"comment_status":"closed","ping_status":"closed","template":"page-templates\/side-menu.php","meta":{"_bbp_topic_count":0,"_bbp_reply_count":0,"_bbp_total_topic_count":0,"_bbp_total_reply_count":0,"_bbp_voice_count":0,"_bbp_anonymous_reply_count":0,"_bbp_topic_count_hidden":0,"_bbp_reply_count_hidden":0,"_bbp_forum_subforum_count":0,"footnotes":""},"class_list":["post-861","page","type-page","status-publish","hentry"],"post_mailing_queue_ids":[],"_links":{"self":[{"href":"https:\/\/agora.xtec.cat\/ceiplesfonts\/wp-json\/wp\/v2\/pages\/861","targetHints":{"allow":["GET"]}}],"collection":[{"href":"https:\/\/agora.xtec.cat\/ceiplesfonts\/wp-json\/wp\/v2\/pages"}],"about":[{"href":"https:\/\/agora.xtec.cat\/ceiplesfonts\/wp-json\/wp\/v2\/types\/page"}],"author":[{"embeddable":true,"href":"https:\/\/agora.xtec.cat\/ceiplesfonts\/wp-json\/wp\/v2\/users\/1"}],"replies":[{"embeddable":true,"href":"https:\/\/agora.xtec.cat\/ceiplesfonts\/wp-json\/wp\/v2\/comments?post=861"}],"version-history":[{"count":6,"href":"https:\/\/agora.xtec.cat\/ceiplesfonts\/wp-json\/wp\/v2\/pages\/861\/revisions"}],"predecessor-version":[{"id":3655,"href":"https:\/\/agora.xtec.cat\/ceiplesfonts\/wp-json\/wp\/v2\/pages\/861\/revisions\/3655"}],"up":[{"embeddable":true,"href":"https:\/\/agora.xtec.cat\/ceiplesfonts\/wp-json\/wp\/v2\/pages\/64"}],"wp:attachment":[{"href":"https:\/\/agora.xtec.cat\/ceiplesfonts\/wp-json\/wp\/v2\/media?parent=861"}],"curies":[{"name":"wp","href":"https:\/\/api.w.org\/{rel}","templated":true}]}}