{"id":859,"date":"2022-02-08T10:25:34","date_gmt":"2022-02-08T09:25:34","guid":{"rendered":"https:\/\/agora.xtec.cat\/ceiplesfonts\/?page_id=859"},"modified":"2026-02-09T10:23:00","modified_gmt":"2026-02-09T09:23:00","slug":"projecte-escola-verda","status":"publish","type":"page","link":"https:\/\/agora.xtec.cat\/ceiplesfonts\/projecte-educatiu\/projecte-escola-verda\/","title":{"rendered":"Projecte Escola Verda"},"content":{"rendered":"<p><span style=\"font-weight: 400;\">L&#8217;Escola Les Fonts formem part de la <strong>Xarxa d&#8217;Escoles Verdes<\/strong>, fomentant els h\u00e0bits de sostenibilitat i el respecte per l&#8217;entorn.\u00a0<\/span><\/p>\n<p>&nbsp;<\/p>\n<p><span style=\"font-weight: 400;\">Concretament, al cicle mitj\u00e0 d&#8217;educaci\u00f3 prim\u00e0ria treballem el municipi i la comarca, descobrint la fauna i flora de la zona a partir de sortides a l&#8217;entorn. A 3r, per exemple, anem a la Riera i fem una activitat conjunta d&#8217;Escoles Verdes amb les altres escoles del poble. A 4t fem una sortida descobrint diverses fonts (la Font del Ferro, la Font de l&#8217;Esquirol&#8230;), potenciant el treball cooperatiu i el pensament cient\u00edfic. Tamb\u00e9 pugem fins al Castell de Burriac, treballant l&#8217;orientaci\u00f3 i fomentant els h\u00e0bits saludables.\u00a0<\/span><\/p>\n<p><a href=\"https:\/\/agora.xtec.cat\/ceiplesfonts\/wp-content\/uploads\/usu2928\/2025\/02\/SORTIDA-BURRIAC-2-scaled.jpg\"><img loading=\"lazy\" decoding=\"async\" class=\"aligncenter size-full wp-image-2923\" src=\"https:\/\/agora.xtec.cat\/ceiplesfonts\/wp-content\/uploads\/usu2928\/2025\/02\/SORTIDA-BURRIAC-2-scaled.jpg\" alt=\"\" width=\"2560\" height=\"1920\" srcset=\"https:\/\/agora.xtec.cat\/ceiplesfonts\/wp-content\/uploads\/usu2928\/2025\/02\/SORTIDA-BURRIAC-2-scaled.jpg 2560w, https:\/\/agora.xtec.cat\/ceiplesfonts\/wp-content\/uploads\/usu2928\/2025\/02\/SORTIDA-BURRIAC-2-300x225.jpg 300w, https:\/\/agora.xtec.cat\/ceiplesfonts\/wp-content\/uploads\/usu2928\/2025\/02\/SORTIDA-BURRIAC-2-1024x768.jpg 1024w, https:\/\/agora.xtec.cat\/ceiplesfonts\/wp-content\/uploads\/usu2928\/2025\/02\/SORTIDA-BURRIAC-2-768x576.jpg 768w, https:\/\/agora.xtec.cat\/ceiplesfonts\/wp-content\/uploads\/usu2928\/2025\/02\/SORTIDA-BURRIAC-2-1536x1152.jpg 1536w, https:\/\/agora.xtec.cat\/ceiplesfonts\/wp-content\/uploads\/usu2928\/2025\/02\/SORTIDA-BURRIAC-2-2048x1536.jpg 2048w, https:\/\/agora.xtec.cat\/ceiplesfonts\/wp-content\/uploads\/usu2928\/2025\/02\/SORTIDA-BURRIAC-2-200x150.jpg 200w\" sizes=\"auto, (max-width: 2560px) 100vw, 2560px\" \/><\/a><\/p>\n<p><a href=\"https:\/\/agora.xtec.cat\/ceiplesfonts\/wp-content\/uploads\/usu2928\/2025\/02\/SORTIDA-BURRIAC-scaled.jpg\"><img loading=\"lazy\" decoding=\"async\" class=\"aligncenter size-full wp-image-2924\" src=\"https:\/\/agora.xtec.cat\/ceiplesfonts\/wp-content\/uploads\/usu2928\/2025\/02\/SORTIDA-BURRIAC-scaled.jpg\" alt=\"\" width=\"2560\" height=\"1920\" srcset=\"https:\/\/agora.xtec.cat\/ceiplesfonts\/wp-content\/uploads\/usu2928\/2025\/02\/SORTIDA-BURRIAC-scaled.jpg 2560w, https:\/\/agora.xtec.cat\/ceiplesfonts\/wp-content\/uploads\/usu2928\/2025\/02\/SORTIDA-BURRIAC-300x225.jpg 300w, https:\/\/agora.xtec.cat\/ceiplesfonts\/wp-content\/uploads\/usu2928\/2025\/02\/SORTIDA-BURRIAC-1024x768.jpg 1024w, https:\/\/agora.xtec.cat\/ceiplesfonts\/wp-content\/uploads\/usu2928\/2025\/02\/SORTIDA-BURRIAC-768x576.jpg 768w, https:\/\/agora.xtec.cat\/ceiplesfonts\/wp-content\/uploads\/usu2928\/2025\/02\/SORTIDA-BURRIAC-1536x1152.jpg 1536w, https:\/\/agora.xtec.cat\/ceiplesfonts\/wp-content\/uploads\/usu2928\/2025\/02\/SORTIDA-BURRIAC-2048x1536.jpg 2048w, https:\/\/agora.xtec.cat\/ceiplesfonts\/wp-content\/uploads\/usu2928\/2025\/02\/SORTIDA-BURRIAC-200x150.jpg 200w\" sizes=\"auto, (max-width: 2560px) 100vw, 2560px\" \/><\/a><\/p>\n<p>&nbsp;<\/p>\n<p><span style=\"font-weight: 400;\">Finalment, a l&#8217;escola tenim un hort escolar, gr\u00e0cies al qual els alumnes aprenen el proc\u00e9s de creixement d&#8217;una planta, a cuidar-la i a responsabilitzar-se en aquesta tasca tan important.<\/span><\/p>\n<p><a href=\"https:\/\/agora.xtec.cat\/ceiplesfonts\/wp-content\/uploads\/usu2928\/2025\/02\/MG_2064-scaled.jpg\"><img loading=\"lazy\" decoding=\"async\" class=\"aligncenter size-full wp-image-2948\" src=\"https:\/\/agora.xtec.cat\/ceiplesfonts\/wp-content\/uploads\/usu2928\/2025\/02\/MG_2064-scaled.jpg\" alt=\"\" width=\"2560\" height=\"1707\" srcset=\"https:\/\/agora.xtec.cat\/ceiplesfonts\/wp-content\/uploads\/usu2928\/2025\/02\/MG_2064-scaled.jpg 2560w, https:\/\/agora.xtec.cat\/ceiplesfonts\/wp-content\/uploads\/usu2928\/2025\/02\/MG_2064-300x200.jpg 300w, https:\/\/agora.xtec.cat\/ceiplesfonts\/wp-content\/uploads\/usu2928\/2025\/02\/MG_2064-1024x683.jpg 1024w, https:\/\/agora.xtec.cat\/ceiplesfonts\/wp-content\/uploads\/usu2928\/2025\/02\/MG_2064-768x512.jpg 768w, https:\/\/agora.xtec.cat\/ceiplesfonts\/wp-content\/uploads\/usu2928\/2025\/02\/MG_2064-1536x1024.jpg 1536w, https:\/\/agora.xtec.cat\/ceiplesfonts\/wp-content\/uploads\/usu2928\/2025\/02\/MG_2064-2048x1365.jpg 2048w\" sizes=\"auto, (max-width: 2560px) 100vw, 2560px\" \/><\/a><\/p>\n<p>&nbsp;<\/p>\n<p>&nbsp;<\/p>\n<p><a href=\"https:\/\/agora.xtec.cat\/ceiplesfonts\/wp-content\/uploads\/usu2928\/2025\/02\/logos-escola-verda.png\"><img loading=\"lazy\" decoding=\"async\" class=\"aligncenter wp-image-2957\" src=\"https:\/\/agora.xtec.cat\/ceiplesfonts\/wp-content\/uploads\/usu2928\/2025\/02\/logos-escola-verda.png\" alt=\"\" width=\"753\" height=\"152\" srcset=\"https:\/\/agora.xtec.cat\/ceiplesfonts\/wp-content\/uploads\/usu2928\/2025\/02\/logos-escola-verda.png 723w, https:\/\/agora.xtec.cat\/ceiplesfonts\/wp-content\/uploads\/usu2928\/2025\/02\/logos-escola-verda-300x61.png 300w\" sizes=\"auto, (max-width: 753px) 100vw, 753px\" \/><\/a><\/p>\n","protected":false},"excerpt":{"rendered":"<p>L&#8217;Escola Les Fonts formem part de la Xarxa d&#8217;Escoles Verdes, fomentant els h\u00e0bits de sostenibilitat i el respecte per l&#8217;entorn.\u00a0<br \/>\n&nbsp;<br \/>\nConcretament, al cicle mitj\u00e0 d&#8217;educaci\u00f3 prim\u00e0ria treballem el municipi i la comarca, descobrint la fauna i flora de la zona a partir de sortides a l&#8217;entorn.&hellip;  <a href=\"https:\/\/agora.xtec.cat\/ceiplesfonts\/projecte-educatiu\/projecte-escola-verda\/\" title=\"Read Projecte Escola Verda\">Llegeix m\u00e9s\u00bb<\/a><\/p>\n","protected":false},"author":1,"featured_media":0,"parent":64,"menu_order":8,"comment_status":"closed","ping_status":"closed","template":"page-templates\/side-menu.php","meta":{"_bbp_topic_count":0,"_bbp_reply_count":0,"_bbp_total_topic_count":0,"_bbp_total_reply_count":0,"_bbp_voice_count":0,"_bbp_anonymous_reply_count":0,"_bbp_topic_count_hidden":0,"_bbp_reply_count_hidden":0,"_bbp_forum_subforum_count":0,"footnotes":""},"class_list":["post-859","page","type-page","status-publish","hentry"],"post_mailing_queue_ids":[],"_links":{"self":[{"href":"https:\/\/agora.xtec.cat\/ceiplesfonts\/wp-json\/wp\/v2\/pages\/859","targetHints":{"allow":["GET"]}}],"collection":[{"href":"https:\/\/agora.xtec.cat\/ceiplesfonts\/wp-json\/wp\/v2\/pages"}],"about":[{"href":"https:\/\/agora.xtec.cat\/ceiplesfonts\/wp-json\/wp\/v2\/types\/page"}],"author":[{"embeddable":true,"href":"https:\/\/agora.xtec.cat\/ceiplesfonts\/wp-json\/wp\/v2\/users\/1"}],"replies":[{"embeddable":true,"href":"https:\/\/agora.xtec.cat\/ceiplesfonts\/wp-json\/wp\/v2\/comments?post=859"}],"version-history":[{"count":6,"href":"https:\/\/agora.xtec.cat\/ceiplesfonts\/wp-json\/wp\/v2\/pages\/859\/revisions"}],"predecessor-version":[{"id":3577,"href":"https:\/\/agora.xtec.cat\/ceiplesfonts\/wp-json\/wp\/v2\/pages\/859\/revisions\/3577"}],"up":[{"embeddable":true,"href":"https:\/\/agora.xtec.cat\/ceiplesfonts\/wp-json\/wp\/v2\/pages\/64"}],"wp:attachment":[{"href":"https:\/\/agora.xtec.cat\/ceiplesfonts\/wp-json\/wp\/v2\/media?parent=859"}],"curies":[{"name":"wp","href":"https:\/\/api.w.org\/{rel}","templated":true}]}}

<p><span style="font-weight: 400;">L&#8217;Escola Les Fonts formem part de la <strong>Xarxa d&#8217;Escoles Verdes</strong>, fomentant els hàbits de sostenibilitat i el respecte per l&#8217;entorn. </span></p>
<p>&nbsp;</p>
<p><span style="font-weight: 400;">Concretament, al cicle mitjà d&#8217;educació primària treballem el municipi i la comarca, descobrint la fauna i flora de la zona a partir de sortides a l&#8217;entorn. A 3r, per exemple, anem a la Riera i fem una activitat conjunta d&#8217;Escoles Verdes amb les altres escoles del poble. A 4t fem una sortida descobrint diverses fonts (la Font del Ferro, la Font de l&#8217;Esquirol&#8230;), potenciant el treball cooperatiu i el pensament científic. També pugem fins al Castell de Burriac, treballant l&#8217;orientació i fomentant els hàbits saludables. </span></p>
<p><a href="https://agora.xtec.cat/ceiplesfonts/wp-content/uploads/usu2928/2025/02/SORTIDA-BURRIAC-2-scaled.jpg"><img loading="lazy" decoding="async" class="aligncenter size-full wp-image-2923" src="https://agora.xtec.cat/ceiplesfonts/wp-content/uploads/usu2928/2025/02/SORTIDA-BURRIAC-2-scaled.jpg" alt="" width="2560" height="1920" srcset="https://agora.xtec.cat/ceiplesfonts/wp-content/uploads/usu2928/2025/02/SORTIDA-BURRIAC-2-scaled.jpg 2560w, https://agora.xtec.cat/ceiplesfonts/wp-content/uploads/usu2928/2025/02/SORTIDA-BURRIAC-2-300x225.jpg 300w, https://agora.xtec.cat/ceiplesfonts/wp-content/uploads/usu2928/2025/02/SORTIDA-BURRIAC-2-1024x768.jpg 1024w, https://agora.xtec.cat/ceiplesfonts/wp-content/uploads/usu2928/2025/02/SORTIDA-BURRIAC-2-768x576.jpg 768w, https://agora.xtec.cat/ceiplesfonts/wp-content/uploads/usu2928/2025/02/SORTIDA-BURRIAC-2-1536x1152.jpg 1536w, https://agora.xtec.cat/ceiplesfonts/wp-content/uploads/usu2928/2025/02/SORTIDA-BURRIAC-2-2048x1536.jpg 2048w, https://agora.xtec.cat/ceiplesfonts/wp-content/uploads/usu2928/2025/02/SORTIDA-BURRIAC-2-200x150.jpg 200w" sizes="auto, (max-width: 2560px) 100vw, 2560px" /></a></p>
<p><a href="https://agora.xtec.cat/ceiplesfonts/wp-content/uploads/usu2928/2025/02/SORTIDA-BURRIAC-scaled.jpg"><img loading="lazy" decoding="async" class="aligncenter size-full wp-image-2924" src="https://agora.xtec.cat/ceiplesfonts/wp-content/uploads/usu2928/2025/02/SORTIDA-BURRIAC-scaled.jpg" alt="" width="2560" height="1920" srcset="https://agora.xtec.cat/ceiplesfonts/wp-content/uploads/usu2928/2025/02/SORTIDA-BURRIAC-scaled.jpg 2560w, https://agora.xtec.cat/ceiplesfonts/wp-content/uploads/usu2928/2025/02/SORTIDA-BURRIAC-300x225.jpg 300w, https://agora.xtec.cat/ceiplesfonts/wp-content/uploads/usu2928/2025/02/SORTIDA-BURRIAC-1024x768.jpg 1024w, https://agora.xtec.cat/ceiplesfonts/wp-content/uploads/usu2928/2025/02/SORTIDA-BURRIAC-768x576.jpg 768w, https://agora.xtec.cat/ceiplesfonts/wp-content/uploads/usu2928/2025/02/SORTIDA-BURRIAC-1536x1152.jpg 1536w, https://agora.xtec.cat/ceiplesfonts/wp-content/uploads/usu2928/2025/02/SORTIDA-BURRIAC-2048x1536.jpg 2048w, https://agora.xtec.cat/ceiplesfonts/wp-content/uploads/usu2928/2025/02/SORTIDA-BURRIAC-200x150.jpg 200w" sizes="auto, (max-width: 2560px) 100vw, 2560px" /></a></p>
<p>&nbsp;</p>
<p><span style="font-weight: 400;">Finalment, a l&#8217;escola tenim un hort escolar, gràcies al qual els alumnes aprenen el procés de creixement d&#8217;una planta, a cuidar-la i a responsabilitzar-se en aquesta tasca tan important.</span></p>
<p><a href="https://agora.xtec.cat/ceiplesfonts/wp-content/uploads/usu2928/2025/02/MG_2064-scaled.jpg"><img loading="lazy" decoding="async" class="aligncenter size-full wp-image-2948" src="https://agora.xtec.cat/ceiplesfonts/wp-content/uploads/usu2928/2025/02/MG_2064-scaled.jpg" alt="" width="2560" height="1707" srcset="https://agora.xtec.cat/ceiplesfonts/wp-content/uploads/usu2928/2025/02/MG_2064-scaled.jpg 2560w, https://agora.xtec.cat/ceiplesfonts/wp-content/uploads/usu2928/2025/02/MG_2064-300x200.jpg 300w, https://agora.xtec.cat/ceiplesfonts/wp-content/uploads/usu2928/2025/02/MG_2064-1024x683.jpg 1024w, https://agora.xtec.cat/ceiplesfonts/wp-content/uploads/usu2928/2025/02/MG_2064-768x512.jpg 768w, https://agora.xtec.cat/ceiplesfonts/wp-content/uploads/usu2928/2025/02/MG_2064-1536x1024.jpg 1536w, https://agora.xtec.cat/ceiplesfonts/wp-content/uploads/usu2928/2025/02/MG_2064-2048x1365.jpg 2048w" sizes="auto, (max-width: 2560px) 100vw, 2560px" /></a></p>
<p>&nbsp;</p>
<p>&nbsp;</p>
<p><a href="https://agora.xtec.cat/ceiplesfonts/wp-content/uploads/usu2928/2025/02/logos-escola-verda.png"><img loading="lazy" decoding="async" class="aligncenter wp-image-2957" src="https://agora.xtec.cat/ceiplesfonts/wp-content/uploads/usu2928/2025/02/logos-escola-verda.png" alt="" width="753" height="152" srcset="https://agora.xtec.cat/ceiplesfonts/wp-content/uploads/usu2928/2025/02/logos-escola-verda.png 723w, https://agora.xtec.cat/ceiplesfonts/wp-content/uploads/usu2928/2025/02/logos-escola-verda-300x61.png 300w" sizes="auto, (max-width: 753px) 100vw, 753px" /></a></p>

<p>L&#8217;Escola Les Fonts formem part de la Xarxa d&#8217;Escoles Verdes, fomentant els hàbits de sostenibilitat i el respecte per l&#8217;entorn. <br />
&nbsp;<br />
Concretament, al cicle mitjà d&#8217;educació primària treballem el municipi i la comarca, descobrint la fauna i flora de la zona a partir de sortides a l&#8217;entorn.&hellip;  <a href="https://agora.xtec.cat/ceiplesfonts/projecte-educatiu/projecte-escola-verda/" title="Read Projecte Escola Verda">Llegeix més»</a></p>
