{"id":659,"date":"2022-01-28T12:21:31","date_gmt":"2022-01-28T11:21:31","guid":{"rendered":"https:\/\/agora.xtec.cat\/ceiplesfonts\/?page_id=659"},"modified":"2025-06-28T17:09:08","modified_gmt":"2025-06-28T15:09:08","slug":"fem-dansa","status":"publish","type":"page","link":"https:\/\/agora.xtec.cat\/ceiplesfonts\/projecte-educatiu\/projectes-musicals\/fem-dansa\/","title":{"rendered":"Fem Dansa"},"content":{"rendered":"<p><strong>Fem Dansa<\/strong> \u00e9s un projecte que impulsa la dansa i la m\u00fasica entre els infants del cicle inicial de prim\u00e0ria.<br \/>\nEs treballen danses tradicionals, d&#8217;autor, coreografies de totes les \u00e8poques i estils. Frases de moviment i treball del cos.<br \/>\nLes propostes coreogr\u00e0fiques s\u00f3n obra de la <strong>Factoria Mascar\u00f3<\/strong>, una reconeguda companyia de dansa creada l&#8217;any 1998.<br \/>\nExperimenten noves formes d\u2019expressi\u00f3 del ball, lligant les propostes amb la quotidianitat i la gestualitat d\u2019avui. Conservant les fonts de la dansa popular i tradicional, recerca sense concessions ni complexes i noves propostes de posada en escena.<\/p>\n<p>L\u2019\u00faltim trimestre de curs, tot l\u2019alumnat de <strong>1r i 2n<\/strong> participa en una ballada a l&#8217;aire lliure, oberta a tothom juntament amb la resta d&#8217;escoles del municipi.<\/p>\n<p><iframe loading=\"lazy\" title=\"YouTube video player\" src=\"https:\/\/www.youtube.com\/embed\/gDZ90q8FNTg?si=oqwcZgkl13pbi-T3\" width=\"460\" height=\"275\" frameborder=\"0\" allowfullscreen=\"allowfullscreen\"><\/iframe>. <iframe loading=\"lazy\" title=\"YouTube video player\" src=\"https:\/\/www.youtube.com\/embed\/ogDem8Z0t1c?si=JoRXTVGZLCgt-ZBn\" width=\"460\" height=\"275\" frameborder=\"0\" allowfullscreen=\"allowfullscreen\"><\/iframe><\/p>\n<p><iframe loading=\"lazy\" title=\"YouTube video player\" src=\"https:\/\/www.youtube.com\/embed\/gB0TzkZF8OI?si=KrUu14_VBGWb_xYC\" width=\"460\" height=\"275\" frameborder=\"0\" allowfullscreen=\"allowfullscreen\"><\/iframe>\u00a0 <iframe loading=\"lazy\" title=\"YouTube video player\" src=\"https:\/\/www.youtube.com\/embed\/FPBW2u1EBUQ?si=bcYx-n-IS2M5BhBR\" width=\"460\" height=\"275\" frameborder=\"0\" allowfullscreen=\"allowfullscreen\"><\/iframe><\/p>\n<p><iframe loading=\"lazy\" title=\"YouTube video player\" src=\"https:\/\/www.youtube.com\/embed\/z9YZOwmNDCg\" width=\"460\" height=\"275\" frameborder=\"0\" allowfullscreen=\"allowfullscreen\"><\/iframe>. <iframe loading=\"lazy\" title=\"YouTube video player\" src=\"https:\/\/www.youtube.com\/embed\/u46EfvkNO4E\" width=\"460\" height=\"275\" frameborder=\"0\" allowfullscreen=\"allowfullscreen\"><\/iframe><\/p>\n<p>&nbsp;<\/p>\n<p>Coordinaci\u00f3 del projecte: Servei educatiu de Matar\u00f3.<br \/>\nFormaci\u00f3: Laida Tanco de Factoria Mascar\u00f3<br \/>\nAmb el suport dels l&#8217;Ajuntaments de Matar\u00f3 i Argentona.<\/p>\n<p><a href=\"https:\/\/agora.xtec.cat\/ceiplesfonts\/wp-content\/uploads\/usu2928\/2022\/02\/logos-fem-dansa.png\"><img loading=\"lazy\" decoding=\"async\" class=\"alignnone size-large wp-image-775\" src=\"https:\/\/agora.xtec.cat\/ceiplesfonts\/wp-content\/uploads\/usu2928\/2022\/02\/logos-fem-dansa-1024x149.png\" alt=\"\" width=\"1024\" height=\"149\" srcset=\"https:\/\/agora.xtec.cat\/ceiplesfonts\/wp-content\/uploads\/usu2928\/2022\/02\/logos-fem-dansa-1024x149.png 1024w, https:\/\/agora.xtec.cat\/ceiplesfonts\/wp-content\/uploads\/usu2928\/2022\/02\/logos-fem-dansa-300x44.png 300w, https:\/\/agora.xtec.cat\/ceiplesfonts\/wp-content\/uploads\/usu2928\/2022\/02\/logos-fem-dansa-768x111.png 768w, https:\/\/agora.xtec.cat\/ceiplesfonts\/wp-content\/uploads\/usu2928\/2022\/02\/logos-fem-dansa-1536x223.png 1536w, https:\/\/agora.xtec.cat\/ceiplesfonts\/wp-content\/uploads\/usu2928\/2022\/02\/logos-fem-dansa-2048x297.png 2048w\" sizes=\"auto, (max-width: 1024px) 100vw, 1024px\" \/><\/a><\/p>\n","protected":false},"excerpt":{"rendered":"<p>Fem Dansa \u00e9s un projecte que impulsa la dansa i la m\u00fasica entre els infants del cicle inicial de prim\u00e0ria.<br \/>\nEs treballen danses tradicionals, d&#8217;autor, coreografies de totes les \u00e8poques i estils. Frases de moviment i treball del cos.<br \/>\nLes propostes coreogr\u00e0fiques s\u00f3n obra de la Factoria&hellip;  <a href=\"https:\/\/agora.xtec.cat\/ceiplesfonts\/projecte-educatiu\/projectes-musicals\/fem-dansa\/\" title=\"Read Fem Dansa\">Llegeix m\u00e9s\u00bb<\/a><\/p>\n","protected":false},"author":1,"featured_media":0,"parent":602,"menu_order":0,"comment_status":"closed","ping_status":"closed","template":"page-templates\/side-menu.php","meta":{"_bbp_topic_count":0,"_bbp_reply_count":0,"_bbp_total_topic_count":0,"_bbp_total_reply_count":0,"_bbp_voice_count":0,"_bbp_anonymous_reply_count":0,"_bbp_topic_count_hidden":0,"_bbp_reply_count_hidden":0,"_bbp_forum_subforum_count":0,"footnotes":""},"class_list":["post-659","page","type-page","status-publish","hentry"],"post_mailing_queue_ids":[],"_links":{"self":[{"href":"https:\/\/agora.xtec.cat\/ceiplesfonts\/wp-json\/wp\/v2\/pages\/659","targetHints":{"allow":["GET"]}}],"collection":[{"href":"https:\/\/agora.xtec.cat\/ceiplesfonts\/wp-json\/wp\/v2\/pages"}],"about":[{"href":"https:\/\/agora.xtec.cat\/ceiplesfonts\/wp-json\/wp\/v2\/types\/page"}],"author":[{"embeddable":true,"href":"https:\/\/agora.xtec.cat\/ceiplesfonts\/wp-json\/wp\/v2\/users\/1"}],"replies":[{"embeddable":true,"href":"https:\/\/agora.xtec.cat\/ceiplesfonts\/wp-json\/wp\/v2\/comments?post=659"}],"version-history":[{"count":7,"href":"https:\/\/agora.xtec.cat\/ceiplesfonts\/wp-json\/wp\/v2\/pages\/659\/revisions"}],"predecessor-version":[{"id":3107,"href":"https:\/\/agora.xtec.cat\/ceiplesfonts\/wp-json\/wp\/v2\/pages\/659\/revisions\/3107"}],"up":[{"embeddable":true,"href":"https:\/\/agora.xtec.cat\/ceiplesfonts\/wp-json\/wp\/v2\/pages\/602"}],"wp:attachment":[{"href":"https:\/\/agora.xtec.cat\/ceiplesfonts\/wp-json\/wp\/v2\/media?parent=659"}],"curies":[{"name":"wp","href":"https:\/\/api.w.org\/{rel}","templated":true}]}}

<p><strong>Fem Dansa</strong> és un projecte que impulsa la dansa i la música entre els infants del cicle inicial de primària.<br />
Es treballen danses tradicionals, d&#8217;autor, coreografies de totes les èpoques i estils. Frases de moviment i treball del cos.<br />
Les propostes coreogràfiques són obra de la <strong>Factoria Mascaró</strong>, una reconeguda companyia de dansa creada l&#8217;any 1998.<br />
Experimenten noves formes d’expressió del ball, lligant les propostes amb la quotidianitat i la gestualitat d’avui. Conservant les fonts de la dansa popular i tradicional, recerca sense concessions ni complexes i noves propostes de posada en escena.</p>
<p>L’últim trimestre de curs, tot l’alumnat de <strong>1r i 2n</strong> participa en una ballada a l&#8217;aire lliure, oberta a tothom juntament amb la resta d&#8217;escoles del municipi.</p>
<p><iframe loading="lazy" title="YouTube video player" src="https://www.youtube.com/embed/gDZ90q8FNTg?si=oqwcZgkl13pbi-T3" width="460" height="275" frameborder="0" allowfullscreen="allowfullscreen"></iframe>. <iframe loading="lazy" title="YouTube video player" src="https://www.youtube.com/embed/ogDem8Z0t1c?si=JoRXTVGZLCgt-ZBn" width="460" height="275" frameborder="0" allowfullscreen="allowfullscreen"></iframe></p>
<p><iframe loading="lazy" title="YouTube video player" src="https://www.youtube.com/embed/gB0TzkZF8OI?si=KrUu14_VBGWb_xYC" width="460" height="275" frameborder="0" allowfullscreen="allowfullscreen"></iframe>  <iframe loading="lazy" title="YouTube video player" src="https://www.youtube.com/embed/FPBW2u1EBUQ?si=bcYx-n-IS2M5BhBR" width="460" height="275" frameborder="0" allowfullscreen="allowfullscreen"></iframe></p>
<p><iframe loading="lazy" title="YouTube video player" src="https://www.youtube.com/embed/z9YZOwmNDCg" width="460" height="275" frameborder="0" allowfullscreen="allowfullscreen"></iframe>. <iframe loading="lazy" title="YouTube video player" src="https://www.youtube.com/embed/u46EfvkNO4E" width="460" height="275" frameborder="0" allowfullscreen="allowfullscreen"></iframe></p>
<p>&nbsp;</p>
<p>Coordinació del projecte: Servei educatiu de Mataró.<br />
Formació: Laida Tanco de Factoria Mascaró<br />
Amb el suport dels l&#8217;Ajuntaments de Mataró i Argentona.</p>
<p><a href="https://agora.xtec.cat/ceiplesfonts/wp-content/uploads/usu2928/2022/02/logos-fem-dansa.png"><img loading="lazy" decoding="async" class="alignnone size-large wp-image-775" src="https://agora.xtec.cat/ceiplesfonts/wp-content/uploads/usu2928/2022/02/logos-fem-dansa-1024x149.png" alt="" width="1024" height="149" srcset="https://agora.xtec.cat/ceiplesfonts/wp-content/uploads/usu2928/2022/02/logos-fem-dansa-1024x149.png 1024w, https://agora.xtec.cat/ceiplesfonts/wp-content/uploads/usu2928/2022/02/logos-fem-dansa-300x44.png 300w, https://agora.xtec.cat/ceiplesfonts/wp-content/uploads/usu2928/2022/02/logos-fem-dansa-768x111.png 768w, https://agora.xtec.cat/ceiplesfonts/wp-content/uploads/usu2928/2022/02/logos-fem-dansa-1536x223.png 1536w, https://agora.xtec.cat/ceiplesfonts/wp-content/uploads/usu2928/2022/02/logos-fem-dansa-2048x297.png 2048w" sizes="auto, (max-width: 1024px) 100vw, 1024px" /></a></p>

<p>Fem Dansa és un projecte que impulsa la dansa i la música entre els infants del cicle inicial de primària.<br />
Es treballen danses tradicionals, d&#8217;autor, coreografies de totes les èpoques i estils. Frases de moviment i treball del cos.<br />
Les propostes coreogràfiques són obra de la Factoria&hellip;  <a href="https://agora.xtec.cat/ceiplesfonts/projecte-educatiu/projectes-musicals/fem-dansa/" title="Read Fem Dansa">Llegeix més»</a></p>
