{"id":619,"date":"2022-01-26T21:08:24","date_gmt":"2022-01-26T20:08:24","guid":{"rendered":"https:\/\/agora.xtec.cat\/ceiplesfonts\/?page_id=619"},"modified":"2025-03-17T11:06:01","modified_gmt":"2025-03-17T10:06:01","slug":"videotutorials","status":"publish","type":"page","link":"https:\/\/agora.xtec.cat\/ceiplesfonts\/espai-families\/videotutorials\/","title":{"rendered":"V\u00eddeotutorials"},"content":{"rendered":"<p>A l&#8217;escola utilitzem les eines digitals per avan\u00e7ar en el proc\u00e9s d&#8217;ensenyament\/aprenentatge dels nostres infants. Aqu\u00ed us deixem tutorials i informacions per facilitat-vos l&#8217;acc\u00e9s a aquestes eines.<\/p>\n<ul>\n<li><a href=\"https:\/\/drive.google.com\/file\/d\/1YIu3mK5UMsV2Dgs8gqSqGQnfTJMgZ_sy\/view?usp=sharing\">COM FUNCIONA EL GOOGLE CLASSROOM<\/a><\/li>\n<li><a href=\"https:\/\/drive.google.com\/file\/d\/1xRcVdPW1He5th9SgxkSj4-NKt2nMNUPl\/view?usp=sharing\">TUTORIAL GOOGLE CLASSROOM<\/a><\/li>\n<li><a href=\"https:\/\/agora.xtec.cat\/ceiplesfonts\/wp-content\/uploads\/usu2928\/2025\/01\/Calendari_Eines-de-Google.pdf\">COM UTILITZAR EL CALENDAR COM A EINA GOOGLE<\/a><\/li>\n<li><a href=\"https:\/\/agora.xtec.cat\/ceiplesfonts\/wp-content\/uploads\/usu2928\/2025\/01\/Correu-Electronic_Eines-Google.pdf\">COM UTILITZAR EL CORREU ELECTR\u00d2NIC<\/a><\/li>\n<li><a href=\"https:\/\/drive.google.com\/file\/d\/1fbT85v-wKOCxpY_VFPH5KO0CHazxACLW\/view?usp=sharing\">COM ACCEDIR A GOOGLE DRIVE<\/a><\/li>\n<\/ul>\n<p>I si necessiteu ajuda per connectar-vos amb els tutors i\/o mestres dels vostres fills, no dubteu en clicar als seg\u00fcents enlla\u00e7os.<\/p>\n<ul>\n<li><a href=\"https:\/\/drive.google.com\/file\/d\/1DADSMDyKO4cQRmgy5er1HU6QYOFiojrR\/view?usp=sharing\">ACCEDIR A MEET PER A LES FAM\u00cdLIES<\/a><\/li>\n<li><a href=\"https:\/\/drive.google.com\/file\/d\/17E5H1Up9xsUogRSvWihuOL96aXtDGOLe\/view?usp=sharing\">UNIR-SE A UNA REUNI\u00d3 DE MEET<\/a><\/li>\n<\/ul>\n<p>En el cicle superior, el Departament cedeix dispositius port\u00e0tils a tots els alumnes. Aqu\u00ed teniu als alguns consells que s&#8217;haurien de tenir en comte.<br \/>\n<iframe loading=\"lazy\" title=\"YouTube video player\" src=\"https:\/\/www.youtube.com\/embed\/bYiWW8yu3kQ?si=PTNev2GrM-I2O7pq\" width=\"560\" height=\"315\" frameborder=\"0\" allowfullscreen=\"allowfullscreen\"><\/iframe><a href=\"https:\/\/agora.xtec.cat\/ceiplesfonts\/wp-content\/uploads\/usu2928\/2025\/03\/BONES-PRACTIQUES-I-ACTITUDS-SANCIONABLES.pdf\">BONES PR\u00c0CTIQUES I ACTITUDS SANCIONABLES<\/a><\/p>\n","protected":false},"excerpt":{"rendered":"<p>A l&#8217;escola utilitzem les eines digitals per avan\u00e7ar en el proc\u00e9s d&#8217;ensenyament\/aprenentatge dels nostres infants. Aqu\u00ed us deixem tutorials i informacions per facilitat-vos l&#8217;acc\u00e9s a aquestes eines.<\/p>\n<ul>\n<li><a href=\"https:\/\/drive.google.com\/file\/d\/1YIu3mK5UMsV2Dgs8gqSqGQnfTJMgZ_sy\/view?usp=sharing\">COM FUNCIONA EL GOOGLE CLASSROOM<\/a><\/li>\n<li><a href=\"https:\/\/drive.google.com\/file\/d\/1xRcVdPW1He5th9SgxkSj4-NKt2nMNUPl\/view?usp=sharing\">TUTORIAL GOOGLE CLASSROOM<\/a><\/li>\n<li><a href=\"https:\/\/agora.xtec.cat\/ceiplesfonts\/wp-content\/uploads\/usu2928\/2025\/01\/Calendari_Eines-de-Google.pdf\">COM UTILITZAR EL CALENDAR COM A EINA GOOGLE<\/a><\/li>\n<li><a href=\"https:\/\/agora.xtec.cat\/ceiplesfonts\/wp-content\/uploads\/usu2928\/2025\/01\/Correu-Electronic_Eines-Google.pdf\">COM UTILITZAR&hellip;  <a href=\"https:\/\/agora.xtec.cat\/ceiplesfonts\/espai-families\/videotutorials\/\" title=\"Read V\u00eddeotutorials\">Llegeix m\u00e9s\u00bb<\/a><br \/>\n","protected":false},"author":1,"featured_media":0,"parent":593,"menu_order":4,"comment_status":"closed","ping_status":"closed","template":"page-templates\/side-menu.php","meta":{"_bbp_topic_count":0,"_bbp_reply_count":0,"_bbp_total_topic_count":0,"_bbp_total_reply_count":0,"_bbp_voice_count":0,"_bbp_anonymous_reply_count":0,"_bbp_topic_count_hidden":0,"_bbp_reply_count_hidden":0,"_bbp_forum_subforum_count":0,"footnotes":""},"class_list":["post-619","page","type-page","status-publish","hentry"],"post_mailing_queue_ids":[],"_links":{"self":[{"href":"https:\/\/agora.xtec.cat\/ceiplesfonts\/wp-json\/wp\/v2\/pages\/619","targetHints":{"allow":["GET"]}}],"collection":[{"href":"https:\/\/agora.xtec.cat\/ceiplesfonts\/wp-json\/wp\/v2\/pages"}],"about":[{"href":"https:\/\/agora.xtec.cat\/ceiplesfonts\/wp-json\/wp\/v2\/types\/page"}],"author":[{"embeddable":true,"href":"https:\/\/agora.xtec.cat\/ceiplesfonts\/wp-json\/wp\/v2\/users\/1"}],"replies":[{"embeddable":true,"href":"https:\/\/agora.xtec.cat\/ceiplesfonts\/wp-json\/wp\/v2\/comments?post=619"}],"version-history":[{"count":6,"href":"https:\/\/agora.xtec.cat\/ceiplesfonts\/wp-json\/wp\/v2\/pages\/619\/revisions"}],"predecessor-version":[{"id":2996,"href":"https:\/\/agora.xtec.cat\/ceiplesfonts\/wp-json\/wp\/v2\/pages\/619\/revisions\/2996"}],"up":[{"embeddable":true,"href":"https:\/\/agora.xtec.cat\/ceiplesfonts\/wp-json\/wp\/v2\/pages\/593"}],"wp:attachment":[{"href":"https:\/\/agora.xtec.cat\/ceiplesfonts\/wp-json\/wp\/v2\/media?parent=619"}],"curies":[{"name":"wp","href":"https:\/\/api.w.org\/{rel}","templated":true}]}}